-- https://www.phpmyadmin.net/
--
-- Хост: localhost:3306
-- Время создания: Июн 15 2024 г., 13:39
-- Версия сервера: 8.0.33-0ubuntu0.22.04.4
-- Версия PHP: 8.1.2-1ubuntu2.13

START TRANSACTION;



--
-- База данных: `foodyman`
--

-- --------------------------------------------------------

--
-- Структура таблицы `ads_packages`
--

CREATE TABLE `ads_packages` (
  `id` bigint UNSIGNED NOT NULL,
  `active` tinyint(1) NOT NULL DEFAULT '0' COMMENT 'Активный',
  `time_type` varchar(255) CHARACTER SET utf8mb4 COLLATE utf8mb4_unicode_ci NOT NULL DEFAULT 'day' COMMENT 'Тип времени рекламы: минут,час,день,недель,месяц,год',
  `time` smallint NOT NULL COMMENT 'Время',
  `price` double NOT NULL DEFAULT '0',
  `deleted_at` timestamp NULL DEFAULT NULL,
  `created_at` timestamp NULL DEFAULT NULL,
  `updated_at` timestamp NULL DEFAULT NULL,
  `banner_id` bigint UNSIGNED NOT NULL
) ENGINE=InnoDB DEFAULT CHARSET=utf8mb4 COLLATE=utf8mb4_unicode_ci;

--
-- Дамп данных таблицы `ads_packages`
--

INSERT INTO `ads_packages` (`id`, `active`, `time_type`, `time`, `price`, `deleted_at`, `created_at`, `updated_at`, `banner_id`) VALUES
(1, 1, 'minute', 1, 100, '2023-07-15 11:51:39', '2023-07-14 13:10:38', '2023-07-15 11:51:39', 27),
(2, 1, 'day', 1, 100, '2023-07-15 11:53:31', '2023-07-15 10:16:12', '2023-07-15 11:53:31', 29),
(3, 0, 'month', 3, 21, '2023-07-31 08:07:01', '2023-07-15 10:16:41', '2023-07-31 08:07:01', 34),
(4, 1, 'hour', 1, 12, '2023-08-01 13:31:19', '2023-07-15 11:46:18', '2023-08-01 13:31:19', 30),
(5, 1, 'day', 12, 100, '2023-08-01 13:31:24', '2023-07-18 11:54:00', '2023-08-01 13:31:24', 37),
(6, 1, 'day', 1, 100, '2023-08-01 13:31:30', '2023-07-18 12:09:17', '2023-08-01 13:31:30', 38),
(7, 1, 'minute', 12, 22, '2023-07-19 09:27:10', '2023-07-19 09:17:02', '2023-07-19 09:27:10', 36),
(8, 1, 'hour', 1, 1, '2023-07-19 09:25:13', '2023-07-19 09:17:29', '2023-07-19 09:25:13', 36),
(9, 1, 'month', 1, 23, '2023-08-01 13:31:35', '2023-07-20 04:55:08', '2023-08-01 13:31:35', 35),
(10, 1, 'day', 5, 100, '2023-08-01 13:31:39', '2023-07-28 16:17:12', '2023-08-01 13:31:39', 39),
(11, 1, 'day', 23242, 10, '2023-09-03 09:34:34', '2023-08-01 13:08:40', '2023-09-03 09:34:34', 37),
(12, 0, 'hour', 60, 45, '2023-09-03 09:34:28', '2023-08-01 13:32:40', '2023-09-03 09:34:28', 43),
(13, 1, 'day', 60, 12, '2023-09-03 09:34:31', '2023-08-01 13:43:42', '2023-09-03 09:34:31', 43),
(14, 1, 'minute', 123, 123, '2023-09-03 09:34:36', '2023-08-05 07:22:05', '2023-09-03 09:34:36', 39),
(15, 1, 'minute', 3, 3, '2023-09-03 09:34:39', '2023-08-29 20:11:14', '2023-09-03 09:34:39', 41),
(16, 1, 'hour', 12312, 2, '2023-09-03 09:34:42', '2023-09-02 09:16:44', '2023-09-03 09:34:42', 45),
(17, 1, 'hour', 2, 1, NULL, '2023-09-03 09:34:20', '2023-09-07 15:05:58', 45);

-- --------------------------------------------------------

--
-- Структура таблицы `ads_package_translations`
--

CREATE TABLE `ads_package_translations` (
  `id` bigint UNSIGNED NOT NULL,
  `ads_package_id` bigint UNSIGNED DEFAULT NULL,
  `locale` varchar(255) CHARACTER SET utf8mb4 COLLATE utf8mb4_unicode_ci NOT NULL,
  `title` varchar(191) CHARACTER SET utf8mb4 COLLATE utf8mb4_unicode_ci NOT NULL,
  `deleted_at` timestamp NULL DEFAULT NULL
) ENGINE=InnoDB DEFAULT CHARSET=utf8mb4 COLLATE=utf8mb4_unicode_ci;

--
-- Дамп данных таблицы `ads_package_translations`
--

INSERT INTO `ads_package_translations` (`id`, `ads_package_id`, `locale`, `title`, `deleted_at`) VALUES
(7, 2, 'en', 'test', NULL),
(9, 1, 'en', 'VIP', NULL),
(16, 5, 'en', 'lunch box 1', NULL),
(19, 6, 'en', 'Water', NULL),
(20, 7, 'en', 'Arzon Narxlarda', NULL),
(24, 8, 'en', 'oqtepa bsddsgsglavashcv', NULL),
(29, 4, 'en', 'test34', NULL),
(30, 9, 'en', 'Profilll', NULL),
(31, 10, 'en', 'Paid ADVERTISE', NULL),
(34, 3, 'en', 'test33', NULL),
(36, 12, 'en', 'Birinchi reklama', NULL),
(37, 13, 'en', 'Inter Nation', NULL),
(38, 14, 'en', 'rewrwer', NULL),
(39, 15, 'en', 'dfr', NULL),
(42, 16, 'en', 'asdasd', NULL),
(48, 11, 'en', 'Chilla', NULL),
(49, 17, 'en', 'Dena', NULL);

-- --------------------------------------------------------

--
-- Структура таблицы `assign_shop_tags`
--

CREATE TABLE `assign_shop_tags` (
  `shop_tag_id` bigint UNSIGNED NOT NULL,
  `shop_id` bigint UNSIGNED NOT NULL
) ENGINE=InnoDB DEFAULT CHARSET=utf8mb4 COLLATE=utf8mb4_unicode_ci;

--
-- Дамп данных таблицы `assign_shop_tags`
--

INSERT INTO `assign_shop_tags` (`shop_tag_id`, `shop_id`) VALUES
(21, 647),
(20, 647),
(23, 551),
(22, 551),
(22, 648),
(23, 648),
(23, 649),
(22, 649),
(21, 649),
(24, 638),
(22, 519),
(22, 599),
(24, 642),
(23, 642),
(24, 613),
(23, 613),
(22, 652),
(22, 653),
(21, 655),
(24, 655),
(22, 665),
(23, 666),
(24, 666),
(22, 666),
(23, 667),
(24, 667),
(22, 667),
(22, 668),
(23, 668),
(24, 668),
(22, 669),
(21, 669),
(22, 670),
(22, 672),
(23, 672),
(28, 673),
(24, 673),
(23, 673),
(22, 673),
(22, 674),
(23, 674),
(24, 674),
(28, 674),
(23, 676),
(24, 676),
(22, 676),
(28, 676),
(28, 675),
(24, 675),
(23, 675),
(22, 675),
(28, 677),
(28, 678),
(24, 679),
(29, 680),
(29, 681),
(28, 681),
(22, 682),
(23, 682),
(24, 682),
(29, 683),
(29, 684),
(29, 688),
(22, 691),
(23, 691),
(24, 691),
(29, 692),
(28, 692),
(24, 692),
(29, 693),
(30, 694),
(31, 696),
(29, 698),
(24, 698),
(23, 699),
(22, 699),
(22, 700),
(23, 700),
(24, 700),
(31, 701),
(31, 702),
(31, 703),
(31, 705),
(31, 706),
(31, 707),
(31, 708),
(31, 710),
(31, 711),
(31, 716),
(31, 717),
(31, 718),
(31, 719),
(32, 708),
(31, 722),
(31, 725),
(32, 729),
(31, 729),
(32, 733),
(31, 737),
(31, 738),
(31, 739),
(32, 739),
(31, 741),
(32, 744),
(33, 745),
(33, 746),
(33, 747),
(33, 748),
(33, 749),
(34, 750),
(34, 751),
(34, 753),
(36, 752),
(35, 752),
(35, 754),
(38, 754),
(38, 588),
(38, 598),
(35, 756),
(35, 757),
(35, 758),
(35, 759),
(35, 760),
(35, 761),
(35, 762),
(35, 763),
(35, 764),
(35, 765),
(35, 766),
(35, 724),
(40, 502),
(38, 732),
(38, 742),
(38, 697),
(36, 697),
(36, 690),
(38, 690),
(38, 689),
(41, 651),
(42, 603),
(36, 602),
(42, 601),
(38, 590),
(38, 596),
(38, 597),
(42, 769),
(42, 770),
(41, 771),
(35, 772),
(36, 773),
(39, 773),
(41, 773),
(40, 773),
(38, 773),
(40, 774),
(41, 775),
(49, 776),
(41, 777),
(36, 767),
(39, 778),
(36, 778),
(38, 778),
(40, 778),
(49, 778),
(41, 778),
(38, 779),
(49, 779),
(49, 784),
(41, 790),
(41, 791),
(40, 791),
(40, 793),
(36, 796),
(50, 797),
(39, 798),
(36, 798),
(52, 799),
(52, 800),
(52, 801),
(52, 802),
(52, 803),
(52, 780),
(52, 804),
(52, 768),
(52, 600),
(53, 805),
(54, 807),
(53, 780),
(54, 780);

-- --------------------------------------------------------

--
-- Структура таблицы `backup_histories`
--

CREATE TABLE `backup_histories` (
  `id` bigint UNSIGNED NOT NULL,
  `title` varchar(255) CHARACTER SET utf8mb4 COLLATE utf8mb4_unicode_ci NOT NULL,
  `status` tinyint(1) NOT NULL DEFAULT '1',
  `path` varchar(191) CHARACTER SET utf8mb4 COLLATE utf8mb4_unicode_ci DEFAULT NULL,
  `created_by` bigint UNSIGNED NOT NULL,
  `created_at` timestamp NULL DEFAULT NULL,
  `deleted_at` timestamp NULL DEFAULT NULL
) ENGINE=InnoDB DEFAULT CHARSET=utf8mb4 COLLATE=utf8mb4_unicode_ci;

--
-- Дамп данных таблицы `backup_histories`
--

INSERT INTO `backup_histories` (`id`, `title`, `status`, `path`, `created_by`, `created_at`, `deleted_at`) VALUES
(1, 'backup_2022-12-04-06-09-44.zip', 1, '/storage/laravel-backup/backup_2022-12-04-06-09-44.zip', 107, '2023-01-18 12:54:44', NULL),
(2, 'backup_2022-12-14-04-02-14.zip', 1, '/storage/laravel-backup/backup_2022-12-14-04-02-14.zip', 107, '2023-01-18 12:54:45', NULL),
(3, 'backup_2022-12-27-10-45-58.zip', 1, '/storage/laravel-backup/backup_2022-12-27-10-45-58.zip', 107, '2023-01-18 12:54:45', NULL),
(4, 'backup_2023-01-04-09-30-40.zip', 1, '/storage/laravel-backup/backup_2023-01-04-09-30-40.zip', 107, '2023-01-18 12:54:45', NULL),
(5, 'backup_2023-01-18-07-54-08.zip', 1, '/storage/laravel-backup/backup_2023-01-18-07-54-08.zip', 107, '2023-01-18 12:54:45', NULL),
(6, 'backup_2023-01-18-13-24-26.zip', 1, '/storage/laravel-backup/backup_2023-01-18-13-24-26.zip', 107, '2023-01-19 21:58:39', NULL),
(7, 'backup_2023-01-18-13-34-40.zip', 1, '/storage/laravel-backup/backup_2023-01-18-13-34-40.zip', 107, '2023-01-19 21:58:39', NULL),
(8, 'backup_2023-01-18-13-36-02.zip', 1, '/storage/laravel-backup/backup_2023-01-18-13-36-02.zip', 107, '2023-01-19 21:58:39', NULL),
(9, 'backup_2023-01-18-13-37-32.zip', 1, '/storage/laravel-backup/backup_2023-01-18-13-37-32.zip', 107, '2023-01-19 21:58:39', NULL),
(10, 'backup_2023-01-18-13-38-04.zip', 1, '/storage/laravel-backup/backup_2023-01-18-13-38-04.zip', 107, '2023-01-19 21:58:39', NULL),
(11, 'backup_2023-01-18-13-38-31.zip', 1, '/storage/laravel-backup/backup_2023-01-18-13-38-31.zip', 107, '2023-01-19 21:58:39', NULL),
(12, 'backup_2023-01-18-13-41-56.zip', 1, '/storage/laravel-backup/backup_2023-01-18-13-41-56.zip', 107, '2023-01-19 21:58:39', NULL),
(13, 'backup_2023-01-19-16-55-51.zip', 1, '/storage/laravel-backup/backup_2023-01-19-16-55-51.zip', 107, '2023-01-19 21:58:39', NULL),
(14, 'backup_2023-01-19-16-56-54.zip', 1, '/storage/laravel-backup/backup_2023-01-19-16-56-54.zip', 107, '2023-01-19 21:58:39', NULL),
(15, 'backup_2023-01-19-16-57-53.zip', 1, '/storage/laravel-backup/backup_2023-01-19-16-57-53.zip', 107, '2023-01-19 21:58:39', NULL),
(16, '/backup_2023-01-18-13-24-26.zip', 1, '/storage/laravel-backup//backup_2023-01-18-13-24-26.zip', 107, '2023-02-05 17:46:07', NULL),
(17, '/backup_2023-01-18-13-34-40.zip', 1, '/storage/laravel-backup//backup_2023-01-18-13-34-40.zip', 107, '2023-02-05 17:46:07', NULL),
(18, '/backup_2023-01-18-13-36-02.zip', 1, '/storage/laravel-backup//backup_2023-01-18-13-36-02.zip', 107, '2023-02-05 17:46:07', NULL),
(19, '/backup_2023-01-18-13-37-32.zip', 1, '/storage/laravel-backup//backup_2023-01-18-13-37-32.zip', 107, '2023-02-05 17:46:07', NULL),
(20, '/backup_2023-01-18-13-38-04.zip', 1, '/storage/laravel-backup//backup_2023-01-18-13-38-04.zip', 107, '2023-02-05 17:46:07', NULL),
(21, '/backup_2023-01-18-13-38-31.zip', 1, '/storage/laravel-backup//backup_2023-01-18-13-38-31.zip', 107, '2023-02-05 17:46:07', NULL),
(22, '/backup_2023-01-18-13-41-56.zip', 1, '/storage/laravel-backup//backup_2023-01-18-13-41-56.zip', 107, '2023-02-05 17:46:07', NULL),
(23, '/backup_2023-01-19-16-55-51.zip', 1, '/storage/laravel-backup//backup_2023-01-19-16-55-51.zip', 107, '2023-02-05 17:46:07', NULL),
(24, '/backup_2023-01-19-16-56-54.zip', 1, '/storage/laravel-backup//backup_2023-01-19-16-56-54.zip', 107, '2023-02-05 17:46:07', NULL),
(25, '/backup_2023-01-19-16-57-53.zip', 1, '/storage/laravel-backup//backup_2023-01-19-16-57-53.zip', 107, '2023-02-05 17:46:07', NULL),
(26, '/backup_2023-02-05-12-42-32.zip', 1, '/storage/laravel-backup//backup_2023-02-05-12-42-32.zip', 107, '2023-02-05 17:46:07', NULL),
(27, '/backup_2023-04-25-07-40-54.zip', 1, '/storage/laravel-backup//backup_2023-04-25-07-40-54.zip', 107, '2023-06-13 17:39:06', NULL),
(28, '/backup_2023-04-26-05-14-59.zip', 1, '/storage/laravel-backup//backup_2023-04-26-05-14-59.zip', 107, '2023-07-27 12:02:25', NULL),
(29, '/backup_2023-04-27-12-46-54.zip', 1, '/storage/laravel-backup//backup_2023-04-27-12-46-54.zip', 107, '2023-07-27 12:02:25', NULL),
(30, '/backup_2023-07-21-07-21-16.zip', 1, '/storage/laravel-backup//backup_2023-07-21-07-21-16.zip', 107, '2023-07-27 12:02:26', NULL),
(31, '/backup_2023-07-24-04-03-02.zip', 1, '/storage/laravel-backup//backup_2023-07-24-04-03-02.zip', 107, '2023-07-27 12:02:26', NULL),
(32, '/backup_2023-07-27-13-01-19.zip', 1, '/storage/laravel-backup//backup_2023-07-27-13-01-19.zip', 107, '2023-07-27 12:02:26', NULL),
(33, '/backup_2023-08-13-18-19-41.zip', 1, '/storage/laravel-backup//backup_2023-08-13-18-19-41.zip', 107, '2024-02-21 10:16:05', NULL),
(34, '/backup_2023-08-20-10-41-36.zip', 1, '/storage/laravel-backup//backup_2023-08-20-10-41-36.zip', 107, '2024-02-21 10:16:05', NULL),
(35, '/backup_2023-08-21-01-17-55.zip', 1, '/storage/laravel-backup//backup_2023-08-21-01-17-55.zip', 107, '2024-02-21 10:16:05', NULL),
(36, '/backup_2023-08-28-12-12-31.zip', 1, '/storage/laravel-backup//backup_2023-08-28-12-12-31.zip', 107, '2024-02-21 10:16:05', NULL),
(37, '/backup_2023-08-31-22-08-57.zip', 1, '/storage/laravel-backup//backup_2023-08-31-22-08-57.zip', 107, '2024-02-21 10:16:05', NULL),
(38, '/backup_2023-09-02-20-06-57.zip', 1, '/storage/laravel-backup//backup_2023-09-02-20-06-57.zip', 107, '2024-02-21 10:16:05', NULL),
(39, '/backup_2023-09-03-09-08-13.zip', 1, '/storage/laravel-backup//backup_2023-09-03-09-08-13.zip', 107, '2024-02-21 10:16:05', NULL),
(40, '/backup_2023-09-17-12-32-36.zip', 1, '/storage/laravel-backup//backup_2023-09-17-12-32-36.zip', 107, '2024-02-21 10:16:05', NULL),
(41, '/backup_2023-09-17-12-34-02.zip', 1, '/storage/laravel-backup//backup_2023-09-17-12-34-02.zip', 107, '2024-02-21 10:16:05', NULL),
(42, '/backup_2023-09-18-18-26-12.zip', 1, '/storage/laravel-backup//backup_2023-09-18-18-26-12.zip', 107, '2024-02-21 10:16:05', NULL),
(43, '/backup_2023-09-19-01-22-18.zip', 1, '/storage/laravel-backup//backup_2023-09-19-01-22-18.zip', 107, '2024-02-21 10:16:05', NULL),
(44, '/backup_2023-09-20-20-25-49.zip', 1, '/storage/laravel-backup//backup_2023-09-20-20-25-49.zip', 107, '2024-02-21 10:16:05', NULL),
(45, '/backup_2023-09-24-16-25-04.zip', 1, '/storage/laravel-backup//backup_2023-09-24-16-25-04.zip', 107, '2024-02-21 10:16:05', NULL),
(46, '/backup_2023-10-01-04-28-20.zip', 1, '/storage/laravel-backup//backup_2023-10-01-04-28-20.zip', 107, '2024-02-21 10:16:05', NULL),
(47, '/backup_2023-10-02-12-18-57.zip', 1, '/storage/laravel-backup//backup_2023-10-02-12-18-57.zip', 107, '2024-02-21 10:16:05', NULL),
(48, '/backup_2023-10-03-15-55-31.zip', 1, '/storage/laravel-backup//backup_2023-10-03-15-55-31.zip', 107, '2024-02-21 10:16:05', NULL),
(49, '/backup_2023-10-03-15-56-45.zip', 1, '/storage/laravel-backup//backup_2023-10-03-15-56-45.zip', 107, '2024-02-21 10:16:05', NULL),
(50, '/backup_2023-10-08-18-29-44.zip', 1, '/storage/laravel-backup//backup_2023-10-08-18-29-44.zip', 107, '2024-02-21 10:16:05', NULL),
(51, '/backup_2023-10-09-05-04-21.zip', 1, '/storage/laravel-backup//backup_2023-10-09-05-04-21.zip', 107, '2024-02-21 10:16:06', NULL),
(52, '/backup_2023-10-14-16-29-03.zip', 1, '/storage/laravel-backup//backup_2023-10-14-16-29-03.zip', 107, '2024-02-21 10:16:06', NULL),
(53, '/backup_2023-10-17-15-42-48.zip', 1, '/storage/laravel-backup//backup_2023-10-17-15-42-48.zip', 107, '2024-02-21 10:16:06', NULL),
(54, '/backup_2023-10-17-16-42-31.zip', 1, '/storage/laravel-backup//backup_2023-10-17-16-42-31.zip', 107, '2024-02-21 10:16:06', NULL),
(55, '/backup_2023-10-22-14-04-27.zip', 1, '/storage/laravel-backup//backup_2023-10-22-14-04-27.zip', 107, '2024-02-21 10:16:06', NULL),
(56, '/backup_2023-10-23-14-40-13.zip', 1, '/storage/laravel-backup//backup_2023-10-23-14-40-13.zip', 107, '2024-02-21 10:16:06', NULL),
(57, '/backup_2023-10-25-04-06-22.zip', 1, '/storage/laravel-backup//backup_2023-10-25-04-06-22.zip', 107, '2024-02-21 10:16:06', NULL),
(58, '/backup_2023-10-25-16-55-44.zip', 1, '/storage/laravel-backup//backup_2023-10-25-16-55-44.zip', 107, '2024-02-21 10:16:06', NULL),
(59, '/backup_2023-10-26-13-35-45.zip', 1, '/storage/laravel-backup//backup_2023-10-26-13-35-45.zip', 107, '2024-02-21 10:16:06', NULL),
(60, '/backup_2023-10-27-12-37-32.zip', 1, '/storage/laravel-backup//backup_2023-10-27-12-37-32.zip', 107, '2024-02-21 10:16:06', NULL),
(61, '/backup_2023-10-28-15-38-53.zip', 1, '/storage/laravel-backup//backup_2023-10-28-15-38-53.zip', 107, '2024-02-21 10:16:06', NULL),
(62, '/backup_2023-11-15-18-09-42.zip', 1, '/storage/laravel-backup//backup_2023-11-15-18-09-42.zip', 107, '2024-02-21 10:16:06', NULL),
(63, '/backup_2023-11-15-18-10-30.zip', 1, '/storage/laravel-backup//backup_2023-11-15-18-10-30.zip', 107, '2024-02-21 10:16:06', NULL),
(64, '/backup_2023-11-18-12-57-47.zip', 1, '/storage/laravel-backup//backup_2023-11-18-12-57-47.zip', 107, '2024-02-21 10:16:06', NULL),
(65, '/backup_2023-11-26-00-38-05.zip', 1, '/storage/laravel-backup//backup_2023-11-26-00-38-05.zip', 107, '2024-02-21 10:16:06', NULL),
(66, '/backup_2023-11-26-02-53-08.zip', 1, '/storage/laravel-backup//backup_2023-11-26-02-53-08.zip', 107, '2024-02-21 10:16:06', NULL),
(67, '/backup_2023-11-30-17-39-38.zip', 1, '/storage/laravel-backup//backup_2023-11-30-17-39-38.zip', 107, '2024-02-21 10:16:06', NULL),
(68, '/backup_2023-12-13-12-26-41.zip', 1, '/storage/laravel-backup//backup_2023-12-13-12-26-41.zip', 107, '2024-02-21 10:16:06', NULL),
(69, '/backup_2024-02-02-05-53-38.zip', 1, '/storage/laravel-backup//backup_2024-02-02-05-53-38.zip', 107, '2024-02-21 10:16:06', NULL),
(70, '/backup_2024-02-03-04-33-06.zip', 1, '/storage/laravel-backup//backup_2024-02-03-04-33-06.zip', 107, '2024-02-21 10:16:06', NULL),
(71, '/backup_2024-02-03-13-41-12.zip', 1, '/storage/laravel-backup//backup_2024-02-03-13-41-12.zip', 107, '2024-02-21 10:16:06', NULL),
(72, '/backup_2024-02-04-08-23-07.zip', 1, '/storage/laravel-backup//backup_2024-02-04-08-23-07.zip', 107, '2024-02-21 10:16:06', NULL),
(73, '/backup_2024-02-04-22-23-06.zip', 1, '/storage/laravel-backup//backup_2024-02-04-22-23-06.zip', 107, '2024-02-21 10:16:06', NULL),
(74, '/backup_2024-02-05-12-15-28.zip', 1, '/storage/laravel-backup//backup_2024-02-05-12-15-28.zip', 107, '2024-02-21 10:16:06', NULL),
(75, '/backup_2024-02-07-22-36-37.zip', 1, '/storage/laravel-backup//backup_2024-02-07-22-36-37.zip', 107, '2024-02-21 10:16:06', NULL),
(76, '/backup_2024-02-08-18-14-15.zip', 1, '/storage/laravel-backup//backup_2024-02-08-18-14-15.zip', 107, '2024-02-21 10:16:06', NULL),
(77, '/backup_2024-02-21-10-15-23.zip', 1, '/storage/laravel-backup//backup_2024-02-21-10-15-23.zip', 107, '2024-02-21 10:16:06', NULL);

-- --------------------------------------------------------

--
-- Структура таблицы `banners`
--

CREATE TABLE `banners` (
  `id` bigint UNSIGNED NOT NULL,
  `url` varchar(191) CHARACTER SET utf8mb4 COLLATE utf8mb4_unicode_ci DEFAULT NULL,
  `type` varchar(255) CHARACTER SET utf8mb4 COLLATE utf8mb4_unicode_ci NOT NULL DEFAULT 'banner',
  `img` varchar(191) CHARACTER SET utf8mb4 COLLATE utf8mb4_unicode_ci DEFAULT NULL,
  `active` tinyint(1) NOT NULL DEFAULT '1',
  `created_at` timestamp NULL DEFAULT NULL,
  `updated_at` timestamp NULL DEFAULT NULL,
  `deleted_at` timestamp NULL DEFAULT NULL,
  `clickable` tinyint NOT NULL DEFAULT '1',
  `input` int NOT NULL DEFAULT '1'
) ENGINE=InnoDB DEFAULT CHARSET=utf8mb4 COLLATE=utf8mb4_unicode_ci;

--
-- Дамп данных таблицы `banners`
--

INSERT INTO `banners` (`id`, `url`, `type`, `img`, `active`, `created_at`, `updated_at`, `deleted_at`, `clickable`, `input`) VALUES
(18, 'https://admin.goshops.org/banner/add', 'banner', 'products/107-1674052971.jpg', 1, '2023-01-18 15:14:02', '2023-08-04 05:52:30', '2023-08-04 05:52:30', 1, 1),
(19, 'milk and molk products', 'banner', 'https://foodyman.s3.amazonaws.com/public/images/users/113-1676452628.jpeg', 1, '2023-01-18 15:15:30', '2023-08-04 05:52:22', '2023-08-04 05:52:22', 1, 1),
(20, 'https://admin.goshops.org/banner/add', 'banner', NULL, 1, '2023-01-23 16:44:32', '2023-08-04 05:52:22', '2023-08-04 05:52:22', 1, 1),
(21, 'Null', 'banner', 'https://foodyman.s3.amazonaws.com/public/images/products/107-1683289161.webp', 0, '2023-02-03 07:33:46', '2023-08-04 05:52:23', '2023-08-04 05:52:23', 1, 1),
(22, 'baby food', 'banner', 'products/107-1674052971.jpg', 1, '2023-02-03 09:53:47', '2023-08-04 05:52:23', '2023-08-04 05:52:23', 1, 1),
(23, 'test', 'banner', 'products/107-1675419094.webp', 1, '2023-02-03 15:11:40', '2023-08-04 05:52:23', '2023-08-04 05:52:23', 1, 1),
(24, 'cakesandsweets', 'banner', 'products/107-1675426299.webp', 1, '2023-02-03 17:11:44', '2023-08-04 05:52:23', '2023-08-04 05:52:23', 1, 1),
(25, 'shops', 'banner', 'https://foodyman.s3.amazonaws.com/public/images/products/107-1682465815.webp', 0, '2023-02-06 13:58:09', '2023-08-04 05:52:23', '2023-08-04 05:52:23', 1, 1),
(26, 'cakesandsweets', 'banner', 'https://foodyman.s3.amazonaws.com/public/images/products/107-1676356539.webp', 1, '2023-02-14 06:35:41', '2023-08-04 05:52:13', '2023-08-04 05:52:13', 1, 1),
(27, 'milk and molk products', 'banner', 'https://foodyman.s3.amazonaws.com/public/images/users/113-1676452628.jpeg', 1, '2023-02-15 11:46:05', '2023-08-04 05:52:13', '2023-08-04 05:52:13', 1, 1),
(28, 'xcvb', 'banner', 'https://foodyman.s3.amazonaws.com/public/images/restaurant/logo/107-1676365778.webp', 1, '2023-02-15 11:47:18', '2023-08-04 05:52:13', '2023-08-04 05:52:13', 1, 1),
(29, 'cakesandsweets', 'banner', 'https://foodyman.s3.amazonaws.com/public/images/products/107-1676356539.webp', 1, '2023-02-16 17:51:38', '2023-08-04 05:52:13', '2023-08-04 05:52:13', 1, 1),
(30, 'fresh', 'banner', 'https://foodyman.s3.amazonaws.com/public/images/products/107-1682465694.webp', 0, '2023-02-16 17:59:20', '2023-08-04 05:52:13', '2023-08-04 05:52:13', 1, 1),
(31, 'Test', 'banner', 'https://foodyman.s3.amazonaws.com/public/images/products/107-1688721441.webp', 1, '2023-02-17 09:06:10', '2023-08-04 05:52:13', '2023-08-04 05:52:13', 1, 1),
(32, 'non', 'banner', 'https://foodyman.s3.amazonaws.com/public/images/products/107-1682465468.jpeg', 1, '2023-03-14 20:12:25', '2023-08-04 05:52:13', '2023-08-04 05:52:13', 1, 1),
(33, 'shops', 'banner', 'https://foodyman.s3.amazonaws.com/public/images/products/107-1682465426.webp', 1, '2023-03-19 09:33:17', '2023-08-04 05:52:02', '2023-08-04 05:52:02', 1, 1),
(34, 'ubereats.com', 'banner', 'https://foodyman.s3.amazonaws.com/public/images/products/107-1688721288.webp', 1, '2023-04-28 15:33:46', '2023-08-04 05:52:02', '2023-08-04 05:52:02', 1, 1),
(35, 'https://admin.foodyman.org/banner/add', 'banner', 'https://foodyman.s3.amazonaws.com/public/images/products/107-1688721392.webp', 1, '2023-06-10 09:41:40', '2023-08-04 05:52:02', '2023-08-04 05:52:02', 1, 1),
(36, 'yagona', 'banner', 'https://foodyman.s3.amazonaws.com/public/images/products/107-1689665087.webp', 1, '2023-07-18 06:23:49', '2023-08-04 05:52:02', '2023-08-04 05:52:02', 0, 1),
(37, 'New ads', 'banner', 'https://foodyman.s3.amazonaws.com/public/images/products/107-1689684590.webp', 1, '2023-07-18 11:49:54', '2023-07-18 11:49:54', NULL, 1, 1),
(38, 'New ads', 'banner', 'https://foodyman.s3.amazonaws.com/public/images/products/107-1689684640.webp', 1, '2023-07-18 11:50:43', '2023-07-18 11:50:43', NULL, 1, 1),
(39, 'New ads', 'banner', 'https://foodyman.s3.amazonaws.com/public/images/products/107-1689684673.webp', 1, '2023-07-18 11:51:16', '2023-07-18 11:51:16', NULL, 1, 1),
(40, 'fsfs', 'banner', 'https://foodyman.s3.amazonaws.com/public/images/products/107-1689758968.webp', 1, '2023-07-19 08:20:20', '2023-08-04 05:52:02', '2023-08-04 05:52:02', 1, 1),
(41, 'https://github.com/', 'banner', 'https://foodyman.s3.amazonaws.com/public/images/shops/background/107-1680439658.jpeg', 1, '2023-07-19 08:30:43', '2023-09-04 09:31:17', '2023-09-04 09:31:17', 1, 1),
(42, 'New ads', 'banner', NULL, 1, '2023-07-22 12:06:08', '2023-08-04 05:52:02', '2023-08-04 05:52:02', 1, 1),
(43, 'rsdsdsdssd', 'banner', 'https://foodyman.s3.amazonaws.com/public/images/products/107-1690613181.webp', 1, '2023-07-29 05:46:25', '2023-08-04 05:52:02', '2023-08-04 05:52:02', 1, 1),
(44, 'asdaasd', 'banner', 'https://foodyman.s3.amazonaws.com/public/images/shops/background/107-1680439658.jpeg', 1, '2023-08-05 07:11:58', '2023-08-05 07:11:58', NULL, 1, 1),
(45, 'https://kun.uz/', 'banner', 'https://foodyman.s3.amazonaws.com/public/images/discounts/133-1676293314.jpeg', 1, '2023-08-09 03:39:01', '2023-09-04 09:29:16', NULL, 1, 1),
(46, 'https://kun.uz/', 'banner', 'https://foodyman.s3.amazonaws.com/public/images/shops/logo/107-1686323025.webp', 1, '2023-09-03 09:23:54', '2023-09-03 09:25:57', '2023-09-03 09:25:57', 1, 1),
(47, 'https://kun.uz/', 'banner', 'https://foodyman.s3.amazonaws.com/public/images/shops/background/107-1683502213.webp', 1, '2023-09-03 13:46:53', '2023-09-03 13:47:53', NULL, 1, 1),
(48, 'asdad', 'banner', 'https://foodyman.s3.amazonaws.com/public/images/products/107-1693777556.php', 1, '2023-09-03 20:46:06', '2023-09-04 09:31:19', '2023-09-04 09:31:19', 1, 1),
(49, 'asdasd', 'banner', 'https://foodyman.s3.amazonaws.com/public/images/deliveryman/settings/107-1678988656.webp', 0, '2023-09-07 09:49:09', '2023-09-11 06:16:27', NULL, 1, 1);

-- --------------------------------------------------------

--
-- Структура таблицы `banner_shops`
--

CREATE TABLE `banner_shops` (
  `id` bigint UNSIGNED NOT NULL,
  `shop_id` bigint UNSIGNED NOT NULL,
  `banner_id` bigint UNSIGNED NOT NULL,
  `created_at` timestamp NULL DEFAULT NULL,
  `updated_at` timestamp NULL DEFAULT NULL,
  `deleted_at` timestamp NULL DEFAULT NULL
) ENGINE=InnoDB DEFAULT CHARSET=utf8mb4 COLLATE=utf8mb4_unicode_ci;

--
-- Дамп данных таблицы `banner_shops`
--

INSERT INTO `banner_shops` (`id`, `shop_id`, `banner_id`, `created_at`, `updated_at`, `deleted_at`) VALUES
(3, 599, 19, NULL, NULL, NULL),
(6, 599, 18, NULL, NULL, NULL),
(8, 600, 23, NULL, NULL, NULL),
(9, 599, 24, NULL, NULL, NULL),
(10, 599, 25, NULL, NULL, NULL),
(14, 599, 26, NULL, NULL, NULL),
(16, 599, 27, NULL, NULL, NULL),
(21, 599, 29, NULL, NULL, NULL),
(22, 603, 21, NULL, NULL, NULL),
(28, 598, 25, NULL, NULL, NULL),
(29, 597, 25, NULL, NULL, NULL),
(31, 596, 25, NULL, NULL, NULL),
(32, 651, 30, NULL, NULL, NULL),
(33, 603, 30, NULL, NULL, NULL),
(34, 602, 30, NULL, NULL, NULL),
(35, 601, 30, NULL, NULL, NULL),
(36, 599, 30, NULL, NULL, NULL),
(37, 600, 30, NULL, NULL, NULL),
(38, 598, 30, NULL, NULL, NULL),
(44, 603, 32, NULL, NULL, NULL),
(49, 651, 33, NULL, NULL, NULL),
(50, 602, 33, NULL, NULL, NULL),
(51, 601, 33, NULL, NULL, NULL),
(53, 732, 35, NULL, NULL, NULL),
(54, 724, 35, NULL, NULL, NULL),
(61, 651, 34, NULL, NULL, NULL),
(63, 651, 31, NULL, NULL, NULL),
(64, 651, 31, NULL, NULL, NULL),
(65, 752, 37, NULL, NULL, NULL),
(66, 732, 37, NULL, NULL, NULL),
(67, 720, 38, NULL, NULL, NULL),
(68, 708, 39, NULL, NULL, NULL),
(71, 651, 38, NULL, NULL, NULL),
(72, 651, 38, NULL, NULL, NULL),
(74, 651, 40, NULL, NULL, NULL),
(75, 752, 40, NULL, NULL, NULL),
(77, 708, 42, NULL, NULL, NULL),
(81, 752, 43, NULL, NULL, NULL),
(82, 752, 43, NULL, NULL, NULL),
(83, 752, 43, NULL, NULL, NULL),
(84, 752, 43, NULL, NULL, NULL),
(85, 752, 43, NULL, NULL, NULL),
(86, 752, 43, NULL, NULL, NULL),
(87, 752, 43, NULL, NULL, NULL),
(88, 752, 43, NULL, NULL, NULL),
(102, 752, 38, NULL, NULL, NULL),
(103, 776, 44, NULL, NULL, NULL),
(104, 774, 44, NULL, NULL, NULL),
(105, 768, 44, NULL, NULL, NULL),
(107, 776, 41, NULL, NULL, NULL),
(108, 774, 41, NULL, NULL, NULL),
(109, 768, 41, NULL, NULL, NULL),
(110, 764, 41, NULL, NULL, NULL),
(111, 763, 41, NULL, NULL, NULL),
(112, 762, 41, NULL, NULL, NULL),
(113, 761, 41, NULL, NULL, NULL),
(114, 760, 41, NULL, NULL, NULL),
(115, 759, 41, NULL, NULL, NULL),
(116, 758, 41, NULL, NULL, NULL),
(117, 598, 41, NULL, NULL, NULL),
(123, 790, 46, NULL, NULL, NULL),
(126, 752, 39, NULL, NULL, NULL),
(128, 752, 47, NULL, NULL, NULL),
(129, 804, 45, NULL, NULL, NULL),
(131, 804, 49, NULL, NULL, NULL);

-- --------------------------------------------------------

--
-- Структура таблицы `banner_translations`
--

CREATE TABLE `banner_translations` (
  `id` bigint UNSIGNED NOT NULL,
  `banner_id` bigint UNSIGNED NOT NULL,
  `locale` varchar(255) CHARACTER SET utf8mb4 COLLATE utf8mb4_unicode_ci NOT NULL,
  `title` varchar(191) CHARACTER SET utf8mb4 COLLATE utf8mb4_unicode_ci NOT NULL,
  `description` text CHARACTER SET utf8mb4 COLLATE utf8mb4_unicode_ci,
  `button_text` varchar(255) CHARACTER SET utf8mb4 COLLATE utf8mb4_unicode_ci DEFAULT NULL,
  `deleted_at` timestamp NULL DEFAULT NULL
) ENGINE=InnoDB DEFAULT CHARSET=utf8mb4 COLLATE=utf8mb4_unicode_ci;

--
-- Дамп данных таблицы `banner_translations`
--

INSERT INTO `banner_translations` (`id`, `banner_id`, `locale`, `title`, `description`, `button_text`, `deleted_at`) VALUES
(65, 20, 'ru', 'test', 'test', 'test', NULL),
(66, 20, 'en', 'test', 'test', 'test', NULL),
(73, 22, 'en', 'baby food', 'baby food', 'baby food', NULL),
(79, 18, 'ru', 'test', 'test', 'test', NULL),
(80, 18, 'en', 'test', 'test', 'test', NULL),
(81, 23, 'en', 'test', 'test', 'test', NULL),
(82, 24, 'en', 'nike', 'cakes and sweets', 'cakes and sweets', NULL),
(85, 26, 'en', 'nike', 'cakes and sweets', 'nike', NULL),
(87, 19, 'en', 'milk and molk products', 'milk and molk products', 'milk and molk products', NULL),
(89, 28, 'en', 'cxvbxcv', 'xvbxvcb', 'cvxb', NULL),
(90, 27, 'en', 'milk and molk products clone', 'milk and molk products', 'milk and molk products', NULL),
(93, 29, 'en', 'nike', 'cakes and sweets', 'nike', NULL),
(119, 33, 'fa', 'Hi', 'hi', 'BUY', NULL),
(120, 33, 'en', 'Every Day Low Prices.', 'Shop South River today for Every Day Low Prices.', 'show', NULL),
(121, 32, 'fa', 'jj', 'j', 'k', NULL),
(122, 32, 'en', 'Costco', 'Pide tus productos de Costco y recibe el mismo día.', 'let\'s get it', NULL),
(123, 30, 'fa', 'The best partner in town', 'best', 'clic', NULL),
(124, 30, 'en', 'Foodyman is the leader in online grocery delivery', 'Order fresh produce, prepared food & all your grocery essentials for same day or next day delivery.', 'show', NULL),
(127, 25, 'fa', 'Free delivery', 'Free delivery', 'Shop', NULL),
(128, 25, 'en', 'Every Day Low Prices.', 'Shop Foodyman.org today for Every Day Low Prices.', 'show', NULL),
(133, 21, 'en', 'Costco', 'Pide tus productos de Costco y recibe el mismo día.', 'Ver ahora', NULL),
(135, 34, 'en', 'test', 'test', 'clic', NULL),
(136, 35, 'ar', 'Test Banner', 'Hello Descriotion', 'Test Banner', NULL),
(137, 35, 'en', 'welcome', 'w', 'w', NULL),
(138, 31, 'en', 'Test', 'Test', 'Test', NULL),
(141, 36, 'en', 'MaxWay', 'Mazali', 'Like me', NULL),
(142, 37, 'en', 'New ads', 'New ads', 'New ads', NULL),
(144, 39, 'en', 'New ads', 'New ads', 'New ads', NULL),
(145, 38, 'en', 'Asadbekni reklama bannerlari', 'New ads', 'New ads', NULL),
(150, 40, 'en', 'Digital Marketing', 'Foydali', 'Like', NULL),
(153, 42, 'en', 'New ads', 'New ads', 'New ads', NULL),
(154, 43, 'en', 'MaxWay', 'Ajoyib ta\'m', 'Like me', NULL),
(155, 44, 'en', 'asdasd', 'asdasd', 'asdasd', NULL),
(157, 41, 'en', 'Digital Marketing', 'Foydali', 'Like', NULL),
(161, 46, 'en', 'MaxWay', 'Mazali', 'like', NULL),
(163, 47, 'en', 'tttt', 'gfhghhgjhjffg', 'llklk', NULL),
(164, 48, 'en', 'asdds', 'dsdd', 'asdasd', NULL),
(171, 45, 'en', 'الرياض', 'الرياض', 'اطلب', NULL),
(172, 49, 'en', 'asdasd', 'asdadasdasdadsadsadasasdadasdasdadsadsadasasdadasdasdadsadsadasasdadasdasdadsadsadasasdadasdasdadsadsadasasdadasdasdadsadsadasasdadasdasdadsadsadasasdadasdasdadsadsadasasdadasdasdadsadsadasasdadasdasdadsadsadasasdadasdasdadsadsadasasdadasdasdadsadsadas', 'asdasd', NULL);

-- --------------------------------------------------------

--
-- Структура таблицы `before_galleries`
--

CREATE TABLE `before_galleries` (
  `id` bigint UNSIGNED NOT NULL,
  `model_type` varchar(255) CHARACTER SET utf8mb4 COLLATE utf8mb4_unicode_ci NOT NULL,
  `model_id` bigint UNSIGNED NOT NULL,
  `url` text CHARACTER SET utf8mb4 COLLATE utf8mb4_unicode_ci NOT NULL,
  `parent` tinyint(1) NOT NULL DEFAULT '0'
) ENGINE=InnoDB DEFAULT CHARSET=utf8mb4 COLLATE=utf8mb4_unicode_ci;

--
-- Дамп данных таблицы `before_galleries`
--

INSERT INTO `before_galleries` (`id`, `model_type`, `model_id`, `url`, `parent`) VALUES
(72, 'App\\Models\\Category', 19, 'https://foodyman.s3.amazonaws.com/public/images/https://api.foodyman.org/storage/images/https://api.foodyman.org/storage/images/categories/103-1653503696.jpg', 1),
(75, 'App\\Models\\Category', 102, 'categories/1021690199333.webp', 0),
(77, 'App\\Models\\Category', 104, 'categories/1041690199337.webp', 0),
(79, 'App\\Models\\Category', 105, 'categories/1051690199337.webp', 0),
(82, 'App\\Models\\Category', 125, 'categories/1251690199336.webp', 0),
(84, 'App\\Models\\Category', 162, 'categories/1621690199336.jpeg', 0),
(86, 'App\\Models\\Category', 163, 'categories/1631690199336.webp', 0),
(88, 'App\\Models\\Category', 164, 'categories/1641690199335.webp', 0),
(90, 'App\\Models\\Category', 143, 'categories/1431690199335.webp', 0),
(92, 'App\\Models\\Category', 165, 'categories/1651690199334.avif', 0),
(94, 'App\\Models\\Category', 166, 'categories/1661690199334.webp', 0),
(96, 'App\\Models\\Category', 167, 'categories/1671690199334.webp', 0),
(98, 'App\\Models\\Category', 149, 'categories/1491690199334.webp', 0),
(100, 'App\\Models\\Category', 158, 'categories/1581690199330.webp', 0),
(102, 'App\\Models\\Category', 159, 'categories/1591690199333.webp', 0),
(104, 'App\\Models\\Category', 160, 'categories/1601690199333.webp', 0),
(106, 'App\\Models\\Category', 161, 'categories/1611690199333.webp', 0),
(108, 'App\\Models\\Category', 178, 'categories/1781690199332.webp', 0),
(110, 'App\\Models\\Category', 194, 'categories/1941690199332.webp', 0),
(112, 'App\\Models\\Category', 155, 'categories/1551690199332.webp', 0),
(114, 'App\\Models\\Category', 168, 'categories/1681690199331.webp', 0),
(116, 'App\\Models\\Category', 169, 'categories/1691690199331.webp', 0),
(118, 'App\\Models\\Category', 170, 'categories/1701690199331.webp', 0),
(120, 'App\\Models\\Category', 195, 'categories/1951690199331.webp', 0),
(122, 'App\\Models\\Category', 182, 'categories/1821690199330.webp', 0),
(124, 'App\\Models\\Category', 183, 'categories/1831690199330.webp', 0),
(126, 'App\\Models\\Category', 197, 'categories/1971690199330.webp', 0),
(127, 'App\\Models\\Category', 67, 'categories/671690198423.webp', 0),
(128, 'App\\Models\\Category', 67, 'categories/671690198425.webp', 0),
(129, 'App\\Models\\Category', 67, 'categories/671690198427.webp', 0),
(130, 'App\\Models\\Category', 67, 'categories/671690198429.webp', 0),
(131, 'App\\Models\\Category', 67, 'https://foodyman.s3.amazonaws.com/public/images/categories/671690203392.webp', 0),
(132, 'App\\Models\\Category', 83, 'categories/831690198425.webp', 0),
(133, 'App\\Models\\Category', 83, 'categories/831690198427.webp', 0),
(134, 'App\\Models\\Category', 83, 'categories/831690198429.webp', 0),
(135, 'App\\Models\\Category', 83, 'categories/831690198431.webp', 0),
(136, 'App\\Models\\Category', 83, 'https://foodyman.s3.amazonaws.com/public/images/categories/831690203392.webp', 0),
(137, 'App\\Models\\Category', 84, 'categories/841690198425.webp', 0),
(138, 'App\\Models\\Category', 84, 'categories/841690198427.webp', 0),
(139, 'App\\Models\\Category', 84, 'categories/841690198429.webp', 0),
(140, 'App\\Models\\Category', 84, 'categories/841690198431.webp', 0),
(141, 'App\\Models\\Category', 84, 'https://foodyman.s3.amazonaws.com/public/images/categories/841690203392.webp', 0),
(142, 'App\\Models\\Category', 107, 'categories/1071690198425.webp', 0),
(143, 'App\\Models\\Category', 107, 'categories/1071690198427.webp', 0),
(144, 'App\\Models\\Category', 107, 'categories/1071690198429.webp', 0),
(145, 'App\\Models\\Category', 107, 'categories/1071690198430.webp', 0),
(146, 'App\\Models\\Category', 107, 'https://foodyman.s3.amazonaws.com/public/images/categories/1071690203393.webp', 0),
(147, 'App\\Models\\Category', 109, 'categories/1091690198424.webp', 0),
(148, 'App\\Models\\Category', 109, 'categories/1091690198426.webp', 0),
(149, 'App\\Models\\Category', 109, 'categories/1091690198428.webp', 0),
(150, 'App\\Models\\Category', 109, 'categories/1091690198430.webp', 0),
(151, 'App\\Models\\Category', 109, 'https://foodyman.s3.amazonaws.com/public/images/categories/1091690203393.webp', 0),
(152, 'App\\Models\\Category', 196, 'categories/1961690198424.webp', 0),
(153, 'App\\Models\\Category', 196, 'categories/1961690198426.webp', 0),
(154, 'App\\Models\\Category', 196, 'categories/1961690198428.webp', 0),
(155, 'App\\Models\\Category', 196, 'categories/1961690198430.webp', 0),
(156, 'App\\Models\\Category', 196, 'https://foodyman.s3.amazonaws.com/public/images/categories/1961690203393.webp', 0);

-- --------------------------------------------------------

--
-- Структура таблицы `blogs`
--

CREATE TABLE `blogs` (
  `id` bigint UNSIGNED NOT NULL,
  `uuid` char(36) CHARACTER SET utf8mb4 COLLATE utf8mb4_unicode_ci NOT NULL,
  `user_id` bigint UNSIGNED NOT NULL,
  `type` tinyint NOT NULL DEFAULT '1',
  `published_at` date DEFAULT NULL,
  `active` tinyint(1) NOT NULL DEFAULT '1',
  `img` varchar(191) CHARACTER SET utf8mb4 COLLATE utf8mb4_unicode_ci DEFAULT NULL,
  `created_at` timestamp NULL DEFAULT NULL,
  `updated_at` timestamp NULL DEFAULT NULL,
  `deleted_at` timestamp NULL DEFAULT NULL
) ENGINE=InnoDB DEFAULT CHARSET=utf8mb4 COLLATE=utf8mb4_unicode_ci;

--
-- Дамп данных таблицы `blogs`
--

INSERT INTO `blogs` (`id`, `uuid`, `user_id`, `type`, `published_at`, `active`, `img`, `created_at`, `updated_at`, `deleted_at`) VALUES
(3, '95602fd6-79d5-40bd-991a-e8c679e4d429', 107, 1, '2023-02-06', 1, 'https://foodyman.s3.amazonaws.com/public/images/blogs/107-1677480247.jpeg', '2022-12-15 09:24:24', '2023-07-19 08:37:59', '2023-07-19 08:37:59'),
(6, 'e9b9a5b8-9479-47a6-9384-1f99fa239fd1', 107, 1, '2023-02-06', 1, 'https://api.foodyman.org/storage/images/https://api.foodyman.org/storage/images/blogs/107-1675669716.webp', '2023-01-05 16:20:33', '2023-02-27 07:19:58', '2023-02-27 07:19:58'),
(8, 'a01faaa0-3a25-456c-a0ee-cae792456837', 107, 2, '2023-03-12', 1, 'https://api.foodyman.org/storage/images/https://api.foodyman.org/storage/images/', '2023-01-05 16:33:21', '2023-07-19 08:37:59', '2023-07-19 08:37:59'),
(9, '7bc52525-7cc0-4645-b7c4-e8e4e0b5267a', 107, 2, '2023-02-15', 1, 'https://api.foodyman.org/storage/images/https://api.foodyman.org/storage/images/blogs/image.png', '2023-01-05 17:23:53', '2023-07-19 08:37:59', '2023-07-19 08:37:59'),
(10, '6dd6576e-37e1-443d-adc7-f08f6d87cd6a', 107, 2, '2023-02-28', 1, 'https://api.foodyman.org/storage/images/https://api.foodyman.org/storage/images/', '2023-01-06 14:51:05', '2023-07-19 08:37:59', '2023-07-19 08:37:59'),
(11, '63cec064-9faf-4052-929a-0d5239b0829e', 132, 2, '2023-02-15', 1, 'https://api.foodyman.org/storage/images/https://api.foodyman.org/storage/images/', '2023-01-06 14:58:26', '2023-07-19 08:37:59', '2023-07-19 08:37:59'),
(12, 'e01411dc-f2da-45b3-b9e3-02abbbd4852c', 107, 1, '2023-06-04', 1, 'https://foodyman.s3.amazonaws.com/public/images/blogs/107-1677480198.jpeg', '2023-02-06 15:12:56', '2023-07-19 08:37:59', '2023-07-19 08:37:59'),
(13, '901a16e2-3ea5-426f-96c3-5af92efc8485', 107, 1, '2023-02-15', 1, 'https://foodyman.s3.amazonaws.com/public/images/languages/107-1676357849.webp', '2023-02-14 06:39:11', '2023-02-27 07:19:58', '2023-02-27 07:19:58'),
(14, 'd1704402-8a47-4138-b8bb-d1ecbd830bc2', 107, 1, NULL, 1, 'https://foodyman.s3.amazonaws.com/public/images/blogs/107-1676356748.webp', '2023-02-15 11:48:31', '2023-07-19 08:37:59', '2023-07-19 08:37:59'),
(15, 'c8f58eaf-5fb6-479c-ac95-e09a86488426', 107, 2, '2023-03-14', 1, NULL, '2023-02-15 12:23:55', '2023-07-19 08:37:59', '2023-07-19 08:37:59'),
(16, '57c48159-d2cb-4678-84ba-f3e08a4e6c1e', 107, 2, '2023-03-13', 1, NULL, '2023-02-15 12:24:43', '2023-07-19 08:37:59', '2023-07-19 08:37:59'),
(17, '2295b149-4e3d-4646-94bf-928bd587afa4', 107, 1, '2023-02-27', 1, 'https://foodyman.s3.amazonaws.com/public/images/languages/107-1676357849.webp', '2023-02-27 06:54:01', '2023-07-19 08:37:59', '2023-07-19 08:37:59'),
(18, '03dadda1-0dc8-45ee-aa15-49fa6635a1bb', 107, 1, NULL, 1, 'https://foodyman.s3.amazonaws.com/public/images/blogs/107-1677480865.jpeg', '2023-02-27 06:55:09', '2023-07-19 08:37:59', '2023-07-19 08:37:59'),
(19, '34f265b5-28e9-4435-a1d0-885c72196de5', 107, 2, '2023-03-12', 1, NULL, '2023-03-12 18:14:24', '2023-07-19 08:37:59', '2023-07-19 08:37:59'),
(20, 'c903821b-e342-42a6-92cf-e77e543a1246', 107, 2, '2023-03-13', 1, NULL, '2023-03-13 14:02:14', '2023-07-19 08:37:59', '2023-07-19 08:37:59'),
(21, 'fc7e1536-f89c-47c2-b6c0-b7553e47b982', 107, 2, '2023-03-15', 1, NULL, '2023-03-15 18:05:29', '2023-07-19 08:37:59', '2023-07-19 08:37:59'),
(22, 'f99531c4-f55f-4bb9-8238-dd51499237b1', 107, 2, '2023-03-16', 1, NULL, '2023-03-16 12:01:04', '2023-07-19 08:37:59', '2023-07-19 08:37:59'),
(23, 'a34839d6-7625-4b16-ac05-229ba7105982', 107, 2, '2023-03-17', 1, NULL, '2023-03-16 18:04:38', '2023-07-19 08:37:59', '2023-07-19 08:37:59'),
(24, '0d1f70af-5845-46c3-adc5-2c22da2d3084', 107, 2, '2023-03-17', 1, NULL, '2023-03-17 18:29:52', '2023-07-19 08:38:00', '2023-07-19 08:38:00'),
(25, '60d407f2-a62f-4df8-8b4b-412d0683291e', 107, 2, NULL, 1, NULL, '2023-03-19 00:51:14', '2023-07-19 08:38:00', '2023-07-19 08:38:00'),
(26, 'e1579c46-73a8-4fa1-ae3c-1976a925ea95', 107, 2, NULL, 1, NULL, '2023-03-21 09:15:27', '2023-07-19 08:38:00', '2023-07-19 08:38:00'),
(27, '2b4319c6-aa53-4eb3-bc0a-211e337550aa', 107, 2, NULL, 1, NULL, '2023-03-24 08:35:21', '2023-07-19 08:38:00', '2023-07-19 08:38:00'),
(28, '4e89f3d2-219a-4baf-a263-9ed85abb7616', 114, 2, NULL, 1, NULL, '2023-03-28 00:14:18', '2023-07-19 08:38:00', '2023-07-19 08:38:00'),
(29, 'd14a052c-e0cc-4644-95c5-09d5f98af9a4', 107, 2, '2023-03-29', 1, NULL, '2023-03-29 14:52:39', '2023-07-19 08:37:51', '2023-07-19 08:37:51'),
(30, 'ca9360ae-1546-4d4a-a4ac-02c9c5179490', 107, 2, NULL, 1, NULL, '2023-04-01 11:26:52', '2023-07-19 08:38:00', '2023-07-19 08:38:00'),
(31, 'c88e8820-9335-4f6c-807a-0a97b751e79a', 107, 2, '2023-04-01', 1, NULL, '2023-04-01 13:52:05', '2023-07-19 08:37:51', '2023-07-19 08:37:51'),
(32, 'e4aa7d3c-1329-4e3f-a8c0-2878bca579ea', 107, 2, '2023-04-25', 1, NULL, '2023-04-25 22:43:26', '2023-07-19 08:37:51', '2023-07-19 08:37:51'),
(33, '95a900f4-facd-40f9-b95e-0ff1041932f4', 107, 1, NULL, 1, 'https://foodyman.s3.amazonaws.com/public/images/shops/logo/107-1676475533.webp', '2023-04-27 00:47:47', '2023-07-19 08:33:01', '2023-07-19 08:33:01'),
(34, '3332a6ea-98aa-445f-bff6-46f8ca898266', 107, 1, '2023-05-11', 1, 'https://foodyman.s3.amazonaws.com/public/images/blogs/107-1677480247.jpeg', '2023-04-27 00:48:37', '2023-07-19 08:38:00', '2023-07-19 08:38:00'),
(35, '03255101-6c3d-408f-b579-b84b028b9160', 114, 2, '2023-04-27', 1, NULL, '2023-04-27 13:57:36', '2023-07-19 08:37:51', '2023-07-19 08:37:51'),
(36, '512d9300-14a0-4912-8834-b995db30e013', 107, 2, '2023-05-04', 1, NULL, '2023-05-04 06:05:10', '2023-07-19 08:37:51', '2023-07-19 08:37:51'),
(37, '7e83b7fc-667a-47d2-b0fe-90ccc701ac8c', 107, 2, '2023-05-04', 1, NULL, '2023-05-04 08:26:03', '2023-07-19 08:37:51', '2023-07-19 08:37:51'),
(38, 'c6bc1bc5-8412-4471-8f02-58ade3440434', 107, 1, '2023-06-04', 1, 'https://foodyman.s3.amazonaws.com/public/images/blogs/107-1683360373.webp', '2023-05-06 07:06:17', '2023-07-19 08:38:00', '2023-07-19 08:38:00'),
(39, '4c85a481-ac9e-49fd-bdf2-b56bb91c69ce', 107, 2, '2023-05-14', 1, NULL, '2023-05-14 07:31:56', '2023-07-19 08:37:51', '2023-07-19 08:37:51'),
(40, '67cf15cf-1db7-4ab8-b9d9-54e8d499749e', 107, 2, '2023-06-01', 1, NULL, '2023-06-01 07:52:50', '2023-07-19 08:37:51', '2023-07-19 08:37:51'),
(41, 'f4011d7e-e732-4367-9b50-f8bced3a9c63', 107, 2, '2023-06-04', 1, NULL, '2023-06-04 05:32:19', '2023-07-19 08:37:51', '2023-07-19 08:37:51'),
(42, 'c1c49da5-602b-458a-b7fb-cff2635946d4', 107, 2, '2023-06-14', 1, NULL, '2023-06-14 11:29:13', '2023-07-19 08:37:51', '2023-07-19 08:37:51'),
(43, 'f02e7434-11b3-4f28-8d96-a7a19505bea3', 107, 2, NULL, 1, NULL, '2023-07-07 06:15:50', '2023-07-19 08:38:00', '2023-07-19 08:38:00'),
(44, 'da9c4469-323d-41b9-8772-24ac8532031f', 107, 1, '2023-07-18', 0, 'https://foodyman.s3.amazonaws.com/public/images/blogs/107-1689665609.webp', '2023-07-18 06:33:54', '2023-07-19 08:33:07', '2023-07-19 08:33:07'),
(45, '9a02c910-e06e-4b2b-8b7f-cabbc78342f9', 107, 1, '2023-07-19', 1, 'https://foodyman.s3.amazonaws.com/public/images/blogs/107-1689759241.webp', '2023-07-19 08:34:06', '2023-07-19 08:38:00', '2023-07-19 08:38:00'),
(46, '81ddfe2a-c84a-4bae-aeba-33b420ce74e6', 107, 2, '2023-07-19', 1, NULL, '2023-07-19 08:45:38', '2023-07-19 08:53:29', '2023-07-19 08:53:29'),
(47, '57bfd96f-990e-4bae-9ebd-db8fe5958c51', 107, 2, '2023-07-19', 1, NULL, '2023-07-19 08:48:31', '2023-07-19 08:53:29', '2023-07-19 08:53:29'),
(48, 'be8d7c9e-7685-4430-a6d2-1d82d7849460', 107, 2, '2023-07-19', 1, NULL, '2023-07-19 08:51:30', '2023-07-19 08:53:29', '2023-07-19 08:53:29'),
(49, '68eddba4-7719-4edc-afd0-7c7b5c83c261', 107, 2, NULL, 1, NULL, '2023-07-19 10:25:22', '2023-07-19 10:25:36', '2023-07-19 10:25:36'),
(50, 'a6dcf2c1-7e08-4a12-8000-dbad8b83bd6c', 107, 2, NULL, 1, NULL, '2023-07-19 10:45:10', '2023-07-19 10:45:50', '2023-07-19 10:45:50'),
(51, 'f3f5cb05-a621-4273-8da2-e776e6333a88', 107, 2, NULL, 1, NULL, '2023-07-19 10:45:32', '2023-07-19 10:45:50', '2023-07-19 10:45:50'),
(52, '6f960805-0c5e-498c-8254-c35bbdeff727', 107, 2, '2023-07-29', 1, NULL, '2023-07-19 10:55:14', '2023-07-29 09:12:05', '2023-07-29 09:12:05'),
(53, '91a45d60-856b-48e9-806b-da6da8f9ebf0', 107, 2, '2023-07-29', 1, NULL, '2023-07-19 10:59:41', '2023-07-29 09:12:05', '2023-07-29 09:12:05'),
(54, '2a3aabb9-fe37-4650-94ff-9995bd42f7e0', 107, 1, '2023-07-19', 1, 'https://foodyman.s3.amazonaws.com/public/images/shops/logo/107-1680439652.jpeg', '2023-07-19 11:22:53', '2023-07-29 10:16:50', '2023-07-29 10:16:50'),
(55, 'c8422c4e-bb4b-435f-b922-46d410458432', 107, 1, '2023-07-25', 1, 'https://foodyman.s3.amazonaws.com/public/images/shops/logo/154-1677179479.webp', '2023-07-25 12:41:11', '2023-07-29 10:16:50', '2023-07-29 10:16:50'),
(56, '06b5d1a4-5134-47cd-a33a-bdcd14427145', 107, 2, '2023-07-26', 1, NULL, '2023-07-26 11:36:36', '2023-07-29 09:12:06', '2023-07-29 09:12:06'),
(57, '114bb640-92c7-485e-906b-51e00f5afd81', 107, 2, '2023-07-26', 1, NULL, '2023-07-26 11:41:33', '2023-07-29 09:12:06', '2023-07-29 09:12:06'),
(58, '6cc571a2-057f-4838-8af9-11f548ea626d', 107, 2, '2023-07-26', 1, NULL, '2023-07-26 11:45:40', '2023-07-29 09:12:06', '2023-07-29 09:12:06'),
(59, 'c865611a-6d38-4ad4-8b50-9d71272a76ec', 107, 2, '2023-07-26', 1, NULL, '2023-07-26 11:51:47', '2023-07-29 09:12:06', '2023-07-29 09:12:06'),
(60, '008c4f0d-666e-4805-ae77-4cbf9b472536', 107, 2, '2023-07-26', 1, NULL, '2023-07-26 11:52:37', '2023-07-29 09:12:06', '2023-07-29 09:12:06'),
(61, 'c7166de3-7c98-48e3-b6b9-33feb1282a2a', 107, 2, '2023-07-26', 1, NULL, '2023-07-26 11:54:21', '2023-07-29 09:12:06', '2023-07-29 09:12:06'),
(62, '2fc49f7b-ddf7-4fd4-a437-f8964f3ba07c', 107, 2, '2023-07-29', 1, NULL, '2023-07-29 09:10:04', '2023-07-29 09:12:06', '2023-07-29 09:12:06'),
(63, 'fcdf7819-2903-445c-947b-86ece27d3878', 107, 2, '2023-07-29', 1, NULL, '2023-07-29 09:12:21', '2023-07-29 10:06:58', '2023-07-29 10:06:58'),
(64, '8313ddd6-1dd6-4f70-83f8-f37961bd77a1', 107, 2, '2023-07-29', 1, NULL, '2023-07-29 09:13:14', '2023-07-29 10:06:58', '2023-07-29 10:06:58'),
(65, '4a1cc440-76b8-40f6-b9a0-6e99e7502e0a', 107, 2, '2023-07-29', 1, NULL, '2023-07-29 09:15:51', '2023-07-29 10:06:58', '2023-07-29 10:06:58'),
(66, '90e4c577-09d0-455a-ab14-2c8004b091ca', 107, 2, '2023-07-29', 1, NULL, '2023-07-29 09:53:03', '2023-07-29 10:06:58', '2023-07-29 10:06:58'),
(67, 'ec050123-43c3-414d-bf4a-c84dc87467b5', 107, 2, '2023-07-29', 1, NULL, '2023-07-29 10:01:14', '2023-07-29 10:06:59', '2023-07-29 10:06:59'),
(68, '1a2e3fdb-1dac-4278-9159-c9a46976a638', 107, 2, '2023-07-29', 1, NULL, '2023-07-29 10:02:43', '2023-07-29 10:06:59', '2023-07-29 10:06:59'),
(69, '6b44573f-e980-4f9d-bca0-243a1e52e5a6', 107, 2, '2023-07-29', 1, NULL, '2023-07-29 10:04:27', '2023-07-29 10:06:59', '2023-07-29 10:06:59'),
(70, '7711e9ea-9c6b-4269-a0db-8eda3d905e7b', 107, 2, '2023-07-29', 1, NULL, '2023-07-29 10:05:35', '2023-07-29 10:09:10', '2023-07-29 10:09:10'),
(71, '23cef4da-fd6d-4daf-8dc9-25bc4a3d7c08', 107, 2, '2023-07-29', 1, NULL, '2023-07-29 10:07:04', '2023-07-29 10:09:10', '2023-07-29 10:09:10'),
(72, 'e7c50322-05e3-46ab-bb91-7227243939dc', 107, 2, '2023-07-29', 1, NULL, '2023-07-29 10:08:47', '2023-07-29 10:09:30', '2023-07-29 10:09:30'),
(73, '39741780-10c8-412a-97bc-5513f1764b66', 107, 2, '2023-07-29', 1, NULL, '2023-07-29 10:09:19', '2023-07-29 10:15:11', '2023-07-29 10:15:11'),
(74, '7d820118-fe51-4030-8913-948fac99c1a9', 107, 2, '2023-07-29', 1, NULL, '2023-07-29 10:11:08', '2023-07-29 10:15:11', '2023-07-29 10:15:11'),
(75, '9a34417b-e140-4e29-842e-4706b8111ac2', 107, 2, '2023-07-29', 1, NULL, '2023-07-29 10:12:56', '2023-07-29 10:15:11', '2023-07-29 10:15:11'),
(76, '7f408848-9750-4bce-afa9-2015616d554d', 107, 2, '2023-07-29', 1, NULL, '2023-07-29 10:13:44', '2023-07-29 10:16:51', '2023-07-29 10:16:51'),
(77, 'abcbac39-40b0-420a-95d3-f4587132ff72', 107, 2, '2023-07-29', 1, NULL, '2023-07-29 10:15:59', '2023-07-29 10:16:51', '2023-07-29 10:16:51'),
(78, '71f3ee40-3688-48ec-af1d-bfe9c1d157f8', 107, 2, '2023-07-29', 1, NULL, '2023-07-29 10:16:59', '2023-07-31 08:10:01', '2023-07-31 08:10:01'),
(79, '36a41c23-d8dd-4b45-9ce6-735d69ec739d', 107, 2, '2023-07-29', 1, NULL, '2023-07-29 10:26:33', '2023-07-31 08:10:02', '2023-07-31 08:10:02'),
(80, '96dc2082-e3da-4970-ab39-8b52e6319087', 107, 2, '2023-07-29', 1, NULL, '2023-07-29 10:28:27', '2023-07-31 08:10:02', '2023-07-31 08:10:02'),
(81, '22207caf-c758-438f-b804-f264d2807090', 107, 2, '2023-07-31', 0, NULL, '2023-07-31 08:08:55', '2023-09-03 09:30:12', '2023-09-03 09:30:12'),
(82, 'e6998374-ce24-4ab5-898c-0fbab258ccd0', 107, 1, '2023-07-31', 1, NULL, '2023-07-31 13:36:44', '2023-07-31 13:44:05', '2023-07-31 13:44:05'),
(83, '4532f4d5-35fd-44c1-a220-0d2086ff7542', 107, 1, '2023-07-31', 1, 'https://foodyman.s3.amazonaws.com/public/images/blogs/107-1690814234.webp', '2023-07-31 13:37:17', '2023-07-31 13:43:58', '2023-07-31 13:43:58'),
(84, '1eccd833-c78c-4f93-8755-68eff9772f9b', 107, 2, '2023-07-31', 0, NULL, '2023-07-31 13:46:34', '2023-09-03 09:30:12', '2023-09-03 09:30:12'),
(85, '16a7f873-459f-4d49-9ab3-455e400b8b55', 107, 2, '2023-08-01', 1, NULL, '2023-08-01 06:23:11', '2023-09-03 09:30:12', '2023-09-03 09:30:12'),
(86, '37ce43b3-82d9-4b23-8201-37a34c0c25c5', 107, 1, '2023-08-01', 1, 'https://foodyman.s3.amazonaws.com/public/images/restaurant/logo/107-1676365778.webp', '2023-08-01 15:27:39', '2023-09-03 09:30:12', '2023-09-03 09:30:12'),
(87, 'cf02fc69-f1f0-4bb7-bcde-126a91b81aaa', 107, 1, '2023-08-01', 1, 'https://foodyman.s3.amazonaws.com/public/images/deliveryman/settings/107-1678988656.webp', '2023-08-01 15:30:45', '2023-09-03 09:30:12', '2023-09-03 09:30:12'),
(88, 'cefa1e18-48fd-428a-bf7c-3b237e8817f7', 107, 2, '2023-08-01', 1, NULL, '2023-08-01 17:02:16', '2023-09-03 09:30:12', '2023-09-03 09:30:12'),
(89, '18f6783e-c61b-4ac0-9f5b-edda81c3dfdf', 107, 2, '2023-08-01', 1, NULL, '2023-08-01 17:02:53', '2023-09-03 09:30:12', '2023-09-03 09:30:12'),
(90, 'f53dbaef-5f60-4ac6-a82c-56c79ec55119', 107, 1, NULL, 1, 'https://foodyman.s3.amazonaws.com/public/images/deliveryman/settings/107-1676291773.webp', '2023-08-02 05:07:28', '2023-08-02 05:10:20', '2023-08-02 05:10:20'),
(91, '8e7dcc70-fa20-45b3-be29-bbd0ac7f81b4', 107, 1, NULL, 1, 'https://foodyman.s3.amazonaws.com/public/images/deliveryman/settings/107-1676291773.webp', '2023-08-02 05:07:59', '2023-08-02 05:10:30', '2023-08-02 05:10:30'),
(92, '63616782-9ee4-4e3a-9f4c-d36523352a8b', 107, 1, NULL, 1, 'https://foodyman.s3.amazonaws.com/public/images/restaurant/logo/107-1677320352.webp', '2023-08-02 05:09:53', '2023-08-02 05:11:04', '2023-08-02 05:11:04'),
(93, '3bbe6d17-08cf-458c-9ea0-10d2bec21649', 107, 1, NULL, 1, 'https://foodyman.s3.amazonaws.com/public/images/shops/logo/107-1686382998.webp', '2023-08-02 05:11:31', '2023-09-03 09:30:12', '2023-09-03 09:30:12'),
(94, '8f308c3a-57be-4cef-986a-16b4a6f6596a', 107, 1, '2023-08-02', 1, 'https://foodyman.s3.amazonaws.com/public/images/restaurant/logo/107-1676365778.webp', '2023-08-02 05:32:09', '2023-09-03 09:30:12', '2023-09-03 09:30:12'),
(95, '2750c468-aed6-477f-ba1d-89d994a49310', 107, 2, '2023-08-08', 1, NULL, '2023-08-08 12:11:23', '2023-09-03 09:30:12', '2023-09-03 09:30:12'),
(96, 'fdfe2354-60b5-484d-a562-25fb15e1512a', 107, 2, '2023-08-16', 1, NULL, '2023-08-16 12:11:31', '2023-09-03 09:30:12', '2023-09-03 09:30:12'),
(97, '5f19651c-c64b-4b40-835e-1bfd3e608f75', 107, 2, '2023-08-16', 1, NULL, '2023-08-16 21:41:04', '2023-09-03 09:30:12', '2023-09-03 09:30:12'),
(98, '21bf6f6a-5ee9-4071-a955-657e020a62ce', 107, 2, '2023-08-29', 1, NULL, '2023-08-29 12:18:01', '2023-08-29 12:40:01', '2023-08-29 12:40:01'),
(99, '3ab542bc-f1a9-4072-a496-7ad5d6c84c87', 107, 2, '2023-09-01', 1, NULL, '2023-09-01 13:04:03', '2023-09-03 09:30:12', '2023-09-03 09:30:12'),
(100, '8af639a9-693b-452b-9763-6a06ac5a7930', 107, 1, '2023-09-03', 1, 'https://foodyman.s3.amazonaws.com/public/images/blogs/107-1693736814.webp', '2023-09-03 09:26:57', '2023-09-03 09:30:12', '2023-09-03 09:30:12'),
(101, 'e12f33a2-63b6-48ca-832b-4e2bde491652', 107, 2, '2023-09-03', 1, NULL, '2023-09-03 09:32:53', '2023-09-05 06:48:04', '2023-09-05 06:48:04'),
(102, '8c34d986-5bda-4834-a9d2-ac235fee3abe', 107, 2, '2023-09-04', 1, NULL, '2023-09-04 08:12:19', '2023-09-05 06:48:04', '2023-09-05 06:48:04'),
(103, '84d84922-07c1-4f24-a9d4-1a691167523e', 107, 2, '2023-09-05', 1, NULL, '2023-09-05 13:54:43', '2023-09-05 13:54:49', NULL),
(104, '76a49b56-1be9-441e-a784-a9b526ad31e9', 107, 1, NULL, 1, 'https://foodyman.s3.amazonaws.com/public/images/blogs/107-1694437184.webp', '2023-09-11 11:59:54', '2023-09-11 11:59:54', NULL),
(105, '08311fe8-454e-44b7-a481-4bbe9d530eff', 107, 2, '2023-09-11', 1, NULL, '2023-09-11 13:28:42', '2023-09-11 13:28:46', NULL);

-- --------------------------------------------------------

--
-- Структура таблицы `blog_translations`
--

CREATE TABLE `blog_translations` (
  `id` bigint UNSIGNED NOT NULL,
  `blog_id` bigint UNSIGNED NOT NULL,
  `locale` varchar(255) CHARACTER SET utf8mb4 COLLATE utf8mb4_unicode_ci NOT NULL,
  `title` varchar(191) CHARACTER SET utf8mb4 COLLATE utf8mb4_unicode_ci NOT NULL,
  `short_desc` varchar(191) CHARACTER SET utf8mb4 COLLATE utf8mb4_unicode_ci DEFAULT NULL,
  `description` text CHARACTER SET utf8mb4 COLLATE utf8mb4_unicode_ci,
  `deleted_at` timestamp NULL DEFAULT NULL
) ENGINE=InnoDB DEFAULT CHARSET=utf8mb4 COLLATE=utf8mb4_unicode_ci;

--
-- Дамп данных таблицы `blog_translations`
--

INSERT INTO `blog_translations` (`id`, `blog_id`, `locale`, `title`, `short_desc`, `description`, `deleted_at`) VALUES
(13, 9, 'en', 'New Blog', 'New Blog Short Descriptoin', 'A blog (a truncation of \"weblog\")[1] is a discussion or informational website published on the World Wide Web consisting of discrete, often informal diary-style text entries (posts). Posts are typically displayed in reverse chronological order, so that the most recent post appears first, at the top of the web page. Until 2009, blogs were usually the work of a single individual,[citation needed] occasionally of a small group, and often covered a single subject or topic. In the 2010s, \"multi-author blogs\" (MABs) emerged, featuring the writing of multiple authors and sometimes professionally edited. MABs from newspapers, other media outlets, universities, think tanks, advocacy groups, and similar institutions account for an increasing quantity of blog traffic. The rise of Twitter and other \"microblogging\" systems helps integrate MABs and single-author blogs into the news media. Blog can also be used as a verb, meaning to maintain or add content to a blog.\n\nThe emergence and growth of blogs in the late 1990s coincided with the advent of web publishing tools that facilitated the posting of content by non-technical users who did not have much experience with HTML or computer programming. Previously, a knowledge of such technologies as HTML and File Transfer Protocol had been required to publish content on the Web, and early Web users therefore tended to be hackers and computer enthusiasts. In the 2010s, the majority are interactive Web 2.0 websites, allowing visitors to leave online comments, and it is this interactivity that distinguishes them from other static websites.[2] In that sense, blogging can be seen as a form of social networking service. Indeed, bloggers not only produce content to post on their blogs but also often build social relations with their readers and other bloggers.[3] However, there are high-readership blogs which do not allow comments.\n\nMany blogs provide commentary on a particular subject or topic, ranging from philosophy, religion, and arts to science, politics, and sports. Others function as more personal online diaries or online brand advertising of a particular individual or company. A typical blog combines text, digital images, and links to other blogs, web pages, and other media related to its topic. The ability of readers to leave publicly viewable comments, and interact with other commenters, is an important contribution to the popularity of many blogs. However, blog owners or authors often moderate and filter online comments to remove hate speech or other offensive content. Most blogs are primarily textual, although some focus on art (art blogs), photographs (photoblogs), videos (video blogs or \"vlogs\"), music (MP3 blogs), and audio (podcasts). In education, blogs can be used as instructional resources; these are referred to as edublogs. Microblogging is another type of blogging, featuring very short posts.\n\n\'Blog\' and \'blogging\' are now loosely used for content creation and sharing on social media, especially when the content is long-form and one creates and shares content on regular basis. So, one could be maintaining a blog on Facebook or blogging on Instagram.\n\nOn February 16, 2011, there were over 156 million public blogs in existence. On February 20, 2014, there were around 172 million Tumblr[4] and 75.8 million WordPress[5] blogs in existence worldwide. According to critics and other bloggers, Blogger is the most popular blogging service used today. However, Blogger does not offer public statistics.[6][7] Technorati lists 1.3 million blogs as of February 22, 2014.[8]A blog (a truncation of \"weblog\")[1] is a discussion or informational website published on the World Wide Web consisting of discrete, often informal diary-style text entries (posts). Posts are typically displayed in reverse chronological order, so that the most recent post appears first, at the top of the web page. Until 2009, blogs were usually the work of a single individual,[citation needed] occasionally of a small group, and often covered a single subject or topic. In the 2010s, \"multi-author blogs\" (MABs) emerged, featuring the writing of multiple authors and sometimes professionally edited. MABs from newspapers, other media outlets, universities, think tanks, advocacy groups, and similar institutions account for an increasing quantity of blog traffic. The rise of Twitter and other \"microblogging\" systems helps integrate MABs and single-author blogs into the news media. Blog can also be used as a verb, meaning to maintain or add content to a blog.\n\nThe emergence and growth of blogs in the late 1990s coincided with the advent of web publishing tools that facilitated the posting of content by non-technical users who did not have much experience with HTML or computer programming. Previously, a knowledge of such technologies as HTML and File Transfer Protocol had been required to publish content on the Web, and early Web users therefore tended to be hackers and computer enthusiasts. In the 2010s, the majority are interactive Web 2.0 websites, allowing visitors to leave online comments, and it is this interactivity that distinguishes them from other static websites.[2] In that sense, blogging can be seen as a form of social networking service. Indeed, bloggers not only produce content to post on their blogs but also often build social relations with their readers and other bloggers.[3] However, there are high-readership blogs which do not allow comments.\n\nMany blogs provide commentary on a particular subject or topic, ranging from philosophy, religion, and arts to science, politics, and sports. Others function as more personal online diaries or online brand advertising of a particular individual or company. A typical blog combines text, digital images, and links to other blogs, web pages, and other media related to its topic. The ability of readers to leave publicly viewable comments, and interact with other commenters, is an important contribution to the popularity of many blogs. However, blog owners or authors often moderate and filter online comments to remove hate speech or other offensive content. Most blogs are primarily textual, although some focus on art (art blogs), photographs (photoblogs), videos (video blogs or \"vlogs\"), music (MP3 blogs), and audio (podcasts). In education, blogs can be used as instructional resources; these are referred to as edublogs. Microblogging is another type of blogging, featuring very short posts.\n\n\'Blog\' and \'blogging\' are now loosely used for content creation and sharing on social media, especially when the content is long-form and one creates and shares content on regular basis. So, one could be maintaining a blog on Facebook or blogging on Instagram.\n\nOn February 16, 2011, there were over 156 million public blogs in existence. On February 20, 2014, there were around 172 million Tumblr[4] and 75.8 million WordPress[5] blogs in existence worldwide. According to critics and other bloggers, Blogger is the most popular blogging service used today. However, Blogger does not offer public statistics.[6][7] Technorati lists 1.3 million blogs as of February 22, 2014.[8] A blog (a truncation of \"weblog\")[1] is a discussion or informational website published on the World Wide Web consisting of discrete, often informal diary-style text entries (posts). Posts are typically displayed in reverse chronological order, so that the most recent post appears first, at the top of the web page. Until 2009, blogs were usually the work of a single individual,[citation needed] occasionally of a small group, and often covered a single subject or topic. In the 2010s, \"multi-author blogs\" (MABs) emerged, featuring the writing of multiple authors and sometimes professionally edited. MABs from newspapers, other media outlets, universities, think tanks, advocacy groups, and similar institutions account for an increasing quantity of blog traffic. The rise of Twitter and other \"microblogging\" systems helps integrate MABs and single-author blogs into the news media. Blog can also be used as a verb, meaning to maintain or add content to a blog.\n\nThe emergence and growth of blogs in the late 1990s coincided with the advent of web publishing tools that facilitated the posting of content by non-technical users who did not have much experience with HTML or computer programming. Previously, a knowledge of such technologies as HTML and File Transfer Protocol had been required to publish content on the Web, and early Web users therefore tended to be hackers and computer enthusiasts. In the 2010s, the majority are interactive Web 2.0 websites, allowing visitors to leave online comments, and it is this interactivity that distinguishes them from other static websites.[2] In that sense, blogging can be seen as a form of social networking service. Indeed, bloggers not only produce content to post on their blogs but also often build social relations with their readers and other bloggers.[3] However, there are high-readership blogs which do not allow comments.\n\nMany blogs provide commentary on a particular subject or topic, ranging from philosophy, religion, and arts to science, politics, and sports. Others function as more personal online diaries or online brand advertising of a particular individual or company. A typical blog combines text, digital images, and links to other blogs, web pages, and other media related to its topic. The ability of readers to leave publicly viewable comments, and interact with other commenters, is an important contribution to the popularity of many blogs. However, blog owners or authors often moderate and filter online comments to remove hate speech or other offensive content. Most blogs are primarily textual, although some focus on art (art blogs), photographs (photoblogs), videos (video blogs or \"vlogs\"), music (MP3 blogs), and audio (podcasts). In education, blogs can be used as instructional resources; these are referred to as edublogs. Microblogging is another type of blogging, featuring very short posts.\n\n\'Blog\' and \'blogging\' are now loosely used for content creation and sharing on social media, especially when the content is long-form and one creates and shares content on regular basis. So, one could be maintaining a blog on Facebook or blogging on Instagram.\n\nOn February 16, 2011, there were over 156 million public blogs in existence. On February 20, 2014, there were around 172 million Tumblr[4] and 75.8 million WordPress[5] blogs in existence worldwide. According to critics and other bloggers, Blogger is the most popular blogging service used today. However, Blogger does not offer public statistics.[6][7] Technorati lists 1.3 million blogs as of February 22, 2014.[8]A blog (a truncation of \"weblog\")[1] is a discussion or informational website published on the World Wide Web consisting of discrete, often informal diary-style text entries (posts). Posts are typically displayed in reverse chronological order, so that the most recent post appears first, at the top of the web page. Until 2009, blogs were usually the work of a single individual,[citation needed] occasionally of a small group, and often covered a single subject or topic. In the 2010s, \"multi-author blogs\" (MABs) emerged, featuring the writing of multiple authors and sometimes professionally edited. MABs from newspapers, other media outlets, universities, think tanks, advocacy groups, and similar institutions account for an increasing quantity of blog traffic. The rise of Twitter and other \"microblogging\" systems helps integrate MABs and single-author blogs into the news media. Blog can also be used as a verb, meaning to maintain or add content to a blog.\n\nThe emergence and growth of blogs in the late 1990s coincided with the advent of web publishing tools that facilitated the posting of content by non-technical users who did not have much experience with HTML or computer programming. Previously, a knowledge of such technologies as HTML and File Transfer Protocol had been required to publish content on the Web, and early Web users therefore tended to be hackers and computer enthusiasts. In the 2010s, the majority are interactive Web 2.0 websites, allowing visitors to leave online comments, and it is this interactivity that distinguishes them from other static websites.[2] In that sense, blogging can be seen as a form of social networking service. Indeed, bloggers not only produce content to post on their blogs but also often build social relations with their readers and other bloggers.[3] However, there are high-readership blogs which do not allow comments.\n\nMany blogs provide commentary on a particular subject or topic, ranging from philosophy, religion, and arts to science, politics, and sports. Others function as more personal online diaries or online brand advertising of a particular individual or company. A typical blog combines text, digital images, and links to other blogs, web pages, and other media related to its topic. The ability of readers to leave publicly viewable comments, and interact with other commenters, is an important contribution to the popularity of many blogs. However, blog owners or authors often moderate and filter online comments to remove hate speech or other offensive content. Most blogs are primarily textual, although some focus on art (art blogs), photographs (photoblogs), videos (video blogs or \"vlogs\"), music (MP3 blogs), and audio (podcasts). In education, blogs can be used as instructional resources; these are referred to as edublogs. Microblogging is another type of blogging, featuring very short posts.\n\n\'Blog\' and \'blogging\' are now loosely used for content creation and sharing on social media, especially when the content is long-form and one creates and shares content on regular basis. So, one could be maintaining a blog on Facebook or blogging on Instagram.\n\nOn February 16, 2011, there were over 156 million public blogs in existence. On February 20, 2014, there were around 172 million Tumblr[4] and 75.8 million WordPress[5] blogs in existence worldwide. According to critics and other bloggers, Blogger is the most popular blogging service used today. However, Blogger does not offer public statistics.[6][7] Technorati lists 1.3 million blogs as of February 22, 2014.[8]', NULL),
(14, 10, 'en', 'hhheeeyyyy', 'hey', '<p>aSASasA</p>', NULL),
(21, 6, 'en', 'USA informational website published', 'A blog (a truncation of \"weblog\")[1] is a discussion or informational website published on the World Wide Web consisting of discrete, often informal diary-style text entries (posts).', 'A blog (a truncation of \"weblog\")[1] is a discussion or informational website published on the World Wide Web consisting of discrete, often informal diary-style text entries (posts). Posts are typically displayed in reverse chronological order, so that the most recent post appears first, at the top of the web page. Until 2009, blogs were usually the work of a single individual,[citation needed] occasionally of a small group, and often covered a single subject or topic. In the 2010s, \"multi-author blogs\" (MABs) emerged, featuring the writing of multiple authors and sometimes professionally edited. MABs from newspapers, other media outlets, universities, think tanks, advocacy groups, and similar institutions account for an increasing quantity of blog traffic. The rise of Twitter and other \"microblogging\" systems helps integrate MABs and single-author blogs into the news media. Blog can also be used as a verb, meaning to maintain or add content to a blog.\n\nThe emergence and growth of blogs in the late 1990s coincided with the advent of web publishing tools that facilitated the posting of content by non-technical users who did not have much experience with HTML or computer programming. Previously, a knowledge of such technologies as HTML and File Transfer Protocol had been required to publish content on the Web, and early Web users therefore tended to be hackers and computer enthusiasts. In the 2010s, the majority are interactive Web 2.0 websites, allowing visitors to leave online comments, and it is this interactivity that distinguishes them from other static websites.[2] In that sense, blogging can be seen as a form of social networking service. Indeed, bloggers not only produce content to post on their blogs but also often build social relations with their readers and other bloggers.[3] However, there are high-readership blogs which do not allow comments.\n\nMany blogs provide commentary on a particular subject or topic, ranging from philosophy, religion, and arts to science, politics, and sports. Others function as more personal online diaries or online brand advertising of a particular individual or company. A typical blog combines text, digital images, and links to other blogs, web pages, and other media related to its topic. The ability of readers to leave publicly viewable comments, and interact with other commenters, is an important contribution to the popularity of many blogs. However, blog owners or authors often moderate and filter online comments to remove hate speech or other offensive content. Most blogs are primarily textual, although some focus on art (art blogs), photographs (photoblogs), videos (video blogs or \"vlogs\"), music (MP3 blogs), and audio (podcasts). In education, blogs can be used as instructional resources; these are referred to as edublogs. Microblogging is another type of blogging, featuring very short posts.\n\n\'Blog\' and \'blogging\' are now loosely used for content creation and sharing on social media, especially when the content is long-form and one creates and shares content on regular basis. So, one could be maintaining a blog on Facebook or blogging on Instagram.\n\nOn February 16, 2011, there were over 156 million public blogs in existence. On February 20, 2014, there were around 172 million Tumblr[4] and 75.8 million WordPress[5] blogs in existence worldwide. According to critics and other bloggers, Blogger is the most popular blogging service used today. However, Blogger does not offer public statistics.[6][7] Technorati lists 1.3 million blogs as of February 22, 2014.[8]A blog (a truncation of \"weblog\")[1] is a discussion or informational website published on the World Wide Web consisting of discrete, often informal diary-style text entries (posts). Posts are typically displayed in reverse chronological order, so that the most recent post appears first, at the top of the web page. Until 2009, blogs were usually the work of a single individual,[citation needed] occasionally of a small group, and often covered a single subject or topic. In the 2010s, \"multi-author blogs\" (MABs) emerged, featuring the writing of multiple authors and sometimes professionally edited. MABs from newspapers, other media outlets, universities, think tanks, advocacy groups, and similar institutions account for an increasing quantity of blog traffic. The rise of Twitter and other \"microblogging\" systems helps integrate MABs and single-author blogs into the news media. Blog can also be used as a verb, meaning to maintain or add content to a blog.\n\nThe emergence and growth of blogs in the late 1990s coincided with the advent of web publishing tools that facilitated the posting of content by non-technical users who did not have much experience with HTML or computer programming. Previously, a knowledge of such technologies as HTML and File Transfer Protocol had been required to publish content on the Web, and early Web users therefore tended to be hackers and computer enthusiasts. In the 2010s, the majority are interactive Web 2.0 websites, allowing visitors to leave online comments, and it is this interactivity that distinguishes them from other static websites.[2] In that sense, blogging can be seen as a form of social networking service. Indeed, bloggers not only produce content to post on their blogs but also often build social relations with their readers and other bloggers.[3] However, there are high-readership blogs which do not allow comments.\n\nMany blogs provide commentary on a particular subject or topic, ranging from philosophy, religion, and arts to science, politics, and sports. Others function as more personal online diaries or online brand advertising of a particular individual or company. A typical blog combines text, digital images, and links to other blogs, web pages, and other media related to its topic. The ability of readers to leave publicly viewable comments, and interact with other commenters, is an important contribution to the popularity of many blogs. However, blog owners or authors often moderate and filter online comments to remove hate speech or other offensive content. Most blogs are primarily textual, although some focus on art (art blogs), photographs (photoblogs), videos (video blogs or \"vlogs\"), music (MP3 blogs), and audio (podcasts). In education, blogs can be used as instructional resources; these are referred to as edublogs. Microblogging is another type of blogging, featuring very short posts.\n\n\'Blog\' and \'blogging\' are now loosely used for content creation and sharing on social media, especially when the content is long-form and one creates and shares content on regular basis. So, one could be maintaining a blog on Facebook or blogging on Instagram.\n\nOn February 16, 2011, there were over 156 million public blogs in existence. On February 20, 2014, there were around 172 million Tumblr[4] and 75.8 million WordPress[5] blogs in existence worldwide. According to critics and other bloggers, Blogger is the most popular blogging service used today. However, Blogger does not offer public statistics.[6][7] Technorati lists 1.3 million blogs as of February 22, 2014.[8] A blog (a truncation of \"weblog\")[1] is a discussion or informational website published on the World Wide Web consisting of discrete, often informal diary-style text entries (posts). Posts are typically displayed in reverse chronological order, so that the most recent post appears first, at the top of the web page. Until 2009, blogs were usually the work of a single individual,[citation needed] occasionally of a small group, and often covered a single subject or topic. In the 2010s, \"multi-author blogs\" (MABs) emerged, featuring the writing of multiple authors and sometimes professionally edited. MABs from newspapers, other media outlets, universities, think tanks, advocacy groups, and similar institutions account for an increasing quantity of blog traffic. The rise of Twitter and other \"microblogging\" systems helps integrate MABs and single-author blogs into the news media. Blog can also be used as a verb, meaning to maintain or add content to a blog.\n\nThe emergence and growth of blogs in the late 1990s coincided with the advent of web publishing tools that facilitated the posting of content by non-technical users who did not have much experience with HTML or computer programming. Previously, a knowledge of such technologies as HTML and File Transfer Protocol had been required to publish content on the Web, and early Web users therefore tended to be hackers and computer enthusiasts. In the 2010s, the majority are interactive Web 2.0 websites, allowing visitors to leave online comments, and it is this interactivity that distinguishes them from other static websites.[2] In that sense, blogging can be seen as a form of social networking service. Indeed, bloggers not only produce content to post on their blogs but also often build social relations with their readers and other bloggers.[3] However, there are high-readership blogs which do not allow comments.\n\nMany blogs provide commentary on a particular subject or topic, ranging from philosophy, religion, and arts to science, politics, and sports. Others function as more personal online diaries or online brand advertising of a particular individual or company. A typical blog combines text, digital images, and links to other blogs, web pages, and other media related to its topic. The ability of readers to leave publicly viewable comments, and interact with other commenters, is an important contribution to the popularity of many blogs. However, blog owners or authors often moderate and filter online comments to remove hate speech or other offensive content. Most blogs are primarily textual, although some focus on art (art blogs), photographs (photoblogs), videos (video blogs or \"vlogs\"), music (MP3 blogs), and audio (podcasts). In education, blogs can be used as instructional resources; these are referred to as edublogs. Microblogging is another type of blogging, featuring very short posts.\n\n\'Blog\' and \'blogging\' are now loosely used for content creation and sharing on social media, especially when the content is long-form and one creates and shares content on regular basis. So, one could be maintaining a blog on Facebook or blogging on Instagram.\n\nOn February 16, 2011, there were over 156 million public blogs in existence. On February 20, 2014, there were around 172 million Tumblr[4] and 75.8 million WordPress[5] blogs in existence worldwide. According to critics and other bloggers, Blogger is the most popular blogging service used today. However, Blogger does not offer public statistics.[6][7] Technorati lists 1.3 million blogs as of February 22, 2014.[8]A blog (a truncation of \"weblog\")[1] is a discussion or informational website published on the World Wide Web consisting of discrete, often informal diary-style text entries (posts). Posts are typically displayed in reverse chronological order, so that the most recent post appears first, at the top of the web page. Until 2009, blogs were usually the work of a single individual,[citation needed] occasionally of a small group, and often covered a single subject or topic. In the 2010s, \"multi-author blogs\" (MABs) emerged, featuring the writing of multiple authors and sometimes professionally edited. MABs from newspapers, other media outlets, universities, think tanks, advocacy groups, and similar institutions account for an increasing quantity of blog traffic. The rise of Twitter and other \"microblogging\" systems helps integrate MABs and single-author blogs into the news media. Blog can also be used as a verb, meaning to maintain or add content to a blog.\n\nThe emergence and growth of blogs in the late 1990s coincided with the advent of web publishing tools that facilitated the posting of content by non-technical users who did not have much experience with HTML or computer programming. Previously, a knowledge of such technologies as HTML and File Transfer Protocol had been required to publish content on the Web, and early Web users therefore tended to be hackers and computer enthusiasts. In the 2010s, the majority are interactive Web 2.0 websites, allowing visitors to leave online comments, and it is this interactivity that distinguishes them from other static websites.[2] In that sense, blogging can be seen as a form of social networking service. Indeed, bloggers not only produce content to post on their blogs but also often build social relations with their readers and other bloggers.[3] However, there are high-readership blogs which do not allow comments.\n\nMany blogs provide commentary on a particular subject or topic, ranging from philosophy, religion, and arts to science, politics, and sports. Others function as more personal online diaries or online brand advertising of a particular individual or company. A typical blog combines text, digital images, and links to other blogs, web pages, and other media related to its topic. The ability of readers to leave publicly viewable comments, and interact with other commenters, is an important contribution to the popularity of many blogs. However, blog owners or authors often moderate and filter online comments to remove hate speech or other offensive content. Most blogs are primarily textual, although some focus on art (art blogs), photographs (photoblogs), videos (video blogs or \"vlogs\"), music (MP3 blogs), and audio (podcasts). In education, blogs can be used as instructional resources; these are referred to as edublogs. Microblogging is another type of blogging, featuring very short posts.\n\n\'Blog\' and \'blogging\' are now loosely used for content creation and sharing on social media, especially when the content is long-form and one creates and shares content on regular basis. So, one could be maintaining a blog on Facebook or blogging on Instagram.\n\nOn February 16, 2011, there were over 156 million public blogs in existence. On February 20, 2014, there were around 172 million Tumblr[4] and 75.8 million WordPress[5] blogs in existence worldwide. According to critics and other bloggers, Blogger is the most popular blogging service used today. However, Blogger does not offer public statistics.[6][7] Technorati lists 1.3 million blogs as of February 22, 2014.[8]', NULL),
(31, 11, 'en', 'app', 'hey', '<p>aSDASzd</p>', NULL),
(32, 15, 'en', 'asdf', 'sadf', '<p>asdfasdf</p>', NULL),
(33, 16, 'en', 'sdfg', 'sdfg', '<p>dsfg</p>', NULL),
(39, 12, 'en', 'GIANT DONUT CAKE', 'Giant Donut Cake! Learn how to make this adorable, sprinkle-coated, giant donut cake with a simple step-by-step tutorial by our contributors, Mary and Brenda Maher of Cakegirls.', '<p>So, I think it’s pretty safe to say that everyone loves a good donut. They’re not just sweet little wheels of deliciousness, but covered in colorful glaze and sprinkles, they just scream fun. And well,&nbsp;the only thing better than a donut, is a <strong>giant donut cake</strong>. Since we’ve seen the all-occasion sheet cake time and time again, this is the perfect upgrade to whip up for a best friend’s birthday, a tween sleepover or the monthly office birthday get together.</p><p>&nbsp;</p>', NULL),
(40, 3, 'en', 'CHAMPAGNE & RASPBERRY CUPCAKES', 'Champagne & Raspberry Cupcakes.', '<p>Champagne Raspberry Cupcakes – Bubbly champagne and raspberries come together in this delicious Valentine’s Day cupcake, topped with raspberry buttercream frosting and fresh raspberries.&nbsp;A new cupcake recipe created by our contributor,&nbsp;Lauren Kapeluck&nbsp;<br>&nbsp;</p>', NULL),
(41, 13, 'en', 'New Blog', 'sad', 'A blog (a truncation of \"weblog\")[1] is a discussion or informational website published on the World Wide Web consisting of discrete, often informal diary-style text entries (posts). Posts are typically displayed in reverse chronological order, so that the most recent post appears first, at the top of the web page. Until 2009, blogs were usually the work of a single individual,[citation needed] occasionally of a small group, and often covered a single subject or topic. In the 2010s, \"multi-author blogs\" (MABs) emerged, featuring the writing of multiple authors and sometimes professionally edited. MABs from newspapers, other media outlets, universities, think tanks, advocacy groups, and similar institutions account for an increasing quantity of blog traffic. The rise of Twitter and other \"microblogging\" systems helps integrate MABs and single-author blogs into the news media. Blog can also be used as a verb, meaning to maintain or add content to a blog.\n\nThe emergence and growth of blogs in the late 1990s coincided with the advent of web publishing tools that facilitated the posting of content by non-technical users who did not have much experience with HTML or computer programming. Previously, a knowledge of such technologies as HTML and File Transfer Protocol had been required to publish content on the Web, and early Web users therefore tended to be hackers and computer enthusiasts. In the 2010s, the majority are interactive Web 2.0 websites, allowing visitors to leave online comments, and it is this interactivity that distinguishes them from other static websites.[2] In that sense, blogging can be seen as a form of social networking service. Indeed, bloggers not only produce content to post on their blogs but also often build social relations with their readers and other bloggers.[3] However, there are high-readership blogs which do not allow comments.\n\nMany blogs provide commentary on a particular subject or topic, ranging from philosophy, religion, and arts to science, politics, and sports. Others function as more personal online diaries or online brand advertising of a particular individual or company. A typical blog combines text, digital images, and links to other blogs, web pages, and other media related to its topic. The ability of readers to leave publicly viewable comments, and interact with other commenters, is an important contribution to the popularity of many blogs. However, blog owners or authors often moderate and filter online comments to remove hate speech or other offensive content. Most blogs are primarily textual, although some focus on art (art blogs), photographs (photoblogs), videos (video blogs or \"vlogs\"), music (MP3 blogs), and audio (podcasts). In education, blogs can be used as instructional resources; these are referred to as edublogs. Microblogging is another type of blogging, featuring very short posts.\n\n\'Blog\' and \'blogging\' are now loosely used for content creation and sharing on social media, especially when the content is long-form and one creates and shares content on regular basis. So, one could be maintaining a blog on Facebook or blogging on Instagram.\n\nOn February 16, 2011, there were over 156 million public blogs in existence. On February 20, 2014, there were around 172 million Tumblr[4] and 75.8 million WordPress[5] blogs in existence worldwide. According to critics and other bloggers, Blogger is the most popular blogging service used today. However, Blogger does not offer public statistics.[6][7] Technorati lists 1.3 million blogs as of February 22, 2014.[8]A blog (a truncation of \"weblog\")[1] is a discussion or informational website published on the World Wide Web consisting of discrete, often informal diary-style text entries (posts). Posts are typically displayed in reverse chronological order, so that the most recent post appears first, at the top of the web page. Until 2009, blogs were usually the work of a single individual,[citation needed] occasionally of a small group, and often covered a single subject or topic. In the 2010s, \"multi-author blogs\" (MABs) emerged, featuring the writing of multiple authors and sometimes professionally edited. MABs from newspapers, other media outlets, universities, think tanks, advocacy groups, and similar institutions account for an increasing quantity of blog traffic. The rise of Twitter and other \"microblogging\" systems helps integrate MABs and single-author blogs into the news media. Blog can also be used as a verb, meaning to maintain or add content to a blog.\n\nThe emergence and growth of blogs in the late 1990s coincided with the advent of web publishing tools that facilitated the posting of content by non-technical users who did not have much experience with HTML or computer programming. Previously, a knowledge of such technologies as HTML and File Transfer Protocol had been required to publish content on the Web, and early Web users therefore tended to be hackers and computer enthusiasts. In the 2010s, the majority are interactive Web 2.0 websites, allowing visitors to leave online comments, and it is this interactivity that distinguishes them from other static websites.[2] In that sense, blogging can be seen as a form of social networking service. Indeed, bloggers not only produce content to post on their blogs but also often build social relations with their readers and other bloggers.[3] However, there are high-readership blogs which do not allow comments.\n\nMany blogs provide commentary on a particular subject or topic, ranging from philosophy, religion, and arts to science, politics, and sports. Others function as more personal online diaries or online brand advertising of a particular individual or company. A typical blog combines text, digital images, and links to other blogs, web pages, and other media related to its topic. The ability of readers to leave publicly viewable comments, and interact with other commenters, is an important contribution to the popularity of many blogs. However, blog owners or authors often moderate and filter online comments to remove hate speech or other offensive content. Most blogs are primarily textual, although some focus on art (art blogs), photographs (photoblogs), videos (video blogs or \"vlogs\"), music (MP3 blogs), and audio (podcasts). In education, blogs can be used as instructional resources; these are referred to as edublogs. Microblogging is another type of blogging, featuring very short posts.\n\n\'Blog\' and \'blogging\' are now loosely used for content creation and sharing on social media, especially when the content is long-form and one creates and shares content on regular basis. So, one could be maintaining a blog on Facebook or blogging on Instagram.\n\nOn February 16, 2011, there were over 156 million public blogs in existence. On February 20, 2014, there were around 172 million Tumblr[4] and 75.8 million WordPress[5] blogs in existence worldwide. According to critics and other bloggers, Blogger is the most popular blogging service used today. However, Blogger does not offer public statistics.[6][7] Technorati lists 1.3 million blogs as of February 22, 2014.[8] A blog (a truncation of \"weblog\")[1] is a discussion or informational website published on the World Wide Web consisting of discrete, often informal diary-style text entries (posts). Posts are typically displayed in reverse chronological order, so that the most recent post appears first, at the top of the web page. Until 2009, blogs were usually the work of a single individual,[citation needed] occasionally of a small group, and often covered a single subject or topic. In the 2010s, \"multi-author blogs\" (MABs) emerged, featuring the writing of multiple authors and sometimes professionally edited. MABs from newspapers, other media outlets, universities, think tanks, advocacy groups, and similar institutions account for an increasing quantity of blog traffic. The rise of Twitter and other \"microblogging\" systems helps integrate MABs and single-author blogs into the news media. Blog can also be used as a verb, meaning to maintain or add content to a blog.\n\nThe emergence and growth of blogs in the late 1990s coincided with the advent of web publishing tools that facilitated the posting of content by non-technical users who did not have much experience with HTML or computer programming. Previously, a knowledge of such technologies as HTML and File Transfer Protocol had been required to publish content on the Web, and early Web users therefore tended to be hackers and computer enthusiasts. In the 2010s, the majority are interactive Web 2.0 websites, allowing visitors to leave online comments, and it is this interactivity that distinguishes them from other static websites.[2] In that sense, blogging can be seen as a form of social networking service. Indeed, bloggers not only produce content to post on their blogs but also often build social relations with their readers and other bloggers.[3] However, there are high-readership blogs which do not allow comments.\n\nMany blogs provide commentary on a particular subject or topic, ranging from philosophy, religion, and arts to science, politics, and sports. Others function as more personal online diaries or online brand advertising of a particular individual or company. A typical blog combines text, digital images, and links to other blogs, web pages, and other media related to its topic. The ability of readers to leave publicly viewable comments, and interact with other commenters, is an important contribution to the popularity of many blogs. However, blog owners or authors often moderate and filter online comments to remove hate speech or other offensive content. Most blogs are primarily textual, although some focus on art (art blogs), photographs (photoblogs), videos (video blogs or \"vlogs\"), music (MP3 blogs), and audio (podcasts). In education, blogs can be used as instructional resources; these are referred to as edublogs. Microblogging is another type of blogging, featuring very short posts.\n\n\'Blog\' and \'blogging\' are now loosely used for content creation and sharing on social media, especially when the content is long-form and one creates and shares content on regular basis. So, one could be maintaining a blog on Facebook or blogging on Instagram.\n\nOn February 16, 2011, there were over 156 million public blogs in existence. On February 20, 2014, there were around 172 million Tumblr[4] and 75.8 million WordPress[5] blogs in existence worldwide. According to critics and other bloggers, Blogger is the most popular blogging service used today. However, Blogger does not offer public statistics.[6][7] Technorati lists 1.3 million blogs as of February 22, 2014.[8]A blog (a truncation of \"weblog\")[1] is a discussion or informational website published on the World Wide Web consisting of discrete, often informal diary-style text entries (posts). Posts are typically displayed in reverse chronological order, so that the most recent post appears first, at the top of the web page. Until 2009, blogs were usually the work of a single individual,[citation needed] occasionally of a small group, and often covered a single subject or topic. In the 2010s, \"multi-author blogs\" (MABs) emerged, featuring the writing of multiple authors and sometimes professionally edited. MABs from newspapers, other media outlets, universities, think tanks, advocacy groups, and similar institutions account for an increasing quantity of blog traffic. The rise of Twitter and other \"microblogging\" systems helps integrate MABs and single-author blogs into the news media. Blog can also be used as a verb, meaning to maintain or add content to a blog.\n\nThe emergence and growth of blogs in the late 1990s coincided with the advent of web publishing tools that facilitated the posting of content by non-technical users who did not have much experience with HTML or computer programming. Previously, a knowledge of such technologies as HTML and File Transfer Protocol had been required to publish content on the Web, and early Web users therefore tended to be hackers and computer enthusiasts. In the 2010s, the majority are interactive Web 2.0 websites, allowing visitors to leave online comments, and it is this interactivity that distinguishes them from other static websites.[2] In that sense, blogging can be seen as a form of social networking service. Indeed, bloggers not only produce content to post on their blogs but also often build social relations with their readers and other bloggers.[3] However, there are high-readership blogs which do not allow comments.\n\nMany blogs provide commentary on a particular subject or topic, ranging from philosophy, religion, and arts to science, politics, and sports. Others function as more personal online diaries or online brand advertising of a particular individual or company. A typical blog combines text, digital images, and links to other blogs, web pages, and other media related to its topic. The ability of readers to leave publicly viewable comments, and interact with other commenters, is an important contribution to the popularity of many blogs. However, blog owners or authors often moderate and filter online comments to remove hate speech or other offensive content. Most blogs are primarily textual, although some focus on art (art blogs), photographs (photoblogs), videos (video blogs or \"vlogs\"), music (MP3 blogs), and audio (podcasts). In education, blogs can be used as instructional resources; these are referred to as edublogs. Microblogging is another type of blogging, featuring very short posts.\n\n\'Blog\' and \'blogging\' are now loosely used for content creation and sharing on social media, especially when the content is long-form and one creates and shares content on regular basis. So, one could be maintaining a blog on Facebook or blogging on Instagram.\n\nOn February 16, 2011, there were over 156 million public blogs in existence. On February 20, 2014, there were around 172 million Tumblr[4] and 75.8 million WordPress[5] blogs in existence worldwide. According to critics and other bloggers, Blogger is the most popular blogging service used today. However, Blogger does not offer public statistics.[6][7] Technorati lists 1.3 million blogs as of February 22, 2014.[8]', NULL);
INSERT INTO `blog_translations` (`id`, `blog_id`, `locale`, `title`, `short_desc`, `description`, `deleted_at`) VALUES
(42, 17, 'en', 'New Blog', 'sad', 'A blog (a truncation of \"weblog\")[1] is a discussion or informational website published on the World Wide Web consisting of discrete, often informal diary-style text entries (posts). Posts are typically displayed in reverse chronological order, so that the most recent post appears first, at the top of the web page. Until 2009, blogs were usually the work of a single individual,[citation needed] occasionally of a small group, and often covered a single subject or topic. In the 2010s, \"multi-author blogs\" (MABs) emerged, featuring the writing of multiple authors and sometimes professionally edited. MABs from newspapers, other media outlets, universities, think tanks, advocacy groups, and similar institutions account for an increasing quantity of blog traffic. The rise of Twitter and other \"microblogging\" systems helps integrate MABs and single-author blogs into the news media. Blog can also be used as a verb, meaning to maintain or add content to a blog.\n\nThe emergence and growth of blogs in the late 1990s coincided with the advent of web publishing tools that facilitated the posting of content by non-technical users who did not have much experience with HTML or computer programming. Previously, a knowledge of such technologies as HTML and File Transfer Protocol had been required to publish content on the Web, and early Web users therefore tended to be hackers and computer enthusiasts. In the 2010s, the majority are interactive Web 2.0 websites, allowing visitors to leave online comments, and it is this interactivity that distinguishes them from other static websites.[2] In that sense, blogging can be seen as a form of social networking service. Indeed, bloggers not only produce content to post on their blogs but also often build social relations with their readers and other bloggers.[3] However, there are high-readership blogs which do not allow comments.\n\nMany blogs provide commentary on a particular subject or topic, ranging from philosophy, religion, and arts to science, politics, and sports. Others function as more personal online diaries or online brand advertising of a particular individual or company. A typical blog combines text, digital images, and links to other blogs, web pages, and other media related to its topic. The ability of readers to leave publicly viewable comments, and interact with other commenters, is an important contribution to the popularity of many blogs. However, blog owners or authors often moderate and filter online comments to remove hate speech or other offensive content. Most blogs are primarily textual, although some focus on art (art blogs), photographs (photoblogs), videos (video blogs or \"vlogs\"), music (MP3 blogs), and audio (podcasts). In education, blogs can be used as instructional resources; these are referred to as edublogs. Microblogging is another type of blogging, featuring very short posts.\n\n\'Blog\' and \'blogging\' are now loosely used for content creation and sharing on social media, especially when the content is long-form and one creates and shares content on regular basis. So, one could be maintaining a blog on Facebook or blogging on Instagram.\n\nOn February 16, 2011, there were over 156 million public blogs in existence. On February 20, 2014, there were around 172 million Tumblr[4] and 75.8 million WordPress[5] blogs in existence worldwide. According to critics and other bloggers, Blogger is the most popular blogging service used today. However, Blogger does not offer public statistics.[6][7] Technorati lists 1.3 million blogs as of February 22, 2014.[8]A blog (a truncation of \"weblog\")[1] is a discussion or informational website published on the World Wide Web consisting of discrete, often informal diary-style text entries (posts). Posts are typically displayed in reverse chronological order, so that the most recent post appears first, at the top of the web page. Until 2009, blogs were usually the work of a single individual,[citation needed] occasionally of a small group, and often covered a single subject or topic. In the 2010s, \"multi-author blogs\" (MABs) emerged, featuring the writing of multiple authors and sometimes professionally edited. MABs from newspapers, other media outlets, universities, think tanks, advocacy groups, and similar institutions account for an increasing quantity of blog traffic. The rise of Twitter and other \"microblogging\" systems helps integrate MABs and single-author blogs into the news media. Blog can also be used as a verb, meaning to maintain or add content to a blog.\n\nThe emergence and growth of blogs in the late 1990s coincided with the advent of web publishing tools that facilitated the posting of content by non-technical users who did not have much experience with HTML or computer programming. Previously, a knowledge of such technologies as HTML and File Transfer Protocol had been required to publish content on the Web, and early Web users therefore tended to be hackers and computer enthusiasts. In the 2010s, the majority are interactive Web 2.0 websites, allowing visitors to leave online comments, and it is this interactivity that distinguishes them from other static websites.[2] In that sense, blogging can be seen as a form of social networking service. Indeed, bloggers not only produce content to post on their blogs but also often build social relations with their readers and other bloggers.[3] However, there are high-readership blogs which do not allow comments.\n\nMany blogs provide commentary on a particular subject or topic, ranging from philosophy, religion, and arts to science, politics, and sports. Others function as more personal online diaries or online brand advertising of a particular individual or company. A typical blog combines text, digital images, and links to other blogs, web pages, and other media related to its topic. The ability of readers to leave publicly viewable comments, and interact with other commenters, is an important contribution to the popularity of many blogs. However, blog owners or authors often moderate and filter online comments to remove hate speech or other offensive content. Most blogs are primarily textual, although some focus on art (art blogs), photographs (photoblogs), videos (video blogs or \"vlogs\"), music (MP3 blogs), and audio (podcasts). In education, blogs can be used as instructional resources; these are referred to as edublogs. Microblogging is another type of blogging, featuring very short posts.\n\n\'Blog\' and \'blogging\' are now loosely used for content creation and sharing on social media, especially when the content is long-form and one creates and shares content on regular basis. So, one could be maintaining a blog on Facebook or blogging on Instagram.\n\nOn February 16, 2011, there were over 156 million public blogs in existence. On February 20, 2014, there were around 172 million Tumblr[4] and 75.8 million WordPress[5] blogs in existence worldwide. According to critics and other bloggers, Blogger is the most popular blogging service used today. However, Blogger does not offer public statistics.[6][7] Technorati lists 1.3 million blogs as of February 22, 2014.[8] A blog (a truncation of \"weblog\")[1] is a discussion or informational website published on the World Wide Web consisting of discrete, often informal diary-style text entries (posts). Posts are typically displayed in reverse chronological order, so that the most recent post appears first, at the top of the web page. Until 2009, blogs were usually the work of a single individual,[citation needed] occasionally of a small group, and often covered a single subject or topic. In the 2010s, \"multi-author blogs\" (MABs) emerged, featuring the writing of multiple authors and sometimes professionally edited. MABs from newspapers, other media outlets, universities, think tanks, advocacy groups, and similar institutions account for an increasing quantity of blog traffic. The rise of Twitter and other \"microblogging\" systems helps integrate MABs and single-author blogs into the news media. Blog can also be used as a verb, meaning to maintain or add content to a blog.\n\nThe emergence and growth of blogs in the late 1990s coincided with the advent of web publishing tools that facilitated the posting of content by non-technical users who did not have much experience with HTML or computer programming. Previously, a knowledge of such technologies as HTML and File Transfer Protocol had been required to publish content on the Web, and early Web users therefore tended to be hackers and computer enthusiasts. In the 2010s, the majority are interactive Web 2.0 websites, allowing visitors to leave online comments, and it is this interactivity that distinguishes them from other static websites.[2] In that sense, blogging can be seen as a form of social networking service. Indeed, bloggers not only produce content to post on their blogs but also often build social relations with their readers and other bloggers.[3] However, there are high-readership blogs which do not allow comments.\n\nMany blogs provide commentary on a particular subject or topic, ranging from philosophy, religion, and arts to science, politics, and sports. Others function as more personal online diaries or online brand advertising of a particular individual or company. A typical blog combines text, digital images, and links to other blogs, web pages, and other media related to its topic. The ability of readers to leave publicly viewable comments, and interact with other commenters, is an important contribution to the popularity of many blogs. However, blog owners or authors often moderate and filter online comments to remove hate speech or other offensive content. Most blogs are primarily textual, although some focus on art (art blogs), photographs (photoblogs), videos (video blogs or \"vlogs\"), music (MP3 blogs), and audio (podcasts). In education, blogs can be used as instructional resources; these are referred to as edublogs. Microblogging is another type of blogging, featuring very short posts.\n\n\'Blog\' and \'blogging\' are now loosely used for content creation and sharing on social media, especially when the content is long-form and one creates and shares content on regular basis. So, one could be maintaining a blog on Facebook or blogging on Instagram.\n\nOn February 16, 2011, there were over 156 million public blogs in existence. On February 20, 2014, there were around 172 million Tumblr[4] and 75.8 million WordPress[5] blogs in existence worldwide. According to critics and other bloggers, Blogger is the most popular blogging service used today. However, Blogger does not offer public statistics.[6][7] Technorati lists 1.3 million blogs as of February 22, 2014.[8]A blog (a truncation of \"weblog\")[1] is a discussion or informational website published on the World Wide Web consisting of discrete, often informal diary-style text entries (posts). Posts are typically displayed in reverse chronological order, so that the most recent post appears first, at the top of the web page. Until 2009, blogs were usually the work of a single individual,[citation needed] occasionally of a small group, and often covered a single subject or topic. In the 2010s, \"multi-author blogs\" (MABs) emerged, featuring the writing of multiple authors and sometimes professionally edited. MABs from newspapers, other media outlets, universities, think tanks, advocacy groups, and similar institutions account for an increasing quantity of blog traffic. The rise of Twitter and other \"microblogging\" systems helps integrate MABs and single-author blogs into the news media. Blog can also be used as a verb, meaning to maintain or add content to a blog.\n\nThe emergence and growth of blogs in the late 1990s coincided with the advent of web publishing tools that facilitated the posting of content by non-technical users who did not have much experience with HTML or computer programming. Previously, a knowledge of such technologies as HTML and File Transfer Protocol had been required to publish content on the Web, and early Web users therefore tended to be hackers and computer enthusiasts. In the 2010s, the majority are interactive Web 2.0 websites, allowing visitors to leave online comments, and it is this interactivity that distinguishes them from other static websites.[2] In that sense, blogging can be seen as a form of social networking service. Indeed, bloggers not only produce content to post on their blogs but also often build social relations with their readers and other bloggers.[3] However, there are high-readership blogs which do not allow comments.\n\nMany blogs provide commentary on a particular subject or topic, ranging from philosophy, religion, and arts to science, politics, and sports. Others function as more personal online diaries or online brand advertising of a particular individual or company. A typical blog combines text, digital images, and links to other blogs, web pages, and other media related to its topic. The ability of readers to leave publicly viewable comments, and interact with other commenters, is an important contribution to the popularity of many blogs. However, blog owners or authors often moderate and filter online comments to remove hate speech or other offensive content. Most blogs are primarily textual, although some focus on art (art blogs), photographs (photoblogs), videos (video blogs or \"vlogs\"), music (MP3 blogs), and audio (podcasts). In education, blogs can be used as instructional resources; these are referred to as edublogs. Microblogging is another type of blogging, featuring very short posts.\n\n\'Blog\' and \'blogging\' are now loosely used for content creation and sharing on social media, especially when the content is long-form and one creates and shares content on regular basis. So, one could be maintaining a blog on Facebook or blogging on Instagram.\n\nOn February 16, 2011, there were over 156 million public blogs in existence. On February 20, 2014, there were around 172 million Tumblr[4] and 75.8 million WordPress[5] blogs in existence worldwide. According to critics and other bloggers, Blogger is the most popular blogging service used today. However, Blogger does not offer public statistics.[6][7] Technorati lists 1.3 million blogs as of February 22, 2014.[8]', NULL),
(43, 18, 'en', 'A List Of Healthy Foods You Can Eat Without Gaining Any Weight', 'Eating a big, healthy breakfast may curb your hunger later in the day, a new study finds.', '<p>Eating a big, healthy breakfast may curb your hunger later in the day, a new study finds.</p>', NULL),
(45, 19, 'en', 'test', 'test', '<p>estset</p>', NULL),
(46, 8, 'en', 'Blog', 'Blog', '<p>Blog<img src=\"https://api.foodyman.org/storage/images/blogs/107-1672918422.webp\"></p>', NULL),
(47, 20, 'en', 'test', 'okkk', '<p>dfdddgggh</p>', NULL),
(48, 21, 'en', 'okoko', 'kj', '<p>oijoj</p>', NULL),
(49, 22, 'en', 'testing', 'testing', '<p>testing</p>', NULL),
(50, 23, 'en', 'hello', 'hello', '<p>imax</p>', NULL),
(51, 24, 'en', 'hello', 'hello', '<p>imax</p>', NULL),
(52, 25, 'pt', 'okk', 'jhhhjj', '<p>hgfuu</p>', NULL),
(53, 26, 'pt', 'hi', 'hi', '<p>hi</p>', NULL),
(54, 27, 'pt', 'test', 'test', '<p>test</p>', NULL),
(55, 28, 'fa', 'Hola', 'Hola', '<p>Hola</p>', NULL),
(56, 29, 'en', 'hii', 'hii', '<p>jii</p>', NULL),
(57, 30, 'fa', 'a', 'a', '<p>a</p>', NULL),
(58, 31, 'en', 'test notification', 'notification test if to check notification working', '<p>Hello again,</p><p>this notification test if to check notification working</p><p>&nbsp;</p><p>thank you</p>', NULL),
(59, 32, 'en', 'Test de merde', 'Merde', '<p>Merde</p>', NULL),
(60, 33, 'en', 'drgd d', 'dgdrgdrgdrgd', '<p>drgfb f dr hd&nbsp;</p>', NULL),
(61, 34, 'en', 'CHAMPAGNE & RASPBERRY CUPCAKES 1222', 'Champagne & Raspberry Cupcakes. 1122', '<p>Champagne Raspberry Cupcakes – Bubbly champagne and raspberries come together in this delicious Valentine’s Day cupcake, topped with raspberry buttercream frosting and fresh raspberries.&nbsp;A new cupcake recipe created by our contributor,&nbsp;Lauren Kapeluck&nbsp; 1112<br>&nbsp;</p>', NULL),
(62, 35, 'en', 'hola', 'hola', '<p>hola mi amigo</p>', NULL),
(63, 36, 'en', 'terst', 'terst', '<p>terst</p>', NULL),
(64, 37, 'en', 'test434', 'dbgnzdfbZdfn', '<p><img src=\"https://foodyman.s3.amazonaws.com/public/images/blogs/107-1683192357.webp\"></p>', NULL),
(66, 38, 'en', 'CAMPBELL\'S® Easy Broccoli and Chicken Skillet', 'Ingredients Meat • 2 cups cooked chicken breasts without bones and skin Vegetables and fruits • 3 cups of broccoli inflorescences, cooked hot Preserves', '<p>Ingredients<br>Meat<br>• 2 cups cooked chicken breasts without bones and skin<br>Vegetables and fruits<br>• 3 cups of broccoli inflorescences, cooked hot<br>Preserves</p><p>en meer</p>', NULL),
(67, 39, 'en', '1', '1', '<p>1</p>', NULL),
(68, 40, 'en', 'New event', 'lorem ipsum', '<p>Lorem ipsum dolor sit amet</p>', NULL),
(70, 41, 'en', 'test', 'test', '<p>test</p>', NULL),
(71, 42, 'en', 'test', 'test', '<p>test</p>', NULL),
(72, 44, 'en', 'Belissimodan yana bir yangilikni kutib oling', 'First BlogesFirst BlogesFirst BlogesFirst BlogesFirst BlogesFirst BlogesFirst BlogesFirst BlogesFirst Bloges', '<p>sdadadada</p>', NULL),
(74, 45, 'en', 'Yangicha dizayn va yangicha G\'oya', 'Nima gaplar', '<p>Hamma qayerda nbv masMM MMMM MMMMMMMM MMMM MMMMMMM MMQWKK kk asKJHDG Amd baMJ ASBJKakjG &nbsp;DA &nbsp;dhdha ads &nbsp;jd asjkhash gjasdjh gadgjh ghasjd da &nbsp;dasjkdas kjda &nbsp;sgkjad &nbsp;dasgjk a dskj dakj dagkj &nbsp;d adkjg dakda gkjdasgk jasdgdk agdk adgkdasg djkasg &nbsp;dkaj &nbsp;djkad d da &nbsp;d &nbsp;dashka &nbsp;ks &nbsp;hjgads &nbsp; d daskjgdk a ds dk ags da k da kad kad d d &nbsp; svc</p>', NULL),
(75, 46, 'en', 'Vaqtincha ish xato', 'test sifatida sayt iwlayabdi', '<p><img>dadadadasdad bs ius sil vlks ilhvsdk &nbsp;kjcv cxzk vcxz klzxh lk ailusi &nbsp;lvahl vkc &nbsp;lhsd &nbsp;lkhsl asl hlihsa ihsa kjakl alk wuhwqe vbm,vsd,jb x,bds ivaew oiw hyowiyhfo8w &nbsp;wiluysiah ckljhvkjhas asihkhsdlsail uawauy &nbsp;eailweaoiow vlishsk lkhdsl slisaf afafdsdfsdfsdfsdf <img></p>', NULL),
(76, 47, 'en', 'fsdf', 'fsdfsd', '<p>dfsfsf</p>', NULL),
(78, 48, 'en', 'fsdfdds', 'fsdfsdf   sfjfs  jhkgdf f fkgj     fsfaf f fa hjvsfghj gf hgjgs g s gfskjhafd jkhdv af fklas', '<p>dfsfsffsdfsdf &nbsp; sfjfs &nbsp;jhkgdf f fkgj &nbsp; &nbsp; fsfaf f fa hjvsfghj gf hgjgs g s gfskjhafd jkhdv af fklasfsdfsdf &nbsp; sfjfs &nbsp;jhkgdf f fkgj &nbsp; &nbsp; fsfaf f fa hjvsfghj gf hgjgs g s gfskjhafd jkhdv af fklasfsdfsdf &nbsp; sfjfs &nbsp;jhkgdf f fkgj &nbsp; &nbsp; fsfaf f fa hjvsfghj gf hgjgs g s gfskjhafd jkhdv af fklasfsdfsdf &nbsp; sfjfs &nbsp;jhkgdf f fkgj &nbsp; &nbsp; fsfaf f fa hjvsfghj gf hgjgs g s gfskjhafd jkhdv af fklasfsdfsdf &nbsp; sfjfs &nbsp;jhkgdf f fkgj &nbsp; &nbsp; fsfaf f fa hjvsfghj gf hgjgs g s gfskjhafd jkhdv af fklasfsdfsdf &nbsp; sfjfs &nbsp;jhkgdf f fkgj &nbsp; &nbsp; fsfaf f fa hjvsfghj gf hgjgs g s gfskjhafd jkhdv af fklasfsdfsdf &nbsp; sfjfs &nbsp;jhkgdf f fkgj &nbsp; &nbsp; fsfaf f fa hjvsfghj gf hgjgs g s gfskjhafd jkhdv af fklasfsdfsdf &nbsp; sfjfs &nbsp;jhkgdf f fkgj &nbsp; &nbsp; fsfaf f fa hjvsfghj gf hgjgs g s gfskjhafd jkhdv af fklasfsdfsdf &nbsp; sfjfs &nbsp;jhkgdf f fkgj &nbsp; &nbsp; fsfaf f fa hjvsfghj gf hgjgs g s gfskjhafd jkhdv af fklasfsdfsdf &nbsp; sfjfs &nbsp;jhkgdf f fkgj &nbsp; &nbsp; fsfaf f fa hjvsfghj gf hgjgs g s gfskjhafd jkhdv af fklasfsdfsdf &nbsp; sfjfs &nbsp;jhkgdf f fkgj &nbsp; &nbsp; fsfaf f fa hjvsfghj gf hgjgs g s gfskjhafd jkhdv af fklasfsdfsdf &nbsp; sfjfs &nbsp;jhkgdf f fkgj &nbsp; &nbsp; fsfaf f fa hjvsfghj gf hgjgs g s gfskjhafd jkhdv af fklasfsdfsdf &nbsp; sfjfs &nbsp;jhkgdf f fkgj &nbsp; &nbsp; fsfaf f fa hjvsfghj gf hgjgs g s gfskjhafd jkhdv af fklas</p>', NULL),
(79, 49, 'en', 'asd', 'asdasd', '<p>&nbsp;</p><p><img src=\"https://foodyman.s3.amazonaws.com/public/images/blogs/107-1689765908.webp\"><br>asdasdasdasdadad</p>', NULL),
(80, 50, 'en', 'asd', 'lksdfmgdsfgl', '<figure class=\"image\"><img src=\"https://foodyman.s3.amazonaws.com/public/images/blogs/107-1689767108.webp\"></figure>', NULL),
(81, 51, 'en', 's;ldf;sldf', 'lksdfksd', '<p><img src=\"https://foodyman.s3.amazonaws.com/public/images/blogs/107-1689767124.webp\"></p><p>asd</p>', NULL),
(83, 52, 'en', 'asd', 'sadsd', '<figure class=\"image\"><img src=\"https://foodyman.s3.amazonaws.com/public/images/blogs/107-1689767708.webp\"></figure>', NULL),
(84, 53, 'en', 'zs', 'asdas', '<figure class=\"image\"><img src=\"https://foodyman.s3.amazonaws.com/public/images/blogs/107-1689767708.webp\"></figure>', NULL),
(85, 54, 'en', 'new', 'new', '<p>new</p>', NULL),
(92, 55, 'en', 'TitleTitleTitleTitleTitleTitleTitleTitleTitle TitleTitleTitleTitleTitle', 'descriptiondescriptiondescriptiondescription descriptiondescriptiondescriptiondescription', '<p>descriptiondescriptiondescriptiondes criptiondescriptiondescriptiondes criptiondescriptiondescriptiondes criptiondescriptiondescriptiondes criptiondescriptiondescriptiond escriptiondescriptiondescripti &nbsp;ondescriptiondescriptiondes criptiondescriptiondescription &nbsp;descriptiondescriptionde scriptiondescriptiondescripti ondescriptiondescriptiondescriptionde</p>', NULL),
(93, 56, 'en', 'image notification', 'image description', '<figure class=\"image\"><img></figure>', NULL),
(94, 57, 'en', 'image 1', 'short description1', '<p>description 1</p><figure class=\"image\"><img src=\"https://foodyman.s3.amazonaws.com/public/images/blogs/107-1690375290.webp\"></figure>', NULL),
(95, 58, 'en', 'dkjgdkg', 'sdfsdfsf', '<p>sdfsdfsdf</p><figure class=\"image\"><img src=\"https://foodyman.s3.amazonaws.com/public/images/blogs/107-1690375537.webp\"></figure>', NULL),
(96, 59, 'en', 'dkjgdkg', 'sdfsdfsf', '<p>sdfsdfsdf</p><figure class=\"image\"><img src=\"https://foodyman.s3.amazonaws.com/public/images/blogs/107-1690375537.webp\"></figure>', NULL),
(97, 60, 'en', 'english', 'lksdfmgdsfgl', '<p>saasdasdasd</p><figure class=\"image\"><img></figure>', NULL),
(98, 61, 'en', 'image 1', 'short description1', '<p>description 1</p><figure class=\"image\"><img src=\"https://foodyman.s3.amazonaws.com/public/images/blogs/107-1690376058.webp\"></figure>', NULL),
(99, 62, 'en', 'test sifatida sayt iwlayabdi', 'fsdfsd', '<p>gfdgdgdyrteyteryery</p>', NULL),
(100, 63, 'en', 'test sifatida sayt iwlayabdi', 'test sifatida sayt iwlayabdi', '<p>test test test</p>', NULL),
(101, 64, 'en', 'English Title', 'fdderrefdfd', '<p>fdsfrwwerretewte</p>', NULL),
(102, 65, 'en', '2389r298w7jhkrejskjksfjkfs', 'fsfsfsfs', '<p>fsfsfsfsfsd</p>', NULL),
(103, 66, 'en', '123123', '123asd', '<p>asd</p>', NULL),
(104, 67, 'en', '123123', 'asasd', '<p>ads</p>', NULL),
(105, 68, 'en', '123123', '123asd', '<p>asd</p>', NULL),
(106, 69, 'en', '123123', '123asd', '<p>asd</p>', NULL),
(107, 70, 'en', '123123', '123asd', '<p>asd</p>', NULL),
(108, 71, 'en', '123123', '123asd', '<p>asd</p>', NULL),
(109, 72, 'en', '123123', '123asd', '<p>asd</p>', NULL),
(110, 73, 'en', '123123', '123asd', '<p>asd</p>', NULL),
(111, 74, 'en', '123123', '123asd', '<p>asd</p>', NULL),
(112, 75, 'en', '123123', '123asd', '<p>asd</p>', NULL),
(113, 76, 'en', '123123', '123asd', '<p>asd</p>', NULL),
(114, 77, 'en', '123123', '123asd', '<p>asd</p>', NULL),
(115, 78, 'en', '123123', '123asd', '<p>asd</p>', NULL),
(116, 79, 'en', '123123', '123asd', '<p>asd</p>', NULL),
(117, 80, 'en', '121221', '12312', '<p>1221</p>', NULL),
(118, 81, 'en', 'Saytni yangilang', 'test sifatida sayt iwlayabdi', '<p>gfggfgfg<img src=\"https://foodyman.s3.amazonaws.com/public/images/blogs/107-1690794533.webp\"></p>', NULL),
(119, 82, 'en', 'Inter Nation', 'Yangi turdagi darslar', '<figure class=\"image\"><img src=\"https://foodyman.s3.amazonaws.com/public/images/blogs/107-1690814197.webp\"></figure>', NULL),
(120, 83, 'en', 'Bloglar', 'english myl ife', '<p>qweeqeqeqeq</p>', NULL),
(121, 84, 'en', 'English Title', 'test sifatida sayt iwlayabdi', '<p>dfsfwrwqrwqrq<img></p>', NULL),
(122, 85, 'en', 'Big sale', '50% discount for every product', '<p>paragraph</p>', NULL),
(123, 86, 'en', 'test', 'asdasdasd', '<p>asdasdasd</p>', NULL),
(124, 87, 'en', 'sadasdasd', 'dasdasd', '<p>asdasdasd</p>', NULL),
(125, 88, 'en', 'Big sale', '50% discount for every product', '<p>paragraph</p>', NULL),
(126, 89, 'en', 'Saytni yangilang', 'test sifatida sayt iwlayabdi', '<p>gfggfgfg<img src=\"https://foodyman.s3.amazonaws.com/public/images/blogs/107-1690794533.webp\"></p>', NULL),
(127, 90, 'om', 'test1', 'short description', '<p>description</p>', NULL),
(128, 91, 'om', 'test12', 'short description', '<p>description</p>', NULL),
(129, 92, 'en', 'test blog', 'asdasdasd', '<p>dsdjklsdjkfl</p>', NULL),
(130, 93, 'en', 'test1', 'asdasdasd', '<p>asdasd</p>', NULL),
(131, 94, 'en', 'test blog1', 'asdasdasd1', '<p>sadasdasd1</p>', NULL),
(132, 95, 'en', 'fddd', 'ssssss', '<p>gggg</p>', NULL),
(133, 96, 'en', 'ok', 'okccccc', '<p>zzzzzz</p>', NULL),
(134, 97, 'en', 'ji', 'hhioi', '<p>okmko</p>', NULL),
(135, 98, 'en', 'ToGo Express', 'cccxxz', '<p>ghi</p>', NULL),
(136, 99, 'en', 'ssdcb', 'aaaaaaa', '<p>sound check</p>', NULL),
(138, 100, 'en', 'Inter Nation', 'english myl ife', '<p><img src=\"https://foodyman.s3.amazonaws.com/public/images/blogs/107-1693736948.webp\">kjdfsk dfsm,nds,m dkjhgdks fudjhgdfkjhgdfs dsj,hgdskjgdsjkg dfdsg</p><p>&nbsp;</p><p>&nbsp;</p><figure class=\"image\"><img src=\"https://foodyman.s3.amazonaws.com/public/images/blogs/107-1693736956.webp\"></figure>', NULL),
(139, 101, 'en', 'great', 'uutyr', '<p>rtytyyuyu</p>', NULL),
(140, 102, 'en', 'great', 'uutyr', '<p>rtytyyuyu</p>', NULL),
(141, 103, 'en', 'youtube', 'check this out', '<p>great</p>', NULL),
(144, 104, 'ar', 'Test', 'Test', '<p>Test</p>', NULL),
(145, 104, 'en', 'Test', 'Test', '<p>Test</p>', NULL),
(146, 105, 'en', 'dryet', 'dgdfgfd', '<p>dhhfghfdhgdfd</p>', NULL);

-- --------------------------------------------------------

--
-- Структура таблицы `bonuses`
--

CREATE TABLE `bonuses` (
  `id` bigint UNSIGNED NOT NULL,
  `bonusable_type` varchar(255) CHARACTER SET utf8mb4 COLLATE utf8mb4_unicode_ci NOT NULL,
  `bonusable_id` bigint UNSIGNED NOT NULL,
  `bonus_quantity` int NOT NULL,
  `bonus_stock_id` bigint UNSIGNED DEFAULT NULL,
  `value` int NOT NULL,
  `type` enum('count','sum') CHARACTER SET utf8mb4 COLLATE utf8mb4_unicode_ci NOT NULL,
  `expired_at` datetime NOT NULL,
  `status` tinyint(1) NOT NULL DEFAULT '1',
  `created_at` timestamp NULL DEFAULT NULL,
  `updated_at` timestamp NULL DEFAULT NULL,
  `shop_id` bigint UNSIGNED NOT NULL,
  `deleted_at` timestamp NULL DEFAULT NULL
) ENGINE=InnoDB DEFAULT CHARSET=utf8mb4 COLLATE=utf8mb4_unicode_ci;

--
-- Дамп данных таблицы `bonuses`
--

INSERT INTO `bonuses` (`id`, `bonusable_type`, `bonusable_id`, `bonus_quantity`, `bonus_stock_id`, `value`, `type`, `expired_at`, `status`, `created_at`, `updated_at`, `shop_id`, `deleted_at`) VALUES
(7, 'App\\Models\\Stock', 8, 1, 9, 1, 'count', '2022-12-10 00:00:00', 1, '2022-12-10 13:36:05', '2022-12-10 13:36:05', 504, NULL),
(8, 'App\\Models\\Shop', 504, 1, 8, 100, 'sum', '2022-12-10 00:00:00', 1, '2022-12-10 13:53:00', '2022-12-10 13:53:00', 504, NULL),
(12, 'App\\Models\\Shop', 515, 1, 21, 1, 'sum', '2022-12-22 00:00:00', 1, '2022-12-21 10:42:25', '2022-12-21 10:42:25', 515, NULL),
(13, 'App\\Models\\Stock', 24, 1, 25, 1, 'count', '2024-12-07 00:00:00', 1, '2022-12-26 14:16:29', '2022-12-26 14:16:29', 519, NULL),
(14, 'App\\Models\\Stock', 26, 1, 27, 2, 'count', '2024-12-14 00:00:00', 1, '2022-12-26 14:17:11', '2022-12-26 14:17:11', 519, NULL),
(15, 'App\\Models\\Stock', 1, 5, 2, 2, 'count', '2023-01-01 00:00:00', 0, '2022-12-26 20:43:29', '2023-01-30 18:26:00', 515, '2023-01-30 18:26:00'),
(18, 'App\\Models\\Shop', 551, 1, 541, 1, 'sum', '2023-02-21 00:00:00', 1, '2022-12-27 14:02:33', '2023-02-04 18:17:44', 551, NULL),
(19, 'App\\Models\\Stock', 47, 1, 47, 2, 'count', '2023-02-28 00:00:00', 1, '2022-12-27 14:03:29', '2023-02-10 14:17:30', 551, NULL),
(20, 'App\\Models\\Stock', 565, 2, 565, 5, 'count', '2023-02-28 00:00:00', 1, '2023-02-10 10:39:07', '2023-02-10 18:15:39', 638, NULL),
(21, 'App\\Models\\Stock', 692, 11, 688, 11, 'count', '2023-02-24 00:00:00', 1, '2023-02-17 09:55:05', '2023-02-17 09:55:14', 599, '2023-02-17 09:55:14'),
(22, 'App\\Models\\Stock', 620, 1, 620, 3, 'count', '2023-02-28 00:00:00', 0, '2023-02-17 09:58:55', '2023-05-12 13:11:25', 651, NULL),
(23, 'App\\Models\\Stock', 980, 3, 980, 3, 'count', '2023-02-18 00:00:00', 1, '2023-02-17 10:55:18', '2023-02-17 10:55:18', 665, NULL),
(24, 'App\\Models\\Stock', 691, 1, 691, 2, 'count', '2024-03-30 00:00:00', 1, '2023-02-24 07:04:37', '2023-02-28 04:16:41', 599, NULL),
(25, 'App\\Models\\Stock', 1200, 1, 1205, 5, 'count', '2023-05-08 00:00:00', 1, '2023-02-27 10:51:36', '2023-05-08 18:21:20', 651, NULL),
(26, 'App\\Models\\Shop', 599, 100, 694, 10, 'sum', '2023-03-11 00:00:00', 1, '2023-02-28 11:26:40', '2023-02-28 11:26:40', 599, NULL),
(27, 'App\\Models\\Shop', 651, 1, 1201, 50, 'sum', '2023-05-19 00:00:00', 1, '2023-05-08 18:20:50', '2023-05-08 18:20:50', 651, NULL),
(28, 'App\\Models\\Stock', 1201, 1, 1200, 10, 'count', '2023-05-15 00:00:00', 1, '2023-05-14 03:30:00', '2023-05-14 03:30:00', 651, NULL),
(29, 'App\\Models\\Shop', 752, 33, 1288, 1, 'sum', '2023-07-20 00:00:00', 1, '2023-07-20 11:11:14', '2023-07-20 11:19:27', 752, '2023-07-20 11:19:27'),
(30, 'App\\Models\\Shop', 752, 1, 1288, 2, 'sum', '2023-07-21 00:00:00', 1, '2023-07-20 11:16:42', '2023-07-20 11:17:55', 752, '2023-07-20 11:17:55'),
(31, 'App\\Models\\Shop', 752, 5, 1289, 1, 'sum', '2023-07-21 00:00:00', 0, '2023-07-20 11:19:54', '2023-07-20 11:25:34', 752, '2023-07-20 11:25:34'),
(32, 'App\\Models\\Stock', 1288, 2, 1289, 1, 'count', '2023-07-21 00:00:00', 0, '2023-07-20 11:23:14', '2023-07-20 11:26:20', 752, '2023-07-20 11:26:20'),
(33, 'App\\Models\\Shop', 752, 1, 1292, 1, 'sum', '2023-07-22 00:00:00', 1, '2023-07-22 05:48:13', '2023-07-29 08:01:34', 752, '2023-07-29 08:01:34'),
(34, 'App\\Models\\Stock', 1393, 2, 1393, 1, 'count', '2023-07-28 00:00:00', 1, '2023-07-27 05:26:38', '2023-07-27 11:55:49', 752, '2023-07-27 11:55:49'),
(35, 'App\\Models\\Stock', 1395, 2, 1397, 1, 'count', '2023-07-29 00:00:00', 1, '2023-07-28 08:18:25', '2023-07-29 08:01:44', 752, '2023-07-29 08:01:44'),
(36, 'App\\Models\\Shop', 752, 2, 1379, 1, 'sum', '2023-07-30 00:00:00', 0, '2023-07-29 08:02:19', '2023-07-29 08:42:45', 752, '2023-07-29 08:42:45'),
(37, 'App\\Models\\Shop', 752, 2, 1393, 3, 'sum', '2023-07-30 00:00:00', 1, '2023-07-29 08:43:05', '2023-07-29 09:29:29', 752, '2023-07-29 09:29:29'),
(38, 'App\\Models\\Shop', 752, 3, 1394, 125, 'sum', '2023-07-30 00:00:00', 1, '2023-07-29 09:29:49', '2023-09-02 08:51:06', 752, '2023-09-02 08:51:06'),
(39, 'App\\Models\\Stock', 1394, 2, 1394, 4, 'count', '2023-08-09 00:00:00', 1, '2023-08-01 04:42:51', '2023-09-02 08:51:27', 752, '2023-09-02 08:51:27'),
(40, 'App\\Models\\Shop', 752, 2, 1467, 220, 'sum', '2023-08-16 00:00:00', 1, '2023-08-04 05:40:13', '2023-09-02 08:51:06', 752, '2023-09-02 08:51:06'),
(41, 'App\\Models\\Shop', 752, 1, 1467, 1, 'sum', '2023-08-31 00:00:00', 1, '2023-08-29 12:50:50', '2023-08-30 05:53:33', 752, '2023-08-30 05:53:33'),
(42, 'App\\Models\\Shop', 752, 2, 1394, 2, 'sum', '2023-09-02 00:00:00', 1, '2023-08-30 05:52:16', '2023-09-02 08:51:07', 752, '2023-09-02 08:51:07'),
(43, 'App\\Models\\Stock', 1393, 2, 1467, 1, 'count', '2023-09-21 00:00:00', 1, '2023-09-02 08:52:01', '2023-09-03 11:17:16', 752, '2023-09-03 11:17:16'),
(44, 'App\\Models\\Shop', 752, 2, 1393, 100, 'sum', '2023-09-06 00:00:00', 1, '2023-09-03 11:16:39', '2023-09-07 13:06:22', 752, '2023-09-07 13:06:22');

-- --------------------------------------------------------

--
-- Структура таблицы `bookings`
--

CREATE TABLE `bookings` (
  `id` bigint UNSIGNED NOT NULL,
  `shop_id` bigint UNSIGNED NOT NULL,
  `max_time` smallint DEFAULT NULL,
  `start_time` varchar(255) CHARACTER SET utf8mb4 COLLATE utf8mb4_unicode_ci DEFAULT NULL,
  `end_time` varchar(255) CHARACTER SET utf8mb4 COLLATE utf8mb4_unicode_ci DEFAULT NULL,
  `active` tinyint(1) NOT NULL DEFAULT '0',
  `created_at` timestamp NULL DEFAULT NULL,
  `updated_at` timestamp NULL DEFAULT NULL,
  `deleted_at` timestamp NULL DEFAULT NULL
) ENGINE=InnoDB DEFAULT CHARSET=utf8mb4 COLLATE=utf8mb4_unicode_ci;

--
-- Дамп данных таблицы `bookings`
--

INSERT INTO `bookings` (`id`, `shop_id`, `max_time`, `start_time`, `end_time`, `active`, `created_at`, `updated_at`, `deleted_at`) VALUES
(1, 651, 1, NULL, NULL, 0, '2023-05-24 19:21:28', '2023-09-04 06:44:16', NULL),
(2, 752, 12, NULL, NULL, 0, '2023-07-20 08:27:43', '2023-09-03 11:00:57', NULL),
(3, 588, 2, NULL, NULL, 0, '2023-07-26 08:10:58', '2023-07-26 08:10:58', NULL),
(4, 600, 5, NULL, NULL, 0, '2023-07-27 14:53:59', '2023-07-27 14:55:06', NULL),
(5, 598, 2, NULL, NULL, 0, '2023-07-27 15:03:52', '2023-07-27 15:03:52', NULL),
(6, 793, 24, NULL, NULL, 0, '2023-09-04 08:21:18', '2023-09-04 08:21:18', NULL);

-- --------------------------------------------------------

--
-- Структура таблицы `branches`
--

CREATE TABLE `branches` (
  `id` bigint UNSIGNED NOT NULL,
  `shop_id` bigint UNSIGNED NOT NULL,
  `address` json DEFAULT NULL,
  `location` json DEFAULT NULL,
  `created_at` timestamp NULL DEFAULT NULL,
  `updated_at` timestamp NULL DEFAULT NULL,
  `deleted_at` timestamp NULL DEFAULT NULL
) ENGINE=InnoDB DEFAULT CHARSET=utf8mb4 COLLATE=utf8mb4_unicode_ci;

--
-- Дамп данных таблицы `branches`
--

INSERT INTO `branches` (`id`, `shop_id`, `address`, `location`, `created_at`, `updated_at`, `deleted_at`) VALUES
(1, 651, '{\"floor\": null, \"house\": null, \"office\": null, \"address\": \"HX5G+9V Inaciolândia - State of Goiás, Brazil\"}', '{\"latitude\": -18.441504700481183, \"longitude\": -50.02275198485058}', '2023-05-03 11:28:04', '2023-05-03 11:28:04', NULL),
(2, 651, '{\"floor\": null, \"house\": null, \"office\": null, \"address\": \"Strada George Bacovia 5, Mediaș, Romania\"}', '{\"latitude\": 46.1502698, \"longitude\": 24.3406187}', '2023-05-17 11:41:03', '2023-05-19 20:22:19', NULL),
(3, 651, '{\"floor\": null, \"house\": null, \"office\": null, \"address\": \"JQV9+MM Denislópolis, Quirinópolis - GO, Brazil\"}', '{\"latitude\": -18.355823799907583, \"longitude\": -50.2308623259473}', '2023-05-20 17:57:00', '2023-06-15 09:29:02', NULL),
(4, 752, '{\"floor\": null, \"house\": null, \"office\": null, \"address\": \"H6FF+H9 Палванташ, Узбекистан\"}', '{\"latitude\": 40.57398074866439, \"longitude\": 72.22346912719645}', '2023-07-20 08:52:04', '2023-09-03 11:06:14', '2023-09-03 11:06:14'),
(5, 754, '{\"floor\": null, \"house\": null, \"office\": null, \"address\": \"Амир Темур Хиебони, Xorazm ko\'chasi, Тоshkent, Узбекистан\"}', '{\"latitude\": 41.31293957755931, \"longitude\": 69.28396872196225}', '2023-07-24 13:03:40', '2023-07-24 13:03:40', NULL),
(6, 752, '{\"floor\": null, \"house\": null, \"office\": null, \"address\": \"dada\"}', '{\"latitude\": -18.46241187920844, \"longitude\": -50.446239153379345}', '2023-08-01 05:03:09', '2023-08-02 05:49:21', '2023-08-02 05:49:21'),
(7, 767, '{\"floor\": null, \"house\": null, \"office\": null, \"address\": \"dasd\"}', '{\"latitude\": -18.46241187920844, \"longitude\": -50.446239153379345}', '2023-08-01 16:53:55', '2023-08-01 16:56:12', '2023-08-01 16:56:12'),
(8, 767, '{\"floor\": null, \"house\": null, \"office\": null, \"address\": \"asd\"}', '{\"latitude\": -18.46241187920844, \"longitude\": -50.446239153379345}', '2023-08-01 16:56:23', '2023-08-01 16:56:23', NULL),
(9, 752, '{\"floor\": null, \"house\": null, \"office\": null, \"address\": \"MH69+7R Quirinópolis, State of Goiás, Brazil\"}', '{\"latitude\": -18.339271175604505, \"longitude\": -50.43044630669966}', '2023-08-02 05:53:12', '2023-08-02 05:53:20', '2023-08-02 05:53:20');

-- --------------------------------------------------------

--
-- Структура таблицы `branch_translations`
--

CREATE TABLE `branch_translations` (
  `id` bigint UNSIGNED NOT NULL,
  `branch_id` bigint UNSIGNED NOT NULL,
  `title` varchar(255) CHARACTER SET utf8mb4 COLLATE utf8mb4_unicode_ci DEFAULT NULL,
  `locale` varchar(255) CHARACTER SET utf8mb4 COLLATE utf8mb4_unicode_ci DEFAULT NULL,
  `created_at` timestamp NULL DEFAULT NULL,
  `updated_at` timestamp NULL DEFAULT NULL,
  `deleted_at` timestamp NULL DEFAULT NULL
) ENGINE=InnoDB DEFAULT CHARSET=utf8mb4 COLLATE=utf8mb4_unicode_ci;

--
-- Дамп данных таблицы `branch_translations`
--

INSERT INTO `branch_translations` (`id`, `branch_id`, `title`, `locale`, `created_at`, `updated_at`, `deleted_at`) VALUES
(1, 1, 'Smouha', 'en', NULL, NULL, NULL),
(6, 2, 'dfgfd', 'ar', NULL, NULL, NULL),
(7, 2, 'mediias', 'en', NULL, NULL, NULL),
(10, 3, 'Crescent Road', 'en', NULL, NULL, NULL),
(12, 4, 'Branch-1', 'en', NULL, NULL, NULL),
(13, 5, 'Branch-1', 'en', NULL, NULL, NULL),
(14, 6, 'dasda', 'en', NULL, NULL, NULL),
(15, 7, 'asdasd', 'om', NULL, NULL, NULL),
(16, 8, 'asd', 'om', NULL, NULL, NULL),
(17, 9, 'asdasd', 'en', NULL, NULL, NULL);

-- --------------------------------------------------------

--
-- Структура таблицы `brands`
--

CREATE TABLE `brands` (
  `id` bigint UNSIGNED NOT NULL,
  `slug` varchar(255) CHARACTER SET utf8mb4 COLLATE utf8mb4_unicode_ci DEFAULT NULL,
  `uuid` char(36) CHARACTER SET utf8mb4 COLLATE utf8mb4_unicode_ci NOT NULL,
  `title` varchar(255) CHARACTER SET utf8mb4 COLLATE utf8mb4_unicode_ci NOT NULL,
  `active` tinyint(1) NOT NULL DEFAULT '1',
  `img` varchar(255) CHARACTER SET utf8mb4 COLLATE utf8mb4_unicode_ci DEFAULT NULL,
  `created_at` timestamp NULL DEFAULT NULL,
  `updated_at` timestamp NULL DEFAULT NULL,
  `deleted_at` timestamp NULL DEFAULT NULL,
  `shop_id` bigint UNSIGNED DEFAULT NULL
) ENGINE=InnoDB DEFAULT CHARSET=utf8mb4 COLLATE=utf8mb4_unicode_ci;

--
-- Дамп данных таблицы `brands`
--

INSERT INTO `brands` (`id`, `slug`, `uuid`, `title`, `active`, `img`, `created_at`, `updated_at`, `deleted_at`, `shop_id`) VALUES
(1, NULL, '6fad1bc4-2f0e-4465-be6d-f12e8bc92a94', 'Food', 1, 'https://foodyman.s3.amazonaws.com/public/images/brands/107-1676355415.webp', '2022-12-03 17:19:31', '2023-02-14 06:16:58', NULL, NULL),
(2, NULL, '087b2806-510c-4e50-84ab-901cf9e641d8', 'Evos', 1, 'brands/107-1671338017.png', '2022-12-03 17:20:03', '2023-02-04 09:43:24', '2023-02-04 09:43:24', NULL),
(4, NULL, 'd5cd6000-e642-4d1b-aadc-64e2183d77df', 'Oqtepa Lavash', 1, 'https://api.foodyman.org/storage/images/https://api.foodyman.org/storage/images/brands/107-1671338048.png', '2022-12-03 17:20:47', '2023-02-10 16:47:22', NULL, NULL),
(5, NULL, '312c09b5-3539-46ec-9dec-595d31450448', 'Street 77', 1, 'brands/107-1671338151.png', '2022-12-18 09:35:54', '2023-02-04 09:43:24', '2023-02-04 09:43:24', NULL),
(6, NULL, 'bd12e682-1527-49e0-b4f7-39ca15456c35', 'Club', 1, 'https://api.foodyman.org/storage/images/https://api.foodyman.org/storage/images/brands/106-1671356013.jpg', '2022-12-18 14:33:41', '2023-02-10 16:47:22', NULL, NULL),
(7, NULL, '274784f2-0009-4da0-bd67-5c2b596d7a8d', 'Food', 1, 'https://api.foodyman.org/storage/images/https://api.foodyman.org/storage/images/categories/107-1670329312.jpg', '2022-12-18 14:38:55', '2023-02-10 16:47:22', NULL, NULL),
(9, NULL, '3de07c68-9160-45f5-9698-debd55b01cbb', 'safiya', 1, 'https://api.foodyman.org/storage/images/https://api.foodyman.org/storage/images/brands/107-1671605116.jpg', '2022-12-21 11:45:19', '2023-02-10 16:47:22', NULL, NULL),
(10, NULL, 'd1ed082a-0e93-4084-b22d-6c03227037e1', 'korzinka11234', 1, 'brands/107-1672053903.png', '2022-12-26 16:25:06', '2023-02-04 09:43:24', '2023-02-04 09:43:24', NULL),
(11, NULL, '8dd3b9e3-d943-45d1-a6bb-93852a28add8', 'korzinka', 1, 'https://api.foodyman.org/storage/images/https://api.foodyman.org/storage/images/brands/2023-01-13-032704OQ4I2C.png', '2022-12-27 13:43:03', '2023-02-10 16:47:22', NULL, NULL),
(13, NULL, '7538cc37-dda1-471e-8aae-690532ed3a5e', 'korzinka', 1, 'https://api.foodyman.org/storage/images/https://api.foodyman.org/storage/images/brands/107-1673525083.png', '2023-01-12 17:04:46', '2023-02-10 16:47:22', NULL, NULL),
(16, NULL, '17fd5075-8075-4319-8718-d03230184991', 'Club', 1, 'https://foodyman.s3.amazonaws.com/public/images/categories/107-1676355392.avif', '2023-01-16 17:39:18', '2023-02-16 11:38:13', NULL, NULL),
(17, NULL, 'c631d83c-7aa4-4937-a002-5953ee0920cd', 'KFC Brand', 1, 'https://api.foodyman.org/storage/images/https://api.foodyman.org/storage/images/brands/107-1675061986.png', '2023-01-30 11:59:49', '2023-02-10 16:47:22', NULL, NULL),
(18, NULL, '9f4a0c2b-9761-458a-96dc-bbce614be071', 'nike', 1, 'brands/107-1675415770.webp', '2023-02-03 14:16:13', '2023-02-04 09:44:41', '2023-02-04 09:44:41', NULL),
(19, NULL, 'f1e6d6ab-1757-44b4-8e43-8d2364dbd80b', 'meat', 1, 'brands/107-1675415803.webp', '2023-02-03 14:16:46', '2023-02-04 09:44:52', '2023-02-04 09:44:52', NULL),
(20, NULL, 'd1bd2fd4-e346-4ea5-b64a-d95114854cbe', 'meat', 1, 'https://api.foodyman.org/storage/images/https://api.foodyman.org/storage/images/brands/107-1675430158.webp', '2023-02-03 18:16:00', '2023-07-18 09:17:28', '2023-07-18 09:17:28', NULL),
(21, NULL, 'af8faf91-3139-4109-8989-9f0e2e3a7144', 'Food', 1, 'https://api.foodyman.org/storage/images/https://api.foodyman.org/storage/images/brands/107-1675415803.webp', '2023-02-03 18:16:08', '2023-02-10 16:47:22', NULL, NULL),
(22, NULL, '9e827956-fdce-4661-949c-34134e23ebc4', 'Food', 1, 'https://api.foodyman.org/storage/images/https://api.foodyman.org/storage/images/categories/107-1674118357.jpg', '2023-02-04 09:44:00', '2023-02-10 16:47:22', NULL, NULL),
(23, NULL, 'f70275bd-5823-4967-b804-689190d9825c', 'yukihjkk', 1, NULL, '2023-02-04 09:45:06', '2023-02-04 10:46:20', '2023-02-04 10:46:20', NULL),
(24, NULL, '12de4cb6-4ca7-4964-a3ec-9b72dcea8664', 'Food2', 1, 'https://api.foodyman.org/storage/images/https://api.foodyman.org/storage/images/', '2023-02-04 10:41:44', '2023-02-10 16:47:22', NULL, NULL),
(25, NULL, '4570dcc3-608d-425a-b584-326557ed1fc6', 'meat', 1, 'https://api.foodyman.org/storage/images/https://api.foodyman.org/storage/images/brands/107-1675494625.webp', '2023-02-04 12:10:28', '2023-02-10 16:47:22', NULL, NULL),
(26, NULL, '8f2fed68-3ed2-4b23-93bc-d50018813aa4', 'korzinka11234', 1, 'https://api.foodyman.org/storage/images/https://api.foodyman.org/storage/images/brands/107-1675678303.webp', '2023-02-06 15:11:45', '2023-06-10 15:36:05', '2023-06-10 15:36:05', NULL),
(27, NULL, 'f459e5ec-1dc0-43a8-8e52-8a9f87dc0006', 'korzinka11234', 1, 'https://api.foodyman.org/storage/images/https://api.foodyman.org/storage/images/brands/107-1675678339.webp', '2023-02-06 15:12:21', '2023-06-10 15:36:05', '2023-06-10 15:36:05', NULL),
(28, NULL, '5acbce73-74b4-4249-8de2-5ecb2c60e335', 'Burak foods', 1, 'https://api.foodyman.org/storage/images/https://api.foodyman.org/storage/images/restaurant/background/107-1674117680.jpeg', '2023-02-10 10:42:22', '2023-02-10 16:47:22', NULL, NULL),
(29, NULL, '8d4ae11a-5068-46b1-aa13-cbffb9277d9c', 'sadasdasd', 1, 'https://foodyman.s3.amazonaws.com/public/images/shops/334-1676374019.webp', '2023-02-15 09:48:22', '2023-02-15 09:49:20', '2023-02-15 09:49:20', NULL),
(30, NULL, '45d42685-e445-4122-a572-d0362d247485', 'Food (clone )', 1, 'https://foodyman.s3.amazonaws.com/public/images/brands/107-1676355415.webp', '2023-02-15 13:06:31', '2023-02-15 13:06:31', NULL, NULL),
(31, NULL, '6c90a107-6edc-4c6d-adad-e4f17286b1de', 'Starbucks', 1, 'https://foodyman.s3.amazonaws.com/public/images/brands/210-1676627775.webp', '2023-02-17 09:56:19', '2023-02-17 09:56:19', NULL, NULL),
(32, NULL, 'c634c1f9-4c92-4a01-a354-8c34993e886e', 'korzinka', 1, 'https://foodyman.s3.amazonaws.com/public/images/brands/107-1676716989.webp', '2023-02-18 10:43:14', '2023-02-18 10:43:14', NULL, NULL),
(33, NULL, '89531a02-2ad6-45fe-9d09-0ecae6208281', 'meat', 1, 'https://foodyman.s3.amazonaws.com/public/images/brands/210-1677585885.webp', '2023-02-28 12:04:48', '2023-02-28 12:04:48', NULL, NULL),
(34, NULL, 'acb7fc37-c07f-4579-b840-c3886d48f4b5', 'Hello', 1, 'https://foodyman.s3.amazonaws.com/public/images/brands/107-1689672280.webp', '2023-06-10 12:34:25', '2023-07-18 08:24:45', NULL, NULL),
(35, NULL, '26798da3-fac5-49b1-9fc6-f1da61d29000', 'olcha', 0, 'https://foodyman.s3.amazonaws.com/public/images/brands/107-1689664791.webp', '2023-07-18 06:19:55', '2023-07-18 06:20:21', '2023-07-18 06:20:21', NULL),
(36, NULL, 'f7ad37be-3537-4db2-abc7-de9c4848a584', 'expres', 0, 'https://foodyman.s3.amazonaws.com/public/images/brands/107-1689756412.webp', '2023-07-19 07:46:56', '2023-07-19 07:47:02', '2023-07-19 07:47:02', NULL),
(37, NULL, '436130d6-a016-4c83-8492-7832f21b4822', 'sadaf', 1, 'https://foodyman.s3.amazonaws.com/public/images/shops/background/107-1683502213.webp', '2023-07-19 07:52:21', '2023-07-19 07:54:58', '2023-07-19 07:54:58', NULL),
(38, NULL, 'c3c3bc95-61f4-4437-9362-b6507b787d0a', 'sadafffz', 1, NULL, '2023-07-19 07:52:34', '2023-07-19 07:52:51', '2023-07-19 07:52:51', NULL),
(39, NULL, 'a4877226-d2f4-4db1-a569-bbf2497508ca', 'sad', 1, 'https://foodyman.s3.amazonaws.com/public/images/brands/107-1689760948.webp', '2023-07-19 08:59:21', '2023-07-19 09:02:44', NULL, NULL),
(40, NULL, 'b709aeee-d4a8-4cce-a946-ed820cf7daed', 'Linkedin', 1, 'https://foodyman.s3.amazonaws.com/public/images/brands/1415-1689857100.webp', '2023-07-20 11:45:05', '2023-07-20 11:45:13', NULL, NULL),
(41, NULL, 'ced4e1a0-1210-48fc-86aa-d227f1e430ed', 'Spotify beta', 1, 'https://foodyman.s3.amazonaws.com/public/images/brands/1415-1689857153.webp', '2023-07-20 11:45:56', '2023-09-12 00:55:46', NULL, NULL),
(42, NULL, '79bbe395-5942-4ac2-9aec-0eff48e8f88a', 'Spotify beta', 1, 'https://foodyman.s3.amazonaws.com/public/images/brands/1415-1689857153.webp', '2023-07-31 09:46:26', '2023-07-31 11:43:00', '2023-07-31 11:43:00', NULL),
(43, NULL, '8057c982-7828-40d6-819a-15aa91558f3b', 'Spotify beta', 0, 'https://foodyman.s3.amazonaws.com/public/images/brands/1415-1689857153.webp', '2023-07-31 09:46:36', '2023-07-31 11:43:00', '2023-07-31 11:43:00', NULL),
(44, NULL, 'b34c5014-d510-465f-97f6-3a8edcb14a37', 'Acerlar', 0, NULL, '2023-07-31 13:29:37', '2023-07-31 13:29:55', '2023-07-31 13:29:55', NULL),
(45, NULL, 'f1f0e9d0-4986-4ad6-a16d-38b576262c70', 'Acerlar', 0, NULL, '2023-07-31 13:30:22', '2023-07-31 13:30:29', '2023-07-31 13:30:29', NULL),
(46, NULL, '1b598e72-fca1-438b-85d2-d86a03bb3428', 'Sony', 1, 'https://foodyman.s3.amazonaws.com/public/images/brands/993-1690885664.webp', '2023-08-01 09:27:47', '2023-08-01 09:27:47', NULL, NULL),
(47, NULL, '51b2c862-ed86-4670-9faa-0e2b22b2c996', 'Slazenger', 1, 'https://foodyman.s3.amazonaws.com/public/images/brands/107-1690890724.webp', '2023-08-01 10:52:08', '2023-08-01 10:52:08', NULL, NULL),
(48, NULL, '60e74ca7-9254-4c85-b7a5-f67d2b77622d', 'Xiaomi', 1, 'https://foodyman.s3.amazonaws.com/public/images/shops/logo/107-1690888171.webp', '2023-08-01 11:22:16', '2023-08-01 11:22:16', NULL, NULL),
(49, NULL, '062a936c-b8f2-4cca-8765-e450906a9565', 'Nike', 1, 'https://foodyman.s3.amazonaws.com/public/images/brands/107-1690895564.webp', '2023-08-01 12:12:51', '2023-08-01 12:12:51', NULL, NULL),
(50, NULL, 'e06f3fe9-b69c-4fef-bfc1-f5bae44e215c', 'Loro Piana', 1, 'https://foodyman.s3.amazonaws.com/public/images/brands/107-1690896259.jpeg', '2023-08-01 12:24:23', '2023-09-02 04:16:15', NULL, NULL),
(51, NULL, '6ec01ad7-7ffc-48b2-85bf-268c59b166f4', 'Nivea', 1, 'https://foodyman.s3.amazonaws.com/public/images/brands/107-1690898113.webp', '2023-08-01 12:55:16', '2023-09-04 05:58:09', NULL, NULL),
(52, NULL, '8189858a-1c89-4795-a079-76d147cf4037', 'Memo Paris', 1, 'https://foodyman.s3.amazonaws.com/public/images/brands/107-1690900618.webp', '2023-08-01 13:37:01', '2023-08-01 13:37:01', NULL, NULL),
(53, NULL, 'b824a52d-d3b5-459c-b71a-8d41dc51eeea', 'Kinder', 1, 'https://foodyman.s3.amazonaws.com/public/images/brands/107-1691132531.webp', '2023-08-04 06:02:14', '2023-09-03 16:42:41', NULL, NULL),
(54, NULL, 'd8536989-e025-422a-a344-088152c97b47', 'asd', 1, 'https://foodyman.s3.amazonaws.com/public/images/deliveryman/settings/107-1678988656.webp', '2023-08-29 12:48:42', '2023-09-02 12:13:24', NULL, NULL),
(55, NULL, '386dd70a-2784-4845-85d0-46986d2c9669', 'salad', 1, NULL, '2023-09-03 09:20:14', '2023-09-04 06:13:28', NULL, NULL),
(56, NULL, 'dc9e0a99-c8f1-43cb-a731-107c3e978828', 'Linkedin', 1, 'https://foodyman.s3.amazonaws.com/public/images/deliveryman/settings/107-1678988656.webp', '2023-09-03 11:22:40', '2023-09-03 11:22:57', '2023-09-03 11:22:57', NULL),
(57, NULL, '121fdcd0-ce84-430e-8de9-66cbe9b24c22', 'puma', 1, 'https://foodyman.s3.amazonaws.com/public/images/brands/105-1694412502.webp', '2023-09-11 05:08:27', '2023-09-11 05:08:27', NULL, NULL),
(58, NULL, 'f7c7d2f4-389c-401d-923b-396ac885461f', 'SuperBrand', 1, 'https://foodyman.s3.amazonaws.com/public/images/brands/107-1694418808.webp', '2023-09-11 06:53:39', '2023-09-11 20:11:48', NULL, NULL);

-- --------------------------------------------------------

--
-- Структура таблицы `careers`
--

CREATE TABLE `careers` (
  `id` bigint UNSIGNED NOT NULL,
  `category_id` bigint UNSIGNED NOT NULL,
  `location` json DEFAULT NULL,
  `active` tinyint(1) NOT NULL DEFAULT '1',
  `created_at` timestamp NULL DEFAULT NULL,
  `updated_at` timestamp NULL DEFAULT NULL,
  `deleted_at` timestamp NULL DEFAULT NULL
) ENGINE=InnoDB DEFAULT CHARSET=utf8mb4 COLLATE=utf8mb4_unicode_ci;

--
-- Дамп данных таблицы `careers`
--

INSERT INTO `careers` (`id`, `category_id`, `location`, `active`, `created_at`, `updated_at`, `deleted_at`) VALUES
(1, 128, NULL, 1, '2023-07-18 06:20:48', '2023-09-03 09:20:45', '2023-09-03 09:20:45'),
(2, 190, NULL, 0, '2023-07-19 07:58:51', '2023-07-19 08:08:51', '2023-07-19 08:08:51'),
(3, 190, NULL, 1, '2023-07-19 09:06:42', '2023-07-19 09:11:56', '2023-07-19 09:11:56'),
(4, 190, NULL, 1, '2023-07-19 09:11:09', '2023-07-19 09:11:56', '2023-07-19 09:11:56'),
(5, 190, NULL, 0, '2023-07-19 09:49:28', '2023-09-03 09:20:41', '2023-09-03 09:20:41'),
(6, 128, NULL, 1, '2023-07-31 07:32:35', '2023-07-31 07:32:52', '2023-07-31 07:32:52'),
(7, 190, NULL, 1, '2023-09-03 09:20:58', '2023-09-03 09:20:58', NULL);

-- --------------------------------------------------------

--
-- Структура таблицы `career_translations`
--

CREATE TABLE `career_translations` (
  `id` bigint UNSIGNED NOT NULL,
  `career_id` bigint UNSIGNED NOT NULL,
  `locale` varchar(255) CHARACTER SET utf8mb4 COLLATE utf8mb4_unicode_ci NOT NULL,
  `title` varchar(191) CHARACTER SET utf8mb4 COLLATE utf8mb4_unicode_ci NOT NULL,
  `description` text CHARACTER SET utf8mb4 COLLATE utf8mb4_unicode_ci,
  `address` json DEFAULT NULL,
  `deleted_at` timestamp NULL DEFAULT NULL
) ENGINE=InnoDB DEFAULT CHARSET=utf8mb4 COLLATE=utf8mb4_unicode_ci;

--
-- Дамп данных таблицы `career_translations`
--

INSERT INTO `career_translations` (`id`, `career_id`, `locale`, `title`, `description`, `address`, `deleted_at`) VALUES
(5, 2, 'en', 'Belissimo', '<p>Yangicha ta\'m</p>', '\"868W+QXH, Ташкент, Узбекистан\"', NULL),
(7, 3, 'en', 'dasd', '<p>asd</p>', '\"sa\"', NULL),
(8, 4, 'en', 'asdasd', '<p>sdfasfsf</p>', '\"sad\"', NULL),
(11, 6, 'en', 'Career', '<p>asasaa</p>', '\"Bunyodkor\"', NULL),
(20, 5, 'en', 'Cake', '<p>kkksdf</p>', '\"lsdkfslkdfkls\"', NULL),
(22, 1, 'en', 'MaxWay', '<p>Yangicha ta\'m</p>', '\"66H8+QM6, Ташкент, Узбекистан\"', NULL),
(24, 7, 'en', 'MaxWay', '<p>fgdgdfg</p>', '\"47 Bunyodkor shoh ko\'chasi, Tashkent, Узбекистан\"', NULL);

-- --------------------------------------------------------

--
-- Структура таблицы `carts`
--

CREATE TABLE `carts` (
  `id` bigint UNSIGNED NOT NULL,
  `shop_id` bigint UNSIGNED NOT NULL,
  `owner_id` bigint UNSIGNED NOT NULL,
  `total_price` double DEFAULT NULL,
  `status` tinyint(1) NOT NULL DEFAULT '1',
  `created_at` timestamp NULL DEFAULT NULL,
  `updated_at` timestamp NULL DEFAULT NULL,
  `currency_id` bigint UNSIGNED DEFAULT NULL,
  `rate` double NOT NULL DEFAULT '1',
  `group` tinyint(1) NOT NULL DEFAULT '0'
) ENGINE=InnoDB DEFAULT CHARSET=utf8mb4 COLLATE=utf8mb4_unicode_ci;

--
-- Дамп данных таблицы `carts`
--

INSERT INTO `carts` (`id`, `shop_id`, `owner_id`, `total_price`, `status`, `created_at`, `updated_at`, `currency_id`, `rate`, `group`) VALUES
(6, 600, 1471, 3.03, 1, '2023-08-02 06:11:33', '2023-08-02 06:11:33', 2, 1, 0),
(14, 776, 1472, 99.75, 1, '2023-08-02 16:26:39', '2023-08-02 16:26:40', 26, 1, 0),
(23, 752, 1438, 12, 1, '2023-08-03 10:09:48', '2023-08-03 10:09:48', 2, 1, 0),
(24, 768, 1476, 39.28, 1, '2023-08-03 18:30:08', '2023-08-03 18:30:30', 2, 1, 0),
(67, 590, 1461, 4.04, 1, '2023-08-08 08:13:42', '2023-08-08 08:13:43', 26, 1, 0),
(88, 600, 1481, 0, 1, '2023-08-08 11:00:42', '2023-08-08 11:00:42', 2, 1, 1),
(90, 762, 585, 22, 1, '2023-08-08 11:48:19', '2023-08-16 15:01:46', 2, 1, 0),
(103, 732, 1404, 0, 1, '2023-08-08 14:13:35', '2023-08-08 14:13:36', 2, 1, 1),
(108, 724, 1485, 45.92, 1, '2023-08-08 14:32:43', '2023-08-08 14:32:57', 2, 1, 0),
(113, 759, 1488, 67.2, 1, '2023-08-08 15:14:48', '2023-08-08 15:14:48', 2, 1, 0),
(118, 600, 1490, 0, 1, '2023-08-08 17:34:10', '2023-08-08 17:34:11', 2, 1, 1),
(135, 762, 1494, 0, 1, '2023-08-08 22:16:26', '2023-08-08 22:16:26', 2, 1, 1),
(143, 762, 1499, 56, 1, '2023-08-09 01:15:59', '2023-08-09 01:21:55', 2, 1, 1),
(149, 598, 1498, 5.05, 1, '2023-08-09 02:41:45', '2023-08-09 02:41:45', 2, 1, 0),
(155, 603, 1460, 8.08, 1, '2023-08-09 04:21:37', '2023-09-09 16:45:41', 2, 1, 0),
(163, 597, 1465, 0, 1, '2023-08-16 13:53:24', '2023-08-16 21:36:46', 2, 1, 0),
(164, 724, 1396, 14, 1, '2023-08-16 14:35:30', '2023-08-16 14:35:30', 2, 1, 0),
(175, 762, 1508, 23, 1, '2023-08-16 17:07:47', '2023-08-16 17:08:09', 26, 1, 1),
(179, 768, 1509, 14.28, 1, '2023-08-16 20:39:41', '2023-09-06 23:45:55', 2, 1, 0),
(192, 768, 1516, 8.32, 1, '2023-08-17 00:51:17', '2023-09-04 21:39:54', 2, 1, 0),
(206, 600, 1500, 0, 1, '2023-08-17 04:17:21', '2023-08-30 13:58:01', 2, 1, 0),
(209, 757, 649, 0, 1, '2023-08-17 04:58:33', '2023-09-04 19:18:15', 2, 1, 1),
(221, 762, 1518, 0, 1, '2023-08-17 09:52:59', '2023-09-07 06:49:10', 2, 1, 0),
(222, 768, 1511, 15.504, 1, '2023-08-23 13:23:57', '2023-08-31 17:56:56', 2, 1, 0),
(223, 600, 1524, 11.11, 1, '2023-08-23 14:11:34', '2023-08-23 14:11:34', 2, 1, 0),
(227, 752, 1526, 99.99, 1, '2023-08-29 07:26:02', '2023-08-29 07:26:02', 2, 1, 0),
(238, 752, 338, 99.99, 1, '2023-08-29 08:33:49', '2023-08-29 08:33:49', 2, 1, 0),
(241, 776, 1530, 81.9, 1, '2023-08-29 10:42:51', '2023-08-29 10:42:51', 2, 1, 0),
(258, 600, 1536, 3.03, 1, '2023-08-30 05:02:37', '2023-08-30 05:02:37', 2, 1, 0),
(266, 768, 1537, 0, 1, '2023-08-30 07:19:06', '2023-08-30 07:19:06', 2, 1, 1),
(283, 758, 1546, 0, 1, '2023-08-30 11:55:46', '2023-08-30 11:55:47', 2, 1, 1),
(284, 768, 1545, 5.1, 1, '2023-08-30 11:56:01', '2023-08-30 11:56:01', 2, 1, 0),
(288, 597, 1535, 14.14, 1, '2023-08-30 12:52:03', '2023-08-30 12:52:03', 2, 1, 0),
(289, 597, 1523, 9.09, 1, '2023-08-30 13:26:52', '2023-08-30 13:26:52', 2, 1, 0),
(291, 768, 1548, 7.752, 1, '2023-08-30 17:11:33', '2023-08-30 17:11:49', 2, 1, 1),
(293, 774, 1551, 756.49, 1, '2023-08-30 22:36:53', '2023-08-30 22:37:03', 2, 1, 1),
(304, 762, 349, 0, 1, '2023-08-31 11:11:41', '2023-09-06 11:46:28', 2, 1, 0),
(309, 596, 1554, 7.07, 1, '2023-08-31 16:29:41', '2023-08-31 16:29:41', 2, 1, 0),
(314, 762, 1556, 0, 1, '2023-08-31 20:21:50', '2023-09-04 06:00:29', 2, 1, 0),
(316, 597, 1559, 6.06, 1, '2023-08-31 22:14:15', '2023-08-31 22:14:15', 2, 1, 0),
(317, 596, 1560, 9.09, 1, '2023-08-31 22:23:48', '2023-08-31 22:23:48', 2, 1, 0),
(330, 768, 1083, 17.34, 1, '2023-09-01 18:34:41', '2023-09-01 18:34:41', 2, 1, 0),
(336, 768, 1528, 0, 1, '2023-09-02 00:56:43', '2023-09-08 00:56:22', 2, 1, 0),
(337, 598, 762, 4.04, 1, '2023-09-02 05:26:08', '2023-09-02 05:26:22', 2, 1, 1),
(359, 774, 1579, 2032.83, 1, '2023-09-02 11:40:16', '2023-09-02 11:43:05', 2, 1, 0),
(382, 768, 1581, 8.752, 1, '2023-09-02 13:09:38', '2023-09-02 13:35:32', 2, 1, 0),
(397, 596, 1584, 5.05, 1, '2023-09-03 03:01:12', '2023-09-03 03:01:12', 2, 1, 0),
(452, 752, 1602, 111.99, 1, '2023-09-04 06:46:39', '2023-09-04 06:47:57', 2, 1, 0),
(485, 801, 472, 4.04, 1, '2023-09-04 17:11:21', '2023-09-04 17:11:21', 2, 1, 0),
(496, 590, 376, 5.05, 1, '2023-09-05 06:16:00', '2023-09-05 06:16:00', 2, 1, 0),
(498, 762, 564, 0, 1, '2023-09-05 07:00:27', '2023-09-06 04:47:56', 2, 1, 0),
(499, 768, 1586, 17.34, 1, '2023-09-05 07:16:29', '2023-09-05 07:36:18', 40, 0.012, 0),
(501, 768, 1594, 0, 1, '2023-09-05 09:33:14', '2023-09-05 09:33:15', 2, 1, 1),
(515, 600, 1621, 6.06, 1, '2023-09-05 16:41:35', '2023-09-05 16:41:35', 2, 1, 0),
(527, 762, 1626, 0, 1, '2023-09-05 20:09:02', '2023-09-05 20:09:03', 2, 1, 1),
(539, 596, 1630, 0, 1, '2023-09-06 02:58:05', '2023-09-06 02:58:05', 2, 1, 1),
(540, 768, 1577, 8.32, 1, '2023-09-06 05:11:45', '2023-09-08 15:14:05', 2, 1, 0),
(557, 804, 375, 0, 1, '2023-09-06 10:26:09', '2023-09-06 10:26:10', 41, 1, 1),
(563, 768, 1496, 48, 1, '2023-09-06 12:30:18', '2023-09-08 15:59:12', 2, 1, 0),
(567, 752, 334, 0, 1, '2023-09-06 13:20:31', '2023-09-06 13:20:31', 2, 1, 0),
(569, 752, 857, 0, 1, '2023-09-06 14:01:17', '2023-09-06 14:01:18', 2, 1, 1),
(585, 752, 1636, 0, 1, '2023-09-06 16:15:04', '2023-09-06 16:15:04', 40, 0.012, 0),
(592, 590, 1625, 5.05, 1, '2023-09-06 17:36:41', '2023-09-06 17:36:41', 2, 1, 0),
(598, 602, 1642, 153.52, 1, '2023-09-07 05:32:41', '2023-09-07 05:33:51', 2, 1, 1),
(603, 600, 1647, 24.24, 1, '2023-09-07 09:14:46', '2023-09-07 09:14:47', 2, 1, 0),
(610, 752, 166, 156.79, 1, '2023-09-07 10:12:56', '2023-09-07 10:13:58', 2, 1, 0),
(613, 768, 1649, 17.7, 1, '2023-09-07 11:08:39', '2023-09-07 11:08:39', 2, 1, 0),
(619, 768, 1652, 17.7, 1, '2023-09-07 14:48:07', '2023-09-07 14:48:08', 2, 1, 0),
(630, 590, 1655, 10.1, 1, '2023-09-07 23:00:46', '2023-09-07 23:01:04', 2, 1, 0),
(634, 768, 1659, 53.55, 1, '2023-09-08 03:22:29', '2023-09-08 03:27:28', 2, 1, 0),
(637, 598, 1658, 0, 1, '2023-09-08 03:45:02', '2023-09-08 03:45:06', 2, 1, 1),
(639, 768, 1660, 8.32, 1, '2023-09-08 05:27:23', '2023-09-08 05:27:56', 40, 0.012, 0),
(643, 762, 1571, 23, 1, '2023-09-08 11:33:14', '2023-09-08 11:33:14', 2, 1, 0),
(645, 598, 937, 3.03, 1, '2023-09-08 16:51:18', '2023-09-08 16:52:02', 40, 0.012, 0),
(647, 804, 1668, 0, 1, '2023-09-08 17:41:25', '2023-09-08 17:41:25', 2, 1, 1),
(651, 774, 1669, 570.18, 1, '2023-09-08 18:03:45', '2023-09-08 18:03:45', 2, 1, 0),
(654, 793, 1464, 0, 1, '2023-09-08 18:45:50', '2023-09-10 19:07:28', 2, 1, 0),
(656, 762, 1672, 10, 1, '2023-09-08 19:32:27', '2023-09-08 19:32:27', 2, 1, 0),
(668, 768, 1088, 150.96, 1, '2023-09-09 07:11:11', '2023-09-12 04:06:01', 2, 1, 0),
(680, 600, 1552, 4.04, 1, '2023-09-09 13:59:58', '2023-09-09 13:59:58', 2, 1, 0),
(691, 762, 1681, 35, 1, '2023-09-10 05:42:31', '2023-09-10 05:42:36', 2, 1, 0),
(692, 774, 1238, 570.18, 1, '2023-09-10 06:35:30', '2023-09-10 06:35:30', 2, 1, 0),
(700, 596, 1674, 0, 1, '2023-09-10 09:17:07', '2023-09-10 09:17:07', 41, 1, 1),
(703, 752, 1525, 0, 1, '2023-09-10 11:09:04', '2023-09-10 11:09:05', 2, 1, 1),
(707, 793, 471, 12, 1, '2023-09-10 18:32:41', '2023-09-10 18:32:41', 2, 1, 0),
(708, 762, 1493, 0, 1, '2023-09-10 21:35:12', '2023-09-11 20:49:11', 2, 1, 0),
(727, 598, 1685, 0, 1, '2023-09-11 10:26:34', '2023-09-11 10:26:35', 2, 1, 1),
(728, 768, 1092, 0, 1, '2023-09-11 10:41:44', '2023-09-12 02:58:10', 41, 1, 0),
(734, 596, 164, 0, 1, '2023-09-11 14:27:22', '2023-09-11 14:28:49', 2, 1, 0),
(740, 651, 1371, 12.6, 1, '2023-09-11 15:12:37', '2023-09-11 15:12:37', 2, 1, 0),
(741, 596, 1378, 10.1, 1, '2023-09-11 15:23:01', '2023-09-11 15:23:01', 2, 1, 0),
(749, 601, 1533, 3.03, 1, '2023-09-12 01:57:40', '2023-09-12 01:57:40', 2, 1, 0),
(751, 762, 1689, 10, 1, '2023-09-12 06:44:51', '2023-09-12 06:44:51', 2, 1, 0),
(755, 724, 1703, 14, 1, '2024-02-21 08:28:26', '2024-02-21 08:28:26', 2, 1, 0);

-- --------------------------------------------------------

--
-- Структура таблицы `cart_details`
--

CREATE TABLE `cart_details` (
  `id` bigint UNSIGNED NOT NULL,
  `stock_id` bigint UNSIGNED NOT NULL,
  `user_cart_id` bigint UNSIGNED NOT NULL,
  `quantity` int NOT NULL DEFAULT '0',
  `price` double DEFAULT NULL,
  `bonus` tinyint(1) NOT NULL DEFAULT '0',
  `discount` double NOT NULL DEFAULT '0',
  `parent_id` bigint UNSIGNED DEFAULT NULL,
  `created_at` timestamp NULL DEFAULT NULL,
  `updated_at` timestamp NULL DEFAULT NULL
) ENGINE=InnoDB DEFAULT CHARSET=utf8mb4 COLLATE=utf8mb4_unicode_ci;

--
-- Дамп данных таблицы `cart_details`
--

INSERT INTO `cart_details` (`id`, `stock_id`, `user_cart_id`, `quantity`, `price`, `bonus`, `discount`, `parent_id`, `created_at`, `updated_at`) VALUES
(6, 1033, 6, 1, 3.03, 0, 0, NULL, '2023-08-02 06:11:33', '2023-08-02 06:11:33'),
(7, 1583, 7, 1, 81.9, 0, 0, NULL, '2023-08-02 08:04:41', '2023-08-02 08:04:41'),
(28, 827, 22, 1, 3.03, 0, 0, NULL, '2023-08-03 07:10:29', '2023-08-03 07:10:29'),
(325, 731, 86, 2, 6.06, 0, 0, NULL, '2023-08-08 09:53:19', '2023-08-08 09:53:21'),
(333, 835, 89, 1, 4.04, 0, 0, NULL, '2023-08-08 09:56:03', '2023-08-08 09:56:03'),
(334, 837, 89, 1, 5.05, 0, 0, NULL, '2023-08-08 09:56:06', '2023-08-08 09:56:06'),
(363, 708, 98, 1, 3.03, 0, 0, NULL, '2023-08-08 13:35:52', '2023-08-08 13:35:52'),
(364, 710, 98, 2, 6.06, 0, 0, NULL, '2023-08-08 13:35:58', '2023-08-08 13:35:58'),
(365, 711, 98, 1, 3.03, 0, 0, NULL, '2023-08-08 13:36:01', '2023-08-08 13:36:01'),
(408, 1550, 116, 1, 67.2, 0, 0, NULL, '2023-08-08 15:14:48', '2023-08-08 15:14:48'),
(430, 1530, 135, 1, 51.5088, 0, 0, NULL, '2023-08-08 22:03:55', '2023-08-08 22:03:55'),
(434, 1529, 141, 1, 53.7488, 0, 0, NULL, '2023-08-08 22:27:02', '2023-08-08 22:27:02'),
(446, 1493, 154, 1, 52.5, 0, 0, NULL, '2023-08-09 02:30:15', '2023-08-09 02:30:15'),
(454, 258, 161, 3, 4.545, 0, 0, NULL, '2023-08-09 04:21:37', '2023-09-09 16:45:41'),
(455, 260, 161, 1, 1.01, 0, 0, NULL, '2023-08-09 04:21:42', '2023-08-09 04:21:42'),
(456, 259, 161, 1, 2.525, 0, 0, NULL, '2023-08-09 04:21:45', '2023-08-09 04:21:45'),
(457, 288, 162, 1, 10.1, 0, 0, NULL, '2023-08-09 05:38:21', '2023-08-09 05:38:21'),
(480, 1572, 170, 1, 14, 0, 0, NULL, '2023-08-16 14:35:30', '2023-08-16 14:35:30'),
(484, 1574, 174, 1, 52.64, 0, 0, NULL, '2023-08-16 15:41:28', '2023-08-16 15:41:28'),
(495, 1528, 184, 1, 51.5088, 0, 0, NULL, '2023-08-16 18:45:03', '2023-08-16 18:45:03'),
(525, 702, 201, 1, 6.06, 0, 0, NULL, '2023-08-17 02:31:43', '2023-08-17 02:31:43'),
(526, 708, 201, 1, 3.03, 0, 0, NULL, '2023-08-17 02:32:21', '2023-08-17 02:32:21'),
(527, 699, 201, 1, 2.02, 0, 0, 526, '2023-08-17 02:32:21', '2023-08-17 02:32:21'),
(529, 1575, 204, 1, 9.52, 0, 0, NULL, '2023-08-17 02:48:45', '2023-08-17 02:48:45'),
(567, 704, 225, 1, 5.05, 0, 0, NULL, '2023-08-17 09:50:51', '2023-08-17 09:50:51'),
(568, 698, 225, 1, 2.02, 0, 0, 567, '2023-08-17 09:50:51', '2023-08-17 09:50:51'),
(576, 1031, 220, 1, 4.04, 0, 0, NULL, '2023-08-23 14:08:10', '2023-08-23 14:08:10'),
(586, 827, 237, 1, 3.03, 0, 0, NULL, '2023-08-29 07:35:31', '2023-08-29 07:35:31'),
(588, 1577, 238, 1, 10.08, 0, 0, NULL, '2023-08-29 07:41:43', '2023-08-29 07:41:43'),
(597, 1583, 248, 1, 81.9, 0, 0, NULL, '2023-08-29 10:42:51', '2023-08-29 10:42:51'),
(602, 1483, 251, 1, 16.8, 0, 0, NULL, '2023-08-29 13:08:54', '2023-08-29 13:08:54'),
(608, 1578, 252, 1, 78.4, 0, 0, NULL, '2023-08-29 15:11:07', '2023-08-29 15:11:07'),
(611, 702, 255, 1, 6.06, 0, 0, NULL, '2023-08-29 21:19:25', '2023-08-29 21:19:25'),
(612, 701, 255, 4, 8.08, 0, 0, 611, '2023-08-29 21:19:25', '2023-08-29 21:19:25'),
(613, 700, 255, 1, 1.01, 0, 0, 611, '2023-08-29 21:19:25', '2023-08-29 21:19:25'),
(614, 851, 256, 1, 5.05, 0, 0, NULL, '2023-08-29 21:26:14', '2023-08-29 21:26:14'),
(615, 835, 256, 1, 4.04, 0, 0, NULL, '2023-08-29 21:26:32', '2023-08-29 21:26:32'),
(630, 1526, 264, 2, 375.9, 0, 0, NULL, '2023-08-30 05:00:07', '2023-08-30 05:00:13'),
(631, 1067, 265, 1, 3.03, 0, 0, NULL, '2023-08-30 05:02:37', '2023-08-30 05:02:37'),
(705, 1543, 300, 1, 756.49, 0, 0, NULL, '2023-08-30 22:37:03', '2023-08-30 22:37:03'),
(706, 729, 301, 1, 2.02, 0, 0, NULL, '2023-08-31 01:25:06', '2023-08-31 01:25:06'),
(707, 752, 301, 1, 3.03, 0, 0, NULL, '2023-08-31 01:25:15', '2023-08-31 01:25:15'),
(708, 1526, 302, 1, 187.95, 0, 0, NULL, '2023-08-31 01:44:20', '2023-08-31 01:44:20'),
(709, 764, 303, 3, 9.09, 0, 0, NULL, '2023-08-31 01:45:28', '2023-08-31 01:46:07'),
(721, 1483, 308, 1, 16.8, 0, 0, NULL, '2023-08-31 10:08:44', '2023-08-31 10:08:44'),
(740, 1495, 318, 1, 35.7, 0, 0, NULL, '2023-08-31 19:29:34', '2023-08-31 19:29:34'),
(746, 830, 324, 1, 5.05, 0, 0, NULL, '2023-08-31 22:23:48', '2023-08-31 22:23:48'),
(750, 1500, 327, 1, 620.6, 0, 0, NULL, '2023-08-31 22:54:51', '2023-08-31 22:54:51'),
(752, 1528, 330, 1, 51.5088, 0, 0, NULL, '2023-09-01 01:33:11', '2023-09-01 01:33:11'),
(765, 1489, 341, 1, 21, 0, 0, NULL, '2023-09-02 00:55:12', '2023-09-02 00:55:12'),
(767, 764, 344, 1, 3.03, 0, 0, NULL, '2023-09-02 05:26:22', '2023-09-02 05:26:22'),
(827, 1524, 366, 7, 1462.65, 0, 0, NULL, '2023-09-02 11:40:16', '2023-09-02 11:43:05'),
(879, 287, 400, 1, 54.54, 0, 0, NULL, '2023-09-02 18:59:10', '2023-09-02 18:59:10'),
(880, 1482, 339, 1, 9.18, 0, 0, NULL, '2023-09-02 19:27:29', '2023-09-02 19:27:29'),
(973, 1544, 456, 1, 570.18, 0, 0, NULL, '2023-09-04 05:24:42', '2023-09-04 05:24:42'),
(975, 1758, 458, 1, 4.04, 0, 0, NULL, '2023-09-04 06:01:07', '2023-09-04 06:01:07'),
(1009, 1765, 480, 1, 12.24, 0, 0, 1008, '2023-09-04 10:40:39', '2023-09-04 10:40:39'),
(1028, 1758, 494, 1, 4.04, 0, 0, NULL, '2023-09-04 17:11:21', '2023-09-04 17:11:21'),
(1036, 1543, 499, 1, 756.49, 0, 0, NULL, '2023-09-05 01:19:47', '2023-09-05 01:19:47'),
(1037, 1542, 500, 1, 6298.95, 0, 0, NULL, '2023-09-05 01:20:50', '2023-09-05 01:20:50'),
(1042, 1383, 503, 1, 18.45, 0, 0, 1041, '2023-09-05 06:12:34', '2023-09-05 06:12:34'),
(1120, 1592, 550, 2, 46, 0, 0, NULL, '2023-09-06 07:46:12', '2023-09-06 07:46:12'),
(1138, 782, 555, 1, 6.06, 0, 0, NULL, '2023-09-06 09:10:45', '2023-09-06 09:10:45'),
(1192, 1470, 560, 1, 12.24, 0, 0, NULL, '2023-09-06 10:03:32', '2023-09-06 10:03:32'),
(1206, 1528, 565, 1, 51.5088, 0, 0, NULL, '2023-09-06 10:25:35', '2023-09-06 10:25:35'),
(1207, 1532, 565, 1, 29.1088, 0, 0, NULL, '2023-09-06 10:25:47', '2023-09-06 10:25:47'),
(1225, 1383, 573, 1, 18.45, 0, 0, 1224, '2023-09-06 13:10:13', '2023-09-06 13:10:13'),
(1231, 1543, 577, 1, 756.49, 0, 0, NULL, '2023-09-06 13:28:15', '2023-09-06 13:28:15'),
(1232, 1755, 579, 1, 80, 0, 0, NULL, '2023-09-06 14:37:39', '2023-09-06 14:37:39'),
(1235, 971, 582, 1, 3.03, 0, 0, NULL, '2023-09-06 14:42:03', '2023-09-06 14:42:03'),
(1237, 830, 585, 1, 5.05, 0, 0, NULL, '2023-09-06 14:46:49', '2023-09-06 14:46:49'),
(1249, 1295, 596, 10, 125919, 0, 0, NULL, '2023-09-06 17:23:59', '2023-09-06 17:23:59'),
(1265, 1078, 606, 5, 25.25, 0, 0, NULL, '2023-09-07 05:32:27', '2023-09-07 05:32:27'),
(1266, 973, 607, 7, 35.35, 0, 0, NULL, '2023-09-07 05:33:15', '2023-09-07 05:33:15'),
(1267, 956, 607, 6, 24.24, 0, 0, NULL, '2023-09-07 05:33:27', '2023-09-07 05:33:27'),
(1268, 958, 607, 11, 33.33, 0, 0, NULL, '2023-09-07 05:33:35', '2023-09-07 05:33:35'),
(1269, 922, 607, 12, 60.6, 0, 0, NULL, '2023-09-07 05:33:51', '2023-09-07 05:33:51'),
(1270, 704, 608, 5, 25.25, 0, 0, NULL, '2023-09-07 05:59:46', '2023-09-07 06:00:02'),
(1271, 701, 608, 1, 2.02, 0, 0, 1270, '2023-09-07 05:59:46', '2023-09-07 05:59:46'),
(1273, 1476, 609, 2, 10.2, 0, 0, NULL, '2023-09-07 08:42:40', '2023-09-07 08:44:04'),
(1276, 1081, 612, 4, 24.24, 0, 0, NULL, '2023-09-07 09:14:46', '2023-09-07 09:14:46'),
(1281, 1383, 614, 1, 18.45, 0, 0, 1280, '2023-09-07 09:41:21', '2023-09-07 09:41:21'),
(1283, 1755, 615, 2, 160, 0, 0, NULL, '2023-09-07 09:52:04', '2023-09-07 09:52:04'),
(1284, 833, 616, 3, 15.15, 0, 0, NULL, '2023-09-07 10:03:59', '2023-09-07 10:03:59'),
(1286, 1592, 617, 1, 23, 0, 0, NULL, '2023-09-07 10:07:11', '2023-09-07 10:07:11'),
(1289, 1428, 619, 1, 144.43, 0, 0, 1288, '2023-09-07 10:12:56', '2023-09-07 10:12:56'),
(1303, 1654, 626, 1, 66.66, 0, 33, NULL, '2023-09-07 14:46:45', '2023-09-07 14:46:45'),
(1306, 1476, 628, 1, 5.1, 0, 0, NULL, '2023-09-07 14:48:07', '2023-09-07 14:48:07'),
(1322, 1573, 638, 1, 31.92, 0, 0, NULL, '2023-09-07 19:50:06', '2023-09-07 19:50:06'),
(1328, 1478, 644, 1, 9.45, 0, 0, NULL, '2023-09-08 03:22:50', '2023-09-08 03:22:50'),
(1331, 1476, 644, 1, 5.1, 0, 0, NULL, '2023-09-08 03:27:17', '2023-09-08 03:27:17'),
(1339, 1592, 653, 1, 23, 0, 0, NULL, '2023-09-08 11:33:14', '2023-09-08 11:33:14'),
(1344, 1717, 572, 1, 48, 0, 0, NULL, '2023-09-08 15:59:12', '2023-09-08 15:59:12'),
(1356, 1544, 661, 1, 570.18, 0, 0, NULL, '2023-09-08 18:03:45', '2023-09-08 18:03:45'),
(1357, 1476, 662, 1, 5.1, 0, 0, NULL, '2023-09-08 18:40:14', '2023-09-08 18:40:14'),
(1364, 843, 669, 1, 5.05, 0, 0, NULL, '2023-09-09 01:16:00', '2023-09-09 01:16:00'),
(1376, 1470, 678, 10, 122.4, 0, 0, NULL, '2023-09-09 07:11:11', '2023-09-09 07:12:05'),
(1378, 1471, 678, 2, 28.56, 0, 0, NULL, '2023-09-09 07:15:30', '2023-09-09 07:15:46'),
(1381, 1476, 681, 1, 5.1, 0, 0, NULL, '2023-09-09 08:17:10', '2023-09-09 08:17:10'),
(1390, 1078, 690, 1, 5.05, 0, 0, NULL, '2023-09-09 13:49:03', '2023-09-09 13:49:03'),
(1401, 1476, 700, 1, 5.1, 0, 0, NULL, '2023-09-10 04:38:49', '2023-09-10 04:38:49'),
(1404, 1592, 702, 1, 23, 0, 0, NULL, '2023-09-10 05:42:36', '2023-09-10 05:42:36'),
(1405, 1544, 703, 1, 570.18, 0, 0, NULL, '2023-09-10 06:35:30', '2023-09-10 06:35:30'),
(1420, 1668, 709, 1, 1, 0, 0, 1418, '2023-09-10 08:39:00', '2023-09-10 08:39:00'),
(1431, 1657, 718, 1, 12, 0, 0, NULL, '2023-09-10 18:32:41', '2023-09-10 18:32:41'),
(1435, 278, 722, 1, 28.28, 0, 0, NULL, '2023-09-10 23:49:14', '2023-09-10 23:49:14'),
(1437, 303, 724, 1, 11.11, 0, 0, NULL, '2023-09-11 01:45:04', '2023-09-11 01:45:04'),
(1447, 1593, 730, 1, 33, 0, 0, NULL, '2023-09-11 04:27:06', '2023-09-11 04:27:06'),
(1449, 1765, 731, 1, 12.24, 0, 0, 1448, '2023-09-11 04:36:35', '2023-09-11 04:36:35'),
(1455, 1523, 734, 1, 103.95, 0, 0, NULL, '2023-09-11 09:39:54', '2023-09-11 09:39:54'),
(1459, 284, 735, 1, 30.3, 0, 0, NULL, '2023-09-11 10:11:24', '2023-09-11 10:11:24'),
(1479, 1655, 751, 1, 12.6, 0, 0, NULL, '2023-09-11 15:12:37', '2023-09-11 15:12:37'),
(1480, 829, 752, 2, 10.1, 0, 0, NULL, '2023-09-11 15:23:01', '2023-09-11 15:23:01'),
(1494, 1024, 761, 1, 3.03, 0, 0, NULL, '2023-09-12 01:57:40', '2023-09-12 01:57:40'),
(1498, 1595, 763, 1, 10, 0, 0, NULL, '2023-09-12 06:44:51', '2023-09-12 06:44:51'),
(1504, 1030, 766, 1, 3.03, 0, 0, NULL, '2024-02-21 07:58:00', '2024-02-21 07:58:00'),
(1506, 1572, 768, 1, 14, 0, 0, NULL, '2024-02-21 08:28:26', '2024-02-21 08:28:26'),
(1508, 1593, 771, 10, 330, 0, 0, NULL, '2024-02-21 12:33:34', '2024-02-21 12:33:34'),
(1509, 1595, 771, 10, 100, 0, 0, NULL, '2024-02-21 12:33:41', '2024-02-21 12:33:41'),
(1510, 1592, 771, 10, 230, 0, 0, NULL, '2024-02-21 12:33:46', '2024-02-21 12:33:46'),
(1511, 985, 772, 1, 3.03, 0, 0, NULL, '2024-04-23 03:33:53', '2024-04-23 03:33:53'),
(1513, 1468, 773, 1, 3.06, 0, 0, 1512, '2024-06-15 10:36:22', '2024-06-15 10:36:22');

-- --------------------------------------------------------

--
-- Структура таблицы `categories`
--

CREATE TABLE `categories` (
  `id` bigint UNSIGNED NOT NULL,
  `slug` varchar(255) CHARACTER SET utf8mb4 COLLATE utf8mb4_unicode_ci DEFAULT NULL,
  `uuid` char(36) CHARACTER SET utf8mb4 COLLATE utf8mb4_unicode_ci NOT NULL,
  `keywords` varchar(191) CHARACTER SET utf8mb4 COLLATE utf8mb4_unicode_ci DEFAULT NULL,
  `parent_id` bigint NOT NULL DEFAULT '0',
  `type` tinyint NOT NULL DEFAULT '1',
  `img` varchar(255) CHARACTER SET utf8mb4 COLLATE utf8mb4_unicode_ci DEFAULT NULL,
  `active` tinyint(1) NOT NULL DEFAULT '1',
  `created_at` timestamp NULL DEFAULT NULL,
  `updated_at` timestamp NULL DEFAULT NULL,
  `deleted_at` timestamp NULL DEFAULT NULL,
  `input` smallint NOT NULL DEFAULT '1',
  `status` varchar(255) CHARACTER SET utf8mb4 COLLATE utf8mb4_unicode_ci NOT NULL DEFAULT 'pending',
  `shop_id` bigint UNSIGNED DEFAULT NULL
) ENGINE=InnoDB DEFAULT CHARSET=utf8mb4 COLLATE=utf8mb4_unicode_ci;

--
-- Дамп данных таблицы `categories`
--

INSERT INTO `categories` (`id`, `slug`, `uuid`, `keywords`, `parent_id`, `type`, `img`, `active`, `created_at`, `updated_at`, `deleted_at`, `input`, `status`, `shop_id`) VALUES
(2, NULL, '236bc56c-00bb-4b08-89bb-41c3d94816cb', 'category, categories, cat', 1, 2, 'https://api.foodyman.org/storage/images/https://api.foodyman.org/storage/images/categories/103-1653503696.jpg', 0, '2022-12-03 16:14:25', '2023-02-10 16:47:21', NULL, 1, 'published', NULL),
(3, NULL, '96dde985-8199-43db-a8e3-060a40031a4f', 'category, categories, cat', 2, 2, 'https://api.foodyman.org/storage/images/https://api.foodyman.org/storage/images/categories/103-1653503696.jpg', 1, '2022-12-03 16:27:59', '2023-02-10 16:47:21', NULL, 1, 'published', NULL),
(4, NULL, '757a8f6f-38ff-4082-8993-ea62baaf12d3', 'category, categories, cat', 0, 2, 'https://foodyman.s3.amazonaws.com/public/images/categories/103-1653503696.jpg', 1, '2022-12-05 16:47:42', '2023-08-01 06:15:08', NULL, 1, 'published', NULL),
(11, NULL, 'a60c7c6d-b97a-4d18-91a5-48e17d99b8f9', 'category, categories, cat', 2, 4, 'https://api.foodyman.org/storage/images/https://api.foodyman.org/storage/images/categories/103-1653503696.jpg', 1, '2022-12-06 17:20:40', '2023-02-10 16:47:21', NULL, 1, 'published', NULL),
(15, NULL, '7906e667-9b38-4d18-9624-d0bb71d20ac3', 'Meat', 0, 1, 'https://foodyman.s3.amazonaws.com/public/images/categories/107-1676355594.webp', 1, '2022-12-07 16:53:19', '2023-08-01 06:15:08', NULL, 1, 'published', NULL),
(16, NULL, '92e67c93-2ff2-4787-807f-71ca9c32353d', 'category, categories, cat', 2, 4, 'https://api.foodyman.org/storage/images/https://api.foodyman.org/storage/images/categories/103-1653503696.jpg', 1, '2022-12-09 14:38:52', '2023-02-10 16:47:21', NULL, 1, 'published', NULL),
(22, NULL, 'fb84ae54-7d39-4c4f-a206-056baf1b4c76', 'Club Sandwich', 0, 1, 'https://foodyman.s3.amazonaws.com/public/images/categories/106-1670845655.jpg', 1, '2022-12-12 16:47:46', '2023-08-01 06:15:09', NULL, 1, 'published', NULL),
(23, NULL, '133549f3-6ae4-4359-8f95-f3c4b1cb555c', 'national food,food', 0, 1, 'https://foodyman.s3.amazonaws.com/public/images/shops/background/107-1680439658.jpeg', 1, '2022-12-19 16:32:32', '2023-08-01 14:14:32', NULL, 1, 'published', NULL),
(26, NULL, 'ae09ebd1-9eb9-448b-903d-9d022e6804a6', 'vtest', 13, 4, 'https://api.foodyman.org/storage/images/https://api.foodyman.org/storage/images/categories/107-1671603834.webp', 1, '2022-12-21 11:23:59', '2023-02-10 16:47:21', NULL, 1, 'published', NULL),
(30, NULL, 'dab928d7-1a2a-4fc2-b6a7-d59245dbd6a2', 'Milliy taomlar', 0, 1, 'https://foodyman.s3.amazonaws.com/public/images/categories/107-1672999041.gif', 1, '2023-01-04 16:56:24', '2023-08-01 06:15:09', NULL, 1, 'published', NULL),
(33, NULL, '4155310b-7084-4be4-a818-c181dc9c86e5', 'ASS', 19, 4, 'https://api.foodyman.org/storage/images/https://api.foodyman.org/storage/images/categories/132-1672999314.jpg', 1, '2023-01-06 15:01:57', '2023-02-10 16:47:21', NULL, 1, 'published', NULL),
(34, NULL, 'cad09808-44fa-4129-b0e2-2e6e7d7e8609', 'steaks', 0, 1, 'https://foodyman.s3.amazonaws.com/public/images/categories/2023-01-13-032810VB06IS.jpg', 1, '2023-01-12 16:56:36', '2023-08-01 06:15:09', NULL, 1, 'published', NULL),
(35, NULL, '23087306-5860-40f5-8f55-690ba710da59', 'Milliy taomlar', 0, 1, 'https://api.foodyman.org/storage/images/https://api.foodyman.org/storage/images/categories/107-1674118870.jpg', 1, '2023-01-12 17:04:07', '2023-08-01 06:15:09', NULL, 1, 'published', NULL),
(36, NULL, '845a7905-e50d-4840-b5bb-71c1cc43d6c2', '', 0, 1, 'https://api.foodyman.org/storage/images/https://api.foodyman.org/storage/images/', 0, '2023-01-13 20:33:39', '2023-08-01 06:15:09', NULL, 1, 'published', NULL),
(37, NULL, 'f8f4f470-c435-4288-9ef3-f4c15c898ebe', 'Restourant', 0, 1, 'https://foodyman.s3.amazonaws.com/public/images/categories/107-1670327282.jpg', 1, '2023-01-14 12:02:41', '2023-08-01 06:15:09', NULL, 1, 'published', NULL),
(38, NULL, 'b20575e0-fe7f-4a90-bd92-e7adee5f04a4', 'Restourant', 0, 1, 'https://api.foodyman.org/storage/images/https://api.foodyman.org/storage/images/categories/107-1674118845.jpeg', 1, '2023-01-14 12:04:12', '2023-08-01 06:15:10', NULL, 1, 'published', NULL),
(39, NULL, '296bcd53-1818-46e1-a129-9a4e96c17183', 'new', 0, 1, NULL, 1, '2023-01-17 15:46:24', '2023-08-01 06:15:10', NULL, 1, 'published', NULL),
(40, NULL, '871deb0d-dfcb-4fec-96e5-754b93ec8234', NULL, 0, 1, NULL, 1, '2023-01-17 16:08:31', '2023-08-01 06:15:10', NULL, 1, 'published', NULL),
(41, NULL, '9b441752-8ded-46bc-a70b-7145b8bd5974', NULL, 0, 1, NULL, 1, '2023-01-17 17:18:49', '2023-08-01 06:15:10', NULL, 1, 'published', NULL),
(42, NULL, '7949b178-83f4-4737-a768-d2059daaaa6d', NULL, 0, 1, NULL, 1, '2023-01-17 17:20:35', '2023-08-01 06:15:10', NULL, 1, 'published', NULL),
(43, NULL, '4dfd91b6-fb65-4f1c-91ff-04a5d74e847b', NULL, 0, 1, NULL, 1, '2023-01-17 17:21:04', '2023-08-01 06:15:10', NULL, 1, 'published', NULL),
(44, NULL, '2e5efbfa-171e-43e2-90bc-058f2bbf1f70', NULL, 0, 1, NULL, 1, '2023-01-17 17:22:40', '2023-08-01 06:15:10', NULL, 1, 'published', NULL),
(45, NULL, '486b32f1-b7a5-413a-a043-e12ab761cd67', NULL, 0, 1, NULL, 1, '2023-01-17 17:23:55', '2023-08-01 06:15:10', NULL, 1, 'published', NULL),
(46, NULL, '9d2b4077-d066-4add-9698-3e351e38aecc', 'Express', 0, 1, 'https://api.foodyman.org/storage/images/https://api.foodyman.org/storage/images/categories/107-1674118818.jpg', 1, '2023-01-18 11:49:23', '2023-08-01 06:15:10', NULL, 1, 'published', NULL),
(47, NULL, 'e4a96d32-fde1-478f-a731-7bc50a984386', 'proper nutrition', 0, 1, 'https://api.foodyman.org/storage/images/https://api.foodyman.org/storage/images/categories/107-1674118785.jpg', 1, '2023-01-18 13:15:41', '2023-08-01 06:15:10', NULL, 1, 'published', NULL),
(48, NULL, '4217e52b-eff4-4238-8f9f-a619741213d6', 'asian cuisine', 0, 1, 'https://api.foodyman.org/storage/images/https://api.foodyman.org/storage/images/categories/107-1674118688.jpg', 1, '2023-01-18 13:36:32', '2023-08-01 06:15:10', NULL, 1, 'published', NULL),
(49, NULL, '49eddee6-4640-4915-a8a9-44794b8092e0', 'coffee house', 0, 1, 'https://api.foodyman.org/storage/images/https://api.foodyman.org/storage/images/categories/107-1674118648.jpg', 1, '2023-01-18 14:04:46', '2023-08-01 06:15:10', NULL, 1, 'published', NULL),
(50, NULL, '18748447-034d-4810-9213-6dfbadd92147', 'Milk and milk products', 0, 1, 'https://api.foodyman.org/storage/images/https://api.foodyman.org/storage/images/categories/107-1674118357.jpg', 1, '2023-01-18 14:32:36', '2023-08-01 06:15:10', NULL, 1, 'published', NULL),
(51, NULL, 'c2f2ad00-7c26-46d3-b039-0ad1d1473efe', 'baby food', 0, 1, 'https://api.foodyman.org/storage/images/https://api.foodyman.org/storage/images/categories/107-1674118319.jpg', 1, '2023-01-18 14:50:51', '2023-08-01 06:15:10', NULL, 1, 'published', NULL),
(52, NULL, '6fb55615-9d9b-4758-bb47-903bd14876c8', 'cakes and sweets', 0, 1, 'https://api.foodyman.org/storage/images/https://api.foodyman.org/storage/images/categories/107-1674118249.webp', 1, '2023-01-18 15:04:12', '2023-08-01 06:15:10', NULL, 1, 'published', NULL),
(53, NULL, '23489e2d-c3dc-4b8e-b77e-89be452b7fa3', 'Restourant', 0, 1, 'https://foodyman.s3.amazonaws.com/public/images/categories/107-1670240778.jpg', 1, '2023-01-19 14:18:38', '2023-08-01 06:15:11', NULL, 1, 'published', NULL),
(54, NULL, '65a60782-2dd4-4bab-8374-03224e2f0063', 'Restourant', 0, 1, 'https://foodyman.s3.amazonaws.com/public/images/categories/107-1670240778.jpg', 1, '2023-01-19 14:44:03', '2023-08-01 06:15:11', NULL, 1, 'published', NULL),
(67, NULL, 'a58354ea-2a50-4822-843f-f846742b3268', 'fish', 0, 1, 'https://foodyman.s3.amazonaws.com/public/images/categories/671691558320.webp', 1, '2023-02-09 17:22:51', '2023-02-16 07:42:23', NULL, 1, 'published', NULL),
(68, NULL, '1834ecab-9ada-4720-8608-a284d6bd9037', 'meat', 0, 1, 'https://foodyman.s3.amazonaws.com/public/images/categories/107-1676354852.avif', 1, '2023-02-09 17:24:27', '2023-02-14 06:07:35', NULL, 1, 'published', NULL),
(72, NULL, '95e461dd-dd48-49d4-b298-a942b7ff5eda', 'test', 0, 1, 'https://foodyman.s3.amazonaws.com/public/images/categories/107-1676355594.webp', 1, '2023-02-14 06:19:57', '2023-08-01 06:15:12', NULL, 1, 'published', NULL),
(73, NULL, '69a21d7e-17cd-44eb-a334-8d96b38fe483', 'test', 0, 1, 'https://foodyman.s3.amazonaws.com/public/images/categories/107-1676355392.avif', 1, '2023-02-15 08:51:36', '2023-08-01 06:15:12', NULL, 1, 'published', NULL),
(74, NULL, '5b41758b-3097-4cc4-b890-8dab8cc4ddeb', 'Restourant', 0, 1, 'https://api.foodyman.org/storage/images/https://api.foodyman.org/storage/images/categories/107-1674118845.jpeg', 1, '2023-02-15 08:52:35', '2023-08-01 06:15:12', NULL, 1, 'published', NULL),
(77, NULL, 'af2bfdc2-d88c-4b90-ba99-a00e6bfaf036', 'Ice cream', 0, 1, 'https://foodyman.s3.amazonaws.com/public/images/categories/107-1676452319.webp', 1, '2023-02-15 09:12:02', '2023-08-01 06:15:12', NULL, 1, 'published', NULL),
(78, NULL, 'b6a651bc-ca20-4eaf-b823-e8a9dcaf929a', 'dessert', 0, 1, 'https://foodyman.s3.amazonaws.com/public/images/categories/107-1676454058.webp', 1, '2023-02-15 09:41:03', '2023-08-01 06:15:12', NULL, 1, 'published', NULL),
(79, NULL, '3464774a-8ab7-4081-bf9d-c687873b9233', 'Pastes', 0, 1, 'https://foodyman.s3.amazonaws.com/public/images/categories/107-1676454978.webp', 1, '2023-02-15 09:56:20', '2023-08-01 06:15:12', NULL, 1, 'published', NULL),
(80, NULL, '2c45da2c-8a70-47d7-83eb-f77df490f2a6', 'Lemonade', 0, 1, 'https://foodyman.s3.amazonaws.com/public/images/categories/107-1676458797.webp', 1, '2023-02-15 11:00:00', '2023-02-15 11:00:00', NULL, 1, 'published', NULL),
(81, NULL, '4f5cdc55-d101-4b55-9f04-222f7291bd45', 'Coffee with white chocolate. Volume: 0.5l', 0, 1, 'https://foodyman.s3.amazonaws.com/public/images/categories/107-1676460381.webp', 1, '2023-02-15 11:26:23', '2023-08-01 06:15:12', NULL, 1, 'published', NULL),
(82, NULL, 'cc319af9-e909-4baf-9984-7048838cc109', 'salads', 0, 1, 'https://foodyman.s3.amazonaws.com/public/images/categories/107-1676471740.webp', 1, '2023-02-15 14:35:42', '2023-08-01 06:15:12', NULL, 1, 'published', NULL),
(83, NULL, 'e6361ca8-3b82-4593-b747-2502698e518a', 'Waffle', 0, 1, 'https://foodyman.s3.amazonaws.com/public/images/categories/831691558322.webp', 1, '2023-02-16 07:29:10', '2023-02-16 07:29:10', NULL, 1, 'published', NULL),
(84, NULL, '5aadf1bc-d7fd-4e21-bed1-80203ad4671f', 'Milkshake', 0, 1, 'https://foodyman.s3.amazonaws.com/public/images/categories/841691558322.webp', 1, '2023-02-16 07:44:49', '2023-02-16 07:44:49', NULL, 1, 'published', NULL),
(85, NULL, 'dc2412c6-964e-4261-9a92-3a4a85ad7051', 'vSoups', 0, 1, 'https://foodyman.s3.amazonaws.com/public/images/categories/107-1676534822.webp', 1, '2023-02-16 08:07:04', '2023-08-01 06:15:12', NULL, 1, 'published', NULL),
(86, NULL, '4eef2aa6-3dfa-47cb-ac45-318851590840', 'beverages', 0, 1, 'https://foodyman.s3.amazonaws.com/public/images/categories/107-1676538633.webp', 1, '2023-02-16 09:10:37', '2023-08-01 06:15:12', NULL, 1, 'published', NULL),
(87, NULL, 'cbce506b-2c29-4a9e-8bd7-eb44b585164a', 'sweets', 0, 1, 'https://foodyman.s3.amazonaws.com/public/images/categories/107-1676541347.webp', 1, '2023-02-16 09:55:49', '2023-08-01 06:15:12', NULL, 1, 'published', NULL),
(88, NULL, 'dfaefcaa-1fc3-40c4-be04-98e07297a3c9', 'chocolate', 0, 1, 'https://foodyman.s3.amazonaws.com/public/images/categories/107-1676545501.webp', 1, '2023-02-16 11:05:05', '2023-08-01 06:15:12', NULL, 1, 'published', NULL),
(89, NULL, '7709312a-bb57-40cb-9230-ab5c0f673b42', 'Ice cream', 0, 1, 'https://foodyman.s3.amazonaws.com/public/images/categories/107-1676546305.webp', 1, '2023-02-16 11:18:28', '2023-08-01 06:15:13', NULL, 1, 'published', NULL),
(90, NULL, 'a45f5d2d-edd2-4492-9a1f-fbaaffdc5ab6', NULL, 0, 1, NULL, 1, '2023-02-16 11:26:41', '2023-08-01 06:15:13', NULL, 1, 'published', NULL),
(91, NULL, '61d13e0e-0aae-4947-9c7d-6eb039f7efe3', 'Baby formula', 0, 1, 'https://foodyman.s3.amazonaws.com/public/images/categories/107-1676551701.webp', 1, '2023-02-16 12:48:24', '2023-08-01 06:15:13', NULL, 1, 'published', NULL),
(92, NULL, '350584f8-1d51-4df7-b073-a6f0642bec82', 'cheese,milk', 0, 1, 'https://foodyman.s3.amazonaws.com/public/images/categories/210-1676627330.webp', 1, '2023-02-17 09:48:55', '2023-08-01 06:15:13', NULL, 1, 'published', NULL),
(93, NULL, '9c4100ed-2f54-452c-9fe4-854f9f3e35c9', 'Καφέδες', 0, 1, 'https://foodyman.s3.amazonaws.com/public/images/categories/132-1676641587.webp', 1, '2023-02-17 13:46:33', '2023-08-01 06:15:13', NULL, 1, 'published', NULL),
(94, NULL, '9935ba07-806e-40dd-93bd-e8aea7610b5a', NULL, 0, 1, NULL, 1, '2023-02-20 08:25:13', '2023-08-01 06:15:13', NULL, 1, 'published', NULL),
(96, NULL, '87840a4c-5a1e-4c8f-8977-dd142d5c4bc1', 'test', 0, 1, 'https://foodyman.s3.amazonaws.com/public/images/categories/210-1677582816.webp', 1, '2023-02-28 11:13:39', '2023-08-01 06:15:13', NULL, 1, 'published', NULL),
(97, NULL, 'c2c34ac4-42d2-4af9-94ab-452ccc301cd6', 'key,receita', 0, 5, 'https://foodyman.s3.amazonaws.com/public/images/categories/971691558319.webp', 0, '2023-03-13 07:50:07', '2023-08-01 06:15:13', NULL, 1, 'published', NULL),
(114, NULL, 'a5670501-ca95-4363-a371-1db08fdfdae7', NULL, 0, 1, NULL, 1, '2023-04-02 03:28:50', '2023-08-01 06:15:14', NULL, 1, 'published', NULL),
(115, NULL, '17284978-c2d1-486a-b131-ba6739a70902', 'hello', 0, 7, NULL, 1, '2023-04-25 23:11:12', '2023-08-30 06:31:43', NULL, 1, 'published', NULL),
(121, NULL, '67d7fbcf-e85c-47a1-9018-0b2c59f848fd', NULL, 0, 1, NULL, 1, '2023-04-28 07:28:11', '2023-08-01 06:15:14', NULL, 1, 'published', NULL),
(122, NULL, 'bc3aac08-a05f-455a-ab8a-a35f276e4a88', NULL, 0, 6, NULL, 1, '2023-04-28 15:29:43', '2023-04-28 15:29:43', NULL, 1, 'published', NULL),
(123, NULL, '53da4565-7a17-4db1-8a8c-3871484923c4', NULL, 0, 6, NULL, 1, '2023-04-28 15:29:44', '2023-04-28 15:29:44', NULL, 1, 'published', NULL),
(124, NULL, 'f7a8a242-5a1c-4f3f-90fa-fd932e043e5b', NULL, 0, 6, NULL, 1, '2023-04-29 05:33:37', '2023-04-29 05:33:37', NULL, 1, 'published', NULL),
(126, NULL, '91d8a9e6-7848-42d2-bf56-acf16c9c111d', NULL, 0, 1, NULL, 1, '2023-05-03 19:59:18', '2023-08-01 06:15:14', NULL, 1, 'published', NULL),
(127, NULL, 'a51efe69-2371-498a-a0ca-7e6c7e3b7f3a', NULL, 0, 1, NULL, 1, '2023-05-08 16:34:58', '2023-08-01 06:15:14', NULL, 1, 'published', NULL),
(128, NULL, '5402f1f2-3403-401d-a98e-c38c4840cae9', 'geen', 0, 7, 'https://foodyman.s3.amazonaws.com/public/images/blogs/107-1676356748.webp', 1, '2023-05-09 09:56:53', '2023-05-09 09:56:53', NULL, 1, 'published', NULL),
(129, NULL, 'c9077969-4710-4a24-ad89-b0cad47791e3', NULL, 0, 6, NULL, 1, '2023-05-14 07:27:14', '2023-05-14 07:27:14', NULL, 1, 'published', NULL),
(131, NULL, '20da4a63-1201-4b73-b9d4-51854963a1bd', 'makloub', 0, 1, 'https://foodyman.s3.amazonaws.com/public/images/categories/107-1684140925.webp', 1, '2023-05-15 07:55:35', '2023-08-01 06:15:14', NULL, 1, 'published', NULL),
(132, NULL, 'bc26ec46-5ab5-4d54-b40c-39a94c8d6047', NULL, 0, 1, NULL, 1, '2023-06-01 20:30:27', '2023-08-01 06:15:15', NULL, 1, 'published', NULL),
(133, NULL, '5315bf0e-efb9-43c5-a0c3-75b4d87c5226', NULL, 0, 1, NULL, 1, '2023-06-01 20:30:37', '2023-08-01 06:15:15', NULL, 1, 'published', NULL),
(134, NULL, '69bd966d-c620-4f47-adfd-95c9b3a12622', 'wefwfwe', 0, 1, NULL, 1, '2023-06-01 20:44:54', '2023-08-01 06:15:15', NULL, 1, 'published', NULL),
(135, NULL, '454035a3-0e4a-4819-b768-da596e6e93dd', NULL, 0, 1, NULL, 1, '2023-06-03 11:48:17', '2023-08-01 06:15:15', NULL, 1, 'published', NULL),
(136, NULL, '38092025-8a9e-4718-8987-8a5e0245c0c8', NULL, 0, 1, NULL, 1, '2023-06-04 20:39:38', '2023-08-01 06:15:15', NULL, 1, 'published', NULL),
(137, NULL, 'd6716369-42a7-4890-9f1b-9652495937f4', NULL, 0, 1, NULL, 1, '2023-06-04 21:13:03', '2023-08-01 06:15:15', NULL, 1, 'published', NULL),
(139, NULL, '6b925129-c48f-4bd0-af70-4c708768acfb', 'mhgm', 0, 1, 'https://foodyman.s3.amazonaws.com/public/images/categories/334-1686235450.webp', 1, '2023-06-08 13:44:14', '2023-08-01 06:15:15', NULL, 1, 'published', NULL),
(142, NULL, '3e9b4272-fff5-4ce7-bae6-80973fda3206', NULL, 0, 6, NULL, 1, '2023-06-08 14:26:41', '2023-06-08 14:26:41', NULL, 1, 'published', NULL),
(143, NULL, 'dc9ead0d-3f35-43a1-bdcf-9075c92e551c', 'fruits and vegetables', 0, 4, 'https://foodyman.s3.amazonaws.com/public/images/categories/107-1693656658.webp', 1, '2023-06-08 18:34:15', '2023-09-02 11:11:02', NULL, 15, 'published', NULL),
(150, NULL, '499d9f5b-176a-4d0b-a87e-6aebdb2cbfb5', NULL, 0, 1, NULL, 1, '2023-06-13 12:39:27', '2023-08-01 06:15:16', NULL, 1, 'published', NULL),
(152, NULL, 'aec3c138-88cd-4fde-8a49-6db48de41348', 'category, categories, cat', 283, 1, 'https://foodyman.s3.amazonaws.com/public/images/categories/107-1689146142.webp', 1, '2023-06-15 12:24:35', '2023-09-04 09:15:09', NULL, 1, 'published', NULL),
(156, NULL, 'b3bc2530-5326-4223-bb79-43d0266bc33e', 'Pharmacy', 0, 4, 'https://foodyman.s3.amazonaws.com/public/images/categories/107-1689147449.webp', 1, '2023-07-12 06:37:33', '2023-09-03 09:22:00', NULL, 7, 'published', NULL),
(165, NULL, '8bd44518-2af1-48e4-b7ee-1fc37871f5b5', 'Gaming', 143, 8, 'https://foodyman.s3.amazonaws.com/public/images/categories/107-1693657777.webp', 1, '2023-07-12 06:53:14', '2023-09-02 11:29:41', NULL, 1, 'published', NULL),
(166, NULL, '8450e6d7-0661-4f9f-830b-5ea29d8a09d8', 'Computers', 143, 8, 'https://foodyman.s3.amazonaws.com/public/images/categories/107-1693657484.webp', 1, '2023-07-12 06:54:47', '2023-09-02 11:25:21', NULL, 1, 'published', NULL),
(167, NULL, '9f6de53e-b4fb-43a5-a8c5-a782d3f2ac7c', 'Phone', 143, 8, 'https://foodyman.s3.amazonaws.com/public/images/categories/107-1693657023.webp', 1, '2023-07-12 06:55:44', '2023-09-02 11:17:06', NULL, 1, 'published', NULL),
(171, NULL, '504d21cd-04c3-4db4-931d-394b45c8d577', 'Opticians', 156, 8, 'https://foodyman.s3.amazonaws.com/public/images/categories/107-1689148881.webp', 1, '2023-07-12 07:01:25', '2023-09-03 09:22:00', NULL, 1, 'published', NULL),
(172, NULL, '9126f8fb-2ba4-4249-ae6c-51d5018697d7', 'Skin Care', 156, 8, 'https://foodyman.s3.amazonaws.com/public/images/categories/107-1689148925.webp', 1, '2023-07-12 07:02:08', '2023-09-03 09:22:00', NULL, 1, 'published', NULL),
(173, NULL, 'efc3553f-60d0-4379-bd73-3196421a80b4', 'Tablets', 156, 8, 'https://foodyman.s3.amazonaws.com/public/images/categories/107-1689149193.webp', 1, '2023-07-12 07:06:36', '2023-09-03 09:22:00', NULL, 1, 'published', NULL),
(179, NULL, '6e1e0c01-e7db-4199-92c5-cac9479da7a6', NULL, 0, 6, NULL, 1, '2023-07-18 06:18:54', '2023-07-18 06:18:54', NULL, 1, 'published', NULL),
(180, NULL, '31933fce-a928-4c60-8d9a-20bf1a143e1a', 'dqwqwd', 0, 7, 'https://foodyman.s3.amazonaws.com/public/images/deliveryman/settings/107-1676291773.webp', 1, '2023-07-18 08:25:59', '2023-08-01 06:15:17', NULL, 1, 'published', NULL),
(181, NULL, '623300f2-8557-4323-b187-593665c81a46', 'dasda', 0, 7, 'https://foodyman.s3.amazonaws.com/public/images/deliveryman/settings/107-1678988656.webp', 1, '2023-07-18 08:26:12', '2023-09-03 07:07:45', NULL, 1, 'unpublished', NULL),
(187, NULL, '20d615c8-7b98-4c84-90be-a8dc20e5405f', 'asdfg,adsfgg,adf', 0, 5, 'https://foodyman.s3.amazonaws.com/public/images/categories/107-1689754848.webp', 1, '2023-07-19 07:20:54', '2023-08-01 06:15:17', NULL, 1, 'published', NULL),
(188, NULL, '2f03741a-c83b-4c00-ba2d-f75171f13fe9', 'dfhdfh', 0, 5, 'https://foodyman.s3.amazonaws.com/public/images/deliveryman/settings/107-1678988656.webp', 1, '2023-07-19 07:21:38', '2023-07-19 11:08:40', NULL, 1, 'published', NULL),
(189, NULL, 'cb001776-90e7-4e49-b1c7-1206647f2298', NULL, 0, 6, NULL, 1, '2023-07-19 07:29:21', '2023-07-19 07:29:21', NULL, 1, 'published', NULL),
(190, NULL, 'e717a3ed-5db1-4f0e-abf6-f49407ce7897', 'qwertyu', 0, 7, 'https://foodyman.s3.amazonaws.com/public/images/categories/107-1689757171.webp', 0, '2023-07-19 07:59:37', '2023-09-03 09:21:44', NULL, 1, 'published', NULL),
(191, NULL, '02cea1bd-9a75-4824-a81e-5ae522e17a28', 'sdas', 0, 5, 'https://foodyman.s3.amazonaws.com/public/images/categories/107-1689768764.webp', 0, '2023-07-19 11:12:46', '2023-07-19 11:13:10', NULL, 1, 'published', NULL),
(192, NULL, 'fb92c7ee-1b74-4b6d-8f31-56f8d8bd1ca4', NULL, 0, 6, NULL, 1, '2023-07-19 11:15:05', '2023-07-19 11:15:05', NULL, 1, 'published', NULL),
(193, NULL, 'bc9bf963-191c-46b6-a250-8baca5e3abe4', NULL, 0, 6, NULL, 1, '2023-07-19 11:21:56', '2023-07-19 11:21:56', NULL, 1, 'published', NULL),
(197, NULL, '4d35e47a-a705-4598-8b36-2b749bdca343', 'Airpods', 166, 1, 'https://foodyman.s3.amazonaws.com/public/images/categories/1971691558316.webp', 1, '2023-07-20 08:48:39', '2023-07-30 10:44:06', NULL, 1, 'published', NULL),
(198, NULL, '2ed8d5a5-3ec2-4349-861f-1064499a7228', 'asdfg,adsfgg,adf', 0, 5, NULL, 1, '2023-07-20 10:16:09', '2023-08-01 06:15:17', NULL, 1, 'published', NULL),
(199, NULL, '0370d421-35b1-4303-a0be-ea25444118fa', 'asdfg,adsfgg,adf', 0, 5, NULL, 1, '2023-07-20 10:16:38', '2023-08-01 06:15:17', NULL, 1, 'published', NULL),
(200, NULL, '00b62b03-9c84-4248-99ed-fc1601f51e9a', 'asdfg,adsfgg,adf', 0, 5, NULL, 1, '2023-07-20 10:18:00', '2023-08-01 06:15:17', NULL, 1, 'published', NULL),
(201, NULL, 'cd6f38e0-5d0e-4a0d-b18b-250ea49c711b', 'asdfg,adsfgg,adf', 0, 5, 'https://foodyman.s3.amazonaws.com/public/images/shops/logo/154-1677179479.webp', 1, '2023-07-20 10:31:10', '2023-07-20 10:32:17', NULL, 1, 'published', NULL),
(202, NULL, '19f8766b-7f1a-4452-b469-e1daeabec9f0', 'asdfg,adsfgg,adf', 0, 5, NULL, 1, '2023-07-20 10:39:04', '2023-08-01 06:15:17', NULL, 1, 'published', NULL),
(203, NULL, '6bfafb1f-eefa-4b74-b7c5-8f0aa4cde445', 'asd', 0, 5, 'https://foodyman.s3.amazonaws.com/public/images/shops/logo/154-1677179479.webp', 1, '2023-07-20 10:48:10', '2023-07-20 10:48:10', NULL, 1, 'published', NULL),
(204, NULL, '73bf32b0-87a8-4c16-9f80-d6ce2c8b2704', 'dds,asd', 0, 5, 'https://foodyman.s3.amazonaws.com/public/images/shops/logo/107-1683502200.webp', 1, '2023-07-20 10:48:47', '2023-07-20 10:51:18', NULL, 1, 'published', NULL),
(205, NULL, '20696eb6-5939-480a-836d-b618361d8ba8', NULL, 0, 6, NULL, 1, '2023-07-20 11:01:14', '2023-07-20 11:01:14', NULL, 1, 'published', NULL),
(206, NULL, '4cd4bc40-cea7-44e4-b76f-dc22ac3a3109', 'dds,asd', 0, 5, NULL, 1, '2023-07-20 11:06:24', '2023-08-01 06:15:17', NULL, 1, 'published', NULL),
(207, NULL, '447a2f78-0992-4486-9595-a891932ffabf', 'asdasdasd', 0, 5, 'https://foodyman.s3.amazonaws.com/public/images/shops/logo/154-1677179479.webp', 1, '2023-07-20 11:13:54', '2023-07-20 11:13:54', NULL, 1, 'published', NULL),
(209, NULL, '33e054de-baf8-45c2-afb0-36f987eb6e6c', 'asdasdasd', 0, 5, 'https://foodyman.s3.amazonaws.com/public/images/shops/logo/154-1677179479.webp', 1, '2023-07-20 11:18:27', '2023-07-20 11:18:27', NULL, 1, 'published', NULL),
(210, NULL, '020627e6-6993-48bc-89a5-3772a55f5947', 'asdasdasd', 0, 5, 'https://foodyman.s3.amazonaws.com/public/images/shops/logo/154-1677179479.webp', 0, '2023-07-20 11:20:08', '2023-08-01 13:36:58', NULL, 1, 'published', NULL),
(211, NULL, 'c8903ce3-df3b-4f1e-ba1e-34409e82499a', 'asdasdasd', 0, 5, NULL, 1, '2023-07-20 11:20:38', '2023-08-01 06:15:17', NULL, 1, 'published', NULL),
(212, NULL, '8b33979c-2596-4f6b-bd1a-e9bf24af6076', 'asdasdasd', 0, 5, NULL, 1, '2023-07-20 11:21:23', '2023-08-01 06:15:17', NULL, 1, 'published', NULL),
(213, NULL, '8cdc83e0-8d7b-4914-a6a4-b3e521785ea5', 'asdasdasd', 0, 5, NULL, 1, '2023-07-20 11:22:36', '2023-08-01 13:36:21', NULL, 1, 'published', NULL),
(214, NULL, 'dda02c3b-92b0-4f9a-a7f5-8fc8e1d4fdb4', 'asd', 0, 5, 'https://foodyman.s3.amazonaws.com/public/images/shops/background/107-1684139028.webp', 1, '2023-07-20 11:22:52', '2023-07-20 11:22:52', NULL, 1, 'published', NULL),
(220, NULL, '0cda372d-3510-4e47-93a0-d2afe1407d7b', 'mac', 166, 1, 'https://foodyman.s3.amazonaws.com/public/images/categories/102-1690717361.webp', 1, '2023-07-26 10:36:38', '2023-09-02 12:13:24', NULL, 1, 'published', NULL),
(221, NULL, '2bac5cd3-1734-4ce7-a4eb-802295493da4', 'test', 0, 5, 'https://foodyman.s3.amazonaws.com/public/images/categories/107-1676355594.webp', 1, '2023-07-27 10:04:58', '2023-07-27 10:04:58', NULL, 1, 'published', NULL),
(222, NULL, 'e22ce7e7-d76b-48c2-bc5d-845c475cd768', 'ttete', 0, 5, 'https://foodyman.s3.amazonaws.com/public/images/categories/107-1676355594.webp', 1, '2023-07-27 10:07:31', '2023-07-27 10:07:32', NULL, 1, 'published', NULL),
(224, NULL, '7f033438-a4c4-4afe-bc3f-41016f17f5c8', 'efrg', 0, 5, 'https://foodyman.s3.amazonaws.com/public/images/categories/2241693736293.jpeg', 1, '2023-07-27 10:11:08', '2023-09-03 09:19:09', NULL, 1, 'published', NULL),
(225, NULL, 'c9bc6690-b325-44f6-83db-7f86e0133c1f', 'Iphones', 167, 1, 'https://foodyman.s3.amazonaws.com/public/images/categories/107-1690658942.webp', 1, '2023-07-28 08:01:30', '2023-07-30 10:41:46', NULL, 1, 'published', NULL),
(228, NULL, 'f23329db-4722-4fda-bf63-c9a0fe52bcf2', 'restaurants', 0, 4, 'https://foodyman.s3.amazonaws.com/public/images/categories/107-1690635184.webp', 1, '2023-07-29 11:53:12', '2023-09-02 08:12:40', NULL, 1, 'published', NULL),
(229, NULL, '001a086b-2884-4709-be2c-7381cf06fba6', 'groceries', 0, 4, 'https://foodyman.s3.amazonaws.com/public/images/categories/107-1690647941.webp', 1, '2023-07-29 12:32:34', '2023-09-03 08:35:44', NULL, 2, 'published', NULL),
(230, NULL, '9cabc776-c51d-4341-b6c5-7e6774ad57f9', 'flowers', 0, 4, 'https://foodyman.s3.amazonaws.com/public/images/categories/107-1690647901.webp', 1, '2023-07-29 12:35:11', '2023-08-01 06:15:18', NULL, 3, 'published', NULL),
(231, NULL, '27acf19f-5de3-444d-aa4e-ba8dcabfca59', 'shopping', 0, 4, 'https://foodyman.s3.amazonaws.com/public/images/categories/107-1690638041.webp', 1, '2023-07-29 12:40:43', '2023-09-02 10:32:27', NULL, 2, 'published', NULL),
(232, NULL, 'ec08d39b-205f-4d8c-8ed5-986bca61dd75', 'beauty', 0, 4, 'https://foodyman.s3.amazonaws.com/public/images/categories/107-1690638162.webp', 1, '2023-07-29 12:42:44', '2023-09-02 10:32:27', NULL, 4, 'published', NULL),
(233, NULL, '04f45d52-b58a-47d8-bdc2-9414b9a8dece', 'kids', 0, 4, 'https://foodyman.s3.amazonaws.com/public/images/categories/107-1690647806.webp', 1, '2023-07-29 12:44:57', '2023-09-02 10:32:27', NULL, 6, 'published', NULL),
(234, NULL, '056c838d-610b-4d6c-932f-876546c509cf', 'pets', 0, 4, 'https://foodyman.s3.amazonaws.com/public/images/categories/107-1690647846.webp', 1, '2023-07-29 12:46:46', '2023-08-30 08:31:39', NULL, 5, 'published', NULL),
(235, NULL, '2f83cbff-e70c-489f-9198-a65be6a562ff', 'manClothes', 231, 8, 'https://foodyman.s3.amazonaws.com/public/images/categories/107-1690650180.webp', 1, '2023-07-29 13:30:48', '2023-09-02 10:32:27', NULL, 1, 'published', NULL),
(236, NULL, 'ffc683ea-ee7a-4ff6-8b7e-eea8c52311a5', 'woman_clothes', 231, 8, 'https://foodyman.s3.amazonaws.com/public/images/categories/107-1690650309.webp', 1, '2023-07-29 13:31:57', '2023-09-02 10:32:27', NULL, 1, 'published', NULL),
(237, NULL, 'f12b733c-99d9-4ea7-a020-55438e465420', 'kidsClothes', 231, 8, 'https://foodyman.s3.amazonaws.com/public/images/categories/107-1690650491.webp', 1, '2023-07-29 13:33:00', '2023-09-02 10:32:27', NULL, 1, 'published', NULL),
(238, NULL, 'd4897119-73a3-4309-a3aa-de1595e58707', 'shoes', 231, 8, 'https://foodyman.s3.amazonaws.com/public/images/categories/107-1690650547.webp', 1, '2023-07-29 13:34:45', '2023-09-02 10:32:27', NULL, 1, 'published', NULL),
(239, NULL, 'e1a9ea59-cfe4-4bd2-a9b1-bd2e32a0c023', 'dogs', 234, 8, 'https://foodyman.s3.amazonaws.com/public/images/categories/107-1690648621.webp', 0, '2023-07-29 13:39:11', '2023-08-03 06:59:24', NULL, 2, 'published', NULL),
(241, NULL, 'c6c1b4b4-bf64-4749-951c-fae0725b4ddd', 'rabbit', 234, 8, 'https://foodyman.s3.amazonaws.com/public/images/categories/107-1690648762.webp', 1, '2023-07-29 13:42:47', '2023-08-30 08:31:39', NULL, 1, 'published', NULL),
(242, NULL, 'd539db56-0f8c-474c-823b-9d9adb9ce88d', 'fish', 234, 8, 'https://foodyman.s3.amazonaws.com/public/images/categories/107-1690648807.webp', 1, '2023-07-29 13:46:09', '2023-08-30 08:31:39', NULL, 1, 'published', NULL),
(243, NULL, '96fed521-447f-4f22-879d-191cac095876', 'balls', 233, 8, 'https://foodyman.s3.amazonaws.com/public/images/categories/107-1690642161.webp', 1, '2023-07-29 13:49:23', '2023-09-02 10:32:27', NULL, 1, 'published', NULL),
(244, NULL, '46f7d7ef-df16-486d-be73-ea23b974cbbd', 'toys', 233, 8, 'https://foodyman.s3.amazonaws.com/public/images/categories/107-1690648903.webp', 1, '2023-07-29 13:50:45', '2023-09-02 10:32:27', NULL, 1, 'published', NULL),
(245, NULL, 'ed8099a2-a0b2-4095-b382-629ed9fcf034', 'lego', 233, 8, 'https://foodyman.s3.amazonaws.com/public/images/categories/107-1690642375.webp', 1, '2023-07-29 13:52:58', '2023-09-02 10:32:27', NULL, 1, 'published', NULL),
(246, NULL, '46013555-789d-4c21-8319-d88ed9e6d6da', 'baloons', 233, 8, 'https://foodyman.s3.amazonaws.com/public/images/categories/107-1690649293.webp', 1, '2023-07-29 14:00:29', '2023-09-02 10:32:27', NULL, 1, 'published', NULL),
(247, NULL, '83c2a97c-8e77-48e1-b8cd-d5f113aaf382', 'Fast Food', 228, 8, 'https://foodyman.s3.amazonaws.com/public/images/categories/107-1690651819.webp', 1, '2023-07-29 14:12:56', '2023-08-31 06:36:06', NULL, 1, 'published', NULL),
(248, NULL, 'e2b382d4-afa7-40f4-ad1f-978f4410572b', 'National Food', 228, 8, 'https://foodyman.s3.amazonaws.com/public/images/categories/107-1690651943.webp', 1, '2023-07-29 14:13:58', '2023-09-02 08:12:40', NULL, 1, 'published', NULL),
(249, NULL, '2e8dc2ea-65cb-4b61-b4a8-6814ca6aebe3', 'dessert', 228, 8, 'https://foodyman.s3.amazonaws.com/public/images/categories/107-1690652094.webp', 1, '2023-07-29 14:15:13', '2023-08-31 06:36:10', NULL, 1, 'published', NULL),
(250, NULL, '1107414c-087d-4a31-b683-fbf36fe5e53c', 'Pizza', 228, 8, 'https://foodyman.s3.amazonaws.com/public/images/categories/107-1690652263.webp', 1, '2023-07-29 14:16:04', '2023-07-29 16:37:45', NULL, 1, 'published', NULL),
(251, NULL, '2149d1ba-9564-453d-93d2-5c01363b828c', 'Perfumes', 232, 8, 'https://foodyman.s3.amazonaws.com/public/images/categories/107-1690649490.webp', 1, '2023-07-29 15:52:45', '2023-09-02 10:32:27', NULL, 1, 'published', NULL),
(252, NULL, 'ca0fca77-1c5b-4ccf-96b3-a346357f4599', 'Skin care', 232, 8, 'https://foodyman.s3.amazonaws.com/public/images/categories/107-1690649631.webp', 1, '2023-07-29 15:53:55', '2023-09-02 10:32:27', NULL, 1, 'published', NULL),
(253, NULL, '99337e13-36e4-421d-9662-ca8d7a3e36a9', 'Jewellery', 232, 8, 'https://foodyman.s3.amazonaws.com/public/images/categories/107-1690649882.webp', 1, '2023-07-29 15:58:05', '2023-09-02 10:32:27', NULL, 1, 'published', NULL),
(254, NULL, '5ca0a315-ec66-4243-b445-2deb56281721', 'Nuts', 229, 8, 'https://foodyman.s3.amazonaws.com/public/images/categories/107-1690652384.webp', 0, '2023-07-29 16:39:48', '2023-08-23 13:12:07', NULL, 1, 'published', NULL),
(255, NULL, '8263d93b-b2ca-4113-9cc1-340678a60840', 'Fruits', 229, 8, 'https://foodyman.s3.amazonaws.com/public/images/categories/107-1690658336.webp', 1, '2023-07-29 18:19:00', '2023-09-03 08:35:44', NULL, 1, 'published', NULL),
(256, NULL, '42e2ac8c-69f4-4603-b72b-748e4f0dc81d', 'Vegetable', 229, 8, 'https://foodyman.s3.amazonaws.com/public/images/categories/107-1690658391.webp', 1, '2023-07-29 18:19:54', '2023-09-03 09:22:00', NULL, 1, 'published', NULL),
(258, NULL, 'b96832de-bab7-4b9a-adf2-cf7ffa1c8b67', 'Gamidsadadng', 143, 8, 'https://foodyman.s3.amazonaws.com/public/images/categories/107-1693656986.webp', 1, '2023-07-31 09:07:13', '2023-09-02 11:16:29', NULL, 1, 'published', NULL),
(259, NULL, '0ac4ebf9-5a74-4ca8-9c1b-2b6cfbd2ba80', '1', 234, 8, 'https://foodyman.s3.amazonaws.com/public/images/shops/background/154-1677179482.webp', 1, '2023-07-31 10:25:17', '2023-08-30 08:31:39', NULL, 33, 'published', NULL),
(261, NULL, 'a0c01dce-c436-4ab6-bfd1-3ded284eb7fb', 'Wallpaper', 34, 4, 'https://foodyman.s3.amazonaws.com/public/images/categories/2611691558317.webp', 1, '2023-07-31 11:37:22', '2023-07-31 11:37:22', NULL, 1, 'published', NULL),
(264, NULL, '02efa597-702c-414d-8279-8da5f5dcec24', 'Iphones', 0, 1, 'https://foodyman.s3.amazonaws.com/public/images/categories/107-1690658942.webp', 1, '2023-07-31 13:12:01', '2023-08-01 06:15:18', NULL, 1, 'published', NULL),
(265, NULL, '09538e8f-9b2c-42da-8b1e-dda0dce810d7', 'samsa,food,somsa', 248, 1, 'https://foodyman.s3.amazonaws.com/public/images/categories/1418-1690871344.webp', 1, '2023-08-01 05:29:15', '2023-09-12 00:55:46', NULL, 1, 'published', NULL),
(267, NULL, '48eb300c-6a8d-4768-bfb8-2e01995a5d66', 'plov,osh,food', 248, 1, 'https://foodyman.s3.amazonaws.com/public/images/categories/107-1690880861.webp', 1, '2023-08-01 08:07:48', '2023-08-01 08:07:48', NULL, 1, 'published', NULL),
(268, NULL, '3e1a81ae-1368-4a8f-8d1b-fb063944e68d', 'Phones', 167, 1, NULL, 1, '2023-08-01 09:23:46', '2023-08-01 09:23:46', NULL, 1, 'published', NULL),
(269, NULL, 'f6b39d3f-2938-45ec-9e97-3682292fea8b', 'earphone', 165, 1, 'https://foodyman.s3.amazonaws.com/public/images/categories/993-1690885566.webp', 1, '2023-08-01 09:26:33', '2023-08-01 09:26:34', NULL, 1, 'published', NULL),
(270, NULL, '2d539576-8083-4b6a-b40a-97c3ac0facb1', 'Joystick', 165, 1, 'https://foodyman.s3.amazonaws.com/public/images/categories/1466-1690892054.webp', 1, '2023-08-01 09:46:28', '2023-09-03 15:31:34', NULL, 1, 'published', NULL),
(271, NULL, '1f53cb3d-7e84-4761-9766-97289f151889', 'sportswear,sportwear,sport', 235, 1, 'https://foodyman.s3.amazonaws.com/public/images/categories/107-1690890576.webp', 1, '2023-08-01 10:50:02', '2023-08-01 10:50:02', NULL, 1, 'published', NULL),
(272, NULL, '840749fc-b06c-4549-b50f-d92bdc6c7b64', 'scooter', 143, 8, 'https://foodyman.s3.amazonaws.com/public/images/categories/107-1690891051.webp', 1, '2023-08-01 10:57:53', '2023-08-01 10:57:53', NULL, 3, 'published', NULL),
(274, NULL, '75b10db0-e29c-48d3-a0f0-f791dabf67dc', 'Television', 143, 8, 'https://foodyman.s3.amazonaws.com/public/images/categories/107-1690891935.webp', 1, '2023-08-01 11:12:16', '2023-08-01 11:12:17', NULL, 3, 'published', NULL),
(275, NULL, '76f1761b-ee32-4a7b-a055-b10615df2525', 'tv', 274, 1, 'https://foodyman.s3.amazonaws.com/public/images/categories/107-1690891725.webp', 1, '2023-08-01 11:15:03', '2023-08-01 11:15:03', NULL, 1, 'published', NULL),
(276, NULL, 'dad13fa5-7ca9-4336-9b57-1d71ab3dfe25', 'tv box', 274, 1, 'https://foodyman.s3.amazonaws.com/public/images/categories/1466-1690892203.webp', 1, '2023-08-01 11:16:45', '2023-08-01 11:16:45', NULL, 1, 'published', NULL),
(277, NULL, '2db58fce-fe28-4522-a3f2-1ddf43ce5e1c', 'TV Stick', 274, 1, 'https://foodyman.s3.amazonaws.com/public/images/categories/1466-1690892269.webp', 1, '2023-08-01 11:18:16', '2023-08-01 11:18:16', NULL, 1, 'published', NULL),
(278, NULL, '26262cc5-0e76-4995-9ca7-80419a93f864', 'camera', 143, 8, 'https://foodyman.s3.amazonaws.com/public/images/categories/107-1690894986.webp', 1, '2023-08-01 12:03:24', '2023-08-01 12:03:24', NULL, 3, 'published', NULL),
(279, NULL, '94f06c89-78ed-4c3f-ada3-81536bb9410a', 'camera', 278, 1, 'https://foodyman.s3.amazonaws.com/public/images/categories/993-1690895074.webp', 1, '2023-08-01 12:04:51', '2023-08-01 12:04:51', NULL, 1, 'published', NULL),
(280, NULL, 'a13e9844-8a47-4c9e-b42a-130ea4a8db0f', 'scooter', 272, 1, 'https://foodyman.s3.amazonaws.com/public/images/categories/107-1690891051.webp', 1, '2023-08-01 12:05:55', '2023-08-01 12:05:55', NULL, 1, 'published', NULL),
(281, NULL, '5f927d0e-62f6-4983-9011-59b436d9e1e8', 'men,clothes,winter', 235, 1, 'https://foodyman.s3.amazonaws.com/public/images/categories/107-1690896382.webp', 0, '2023-08-01 12:28:37', '2023-09-03 09:11:12', NULL, 1, 'published', NULL),
(282, NULL, '95dad8b0-4f9c-44f9-bb87-666c95dd3f7b', 'body', 231, 8, 'https://foodyman.s3.amazonaws.com/public/images/categories/107-1690898283.webp', 1, '2023-08-01 13:03:34', '2023-09-02 10:32:27', NULL, 123, 'published', NULL),
(283, NULL, 'e819be2a-5d9a-4716-914f-ceb6a8e17042', 'body', 232, 8, 'https://foodyman.s3.amazonaws.com/public/images/categories/107-1690898690.webp', 1, '2023-08-01 13:05:01', '2023-09-02 10:32:27', NULL, 7548, 'published', NULL),
(284, NULL, 'c4602abc-2280-4d01-a20a-76f598388729', 'skin,care,body', 172, 1, 'https://foodyman.s3.amazonaws.com/public/images/categories/107-1690899121.webp', 1, '2023-08-01 13:12:21', '2023-08-01 13:12:21', NULL, 1, 'published', NULL),
(286, NULL, 'b04256e3-7ff4-4aeb-8bec-fd63212149ff', 'perfume', 251, 1, 'https://foodyman.s3.amazonaws.com/public/images/categories/107-1690900501.webp', 1, '2023-08-01 13:35:04', '2023-09-02 10:18:53', NULL, 1, 'published', NULL),
(291, NULL, 'e0ea7bae-0dfe-454c-a968-a17c0c457004', 'jewellery', 253, 1, 'https://foodyman.s3.amazonaws.com/public/images/categories/107-1690901649.webp', 1, '2023-08-01 13:54:13', '2023-08-01 13:54:13', NULL, 1, 'published', NULL),
(292, NULL, '6b296cfa-7eae-48e7-9773-59c2b4718acb', 'fish', 242, 1, 'https://foodyman.s3.amazonaws.com/public/images/categories/107-1690903000.jpeg', 1, '2023-08-01 14:16:44', '2023-08-01 14:16:44', NULL, 1, 'published', NULL),
(293, NULL, 'b2663b42-a6c7-4e73-9cfa-e21548ba50b9', 'dog', 239, 1, 'https://foodyman.s3.amazonaws.com/public/images/categories/107-1690903496.jpeg', 1, '2023-08-01 14:25:34', '2023-08-01 14:25:34', NULL, 1, 'published', NULL),
(298, NULL, 'fd22d965-5b23-450f-aca3-2efccf228804', 'test2', 0, 4, 'https://foodyman.s3.amazonaws.com/public/images/users/107-1676313260.webp', 1, '2023-08-02 05:24:00', '2023-08-02 05:36:30', NULL, 15, 'published', NULL),
(299, NULL, 'd917ec88-250f-4352-afe5-5d57e8888091', 'det', 298, 8, 'https://foodyman.s3.amazonaws.com/public/images/products/107-1676369507.jpeg', 1, '2023-08-02 05:24:35', '2023-08-02 05:36:16', NULL, 3, 'published', NULL),
(300, NULL, '07c19c70-86b2-47e3-9388-e09a1043527d', 'medicine', 173, 1, 'https://foodyman.s3.amazonaws.com/public/images/categories/1470-1690961441.webp', 1, '2023-08-02 06:31:13', '2023-08-02 06:31:13', NULL, 1, 'published', NULL),
(301, NULL, '8adb4350-8d27-454e-b1f6-cde093716d6e', 'Vitamins', 173, 1, 'https://foodyman.s3.amazonaws.com/public/images/categories/1470-1690961705.webp', 1, '2023-08-02 06:35:07', '2023-09-03 09:15:29', NULL, 1, 'published', NULL),
(302, NULL, '69cbbc33-1f7c-43d7-88be-64482ccde5e8', 'Kinder', 249, 1, 'https://foodyman.s3.amazonaws.com/public/images/categories/107-1691132250.webp', 1, '2023-08-04 05:58:01', '2023-09-02 11:14:50', NULL, 1, 'published', NULL),
(303, NULL, 'b403078f-046a-4e39-9ca6-3371c2aa7a51', 'pizza', 250, 1, NULL, 1, '2023-08-08 08:07:44', '2023-08-08 08:07:44', NULL, 1, 'published', NULL),
(304, NULL, '7539cf5c-fadf-4e3d-8ca9-c18c82d143aa', 'Roma pizza', 250, 1, 'https://foodyman.s3.amazonaws.com/public/images/categories/334-1691493254.webp', 0, '2023-08-08 10:14:41', '2023-09-11 07:06:43', NULL, 1, 'published', NULL),
(305, NULL, 'f9ff0230-81d2-4354-b82d-86eb0141c55c', 'test', 250, 1, NULL, 1, '2023-08-08 15:02:21', '2023-09-02 04:16:15', NULL, 1, 'published', NULL),
(306, NULL, 'e0918c8f-0020-497a-b7e1-d7b0bb616787', 'حلويات', 229, 8, 'https://foodyman.s3.amazonaws.com/public/images/shops/logo/107-1686323025.webp', 1, '2023-08-09 03:36:00', '2023-09-03 09:22:00', NULL, 1, 'published', NULL),
(307, NULL, 'd80e7ed6-8f49-4983-a4c4-9d088a591155', 'sdf', 0, 7, 'https://foodyman.s3.amazonaws.com/public/images/shops/background/107-1680439658.jpeg', 0, '2023-08-30 06:31:59', '2023-09-03 09:21:24', NULL, 1, 'published', NULL),
(308, NULL, '649ccc41-9ffc-4ca7-9668-a27b6ae429ad', 'asd', 165, 1, 'https://foodyman.s3.amazonaws.com/public/images/shops/logo/107-1683502200.webp', 1, '2023-08-31 08:58:38', '2023-08-31 09:02:16', NULL, 1, 'published', NULL),
(309, NULL, 'b08b6771-c9bd-4825-8bce-9b6311f96cd6', 'asd.', 278, 1, 'https://foodyman.s3.amazonaws.com/public/images/shops/background/107-1683502213.webp', 1, '2023-08-31 08:59:02', '2023-08-31 09:02:13', NULL, 1, 'published', NULL),
(310, NULL, '524c497b-b30f-4642-bd89-6a7bad4e8232', 'asd', 274, 1, 'https://foodyman.s3.amazonaws.com/public/images/deliveryman/settings/107-1678988656.webp', 1, '2023-08-31 08:59:19', '2023-08-31 09:02:08', NULL, 1, 'published', NULL),
(311, NULL, 'b1bddf11-0b65-4969-9dbf-2f5d9a6b20dd', 'asd', 278, 1, 'https://foodyman.s3.amazonaws.com/public/images/shops/logo/107-1683502200.webp', 1, '2023-08-31 10:59:59', '2023-08-31 11:03:02', NULL, 1, 'published', NULL),
(312, NULL, '4c0af5f4-9254-45fc-af87-2fe39fa229ef', 'asd', 278, 1, 'https://foodyman.s3.amazonaws.com/public/images/shops/logo/107-1683502200.webp', 0, '2023-08-31 11:00:14', '2023-09-03 11:44:10', NULL, 1, 'published', NULL),
(313, NULL, 'cd316663-485e-4437-a4ba-ca06c964b1e3', 'asd', 278, 1, 'https://foodyman.s3.amazonaws.com/public/images/deliveryman/settings/107-1676291773.webp', 1, '2023-08-31 11:00:32', '2023-09-04 05:58:09', NULL, 1, 'published', NULL),
(314, NULL, 'dd479765-e5c8-445b-9a6b-8096801be887', 'asd', 278, 1, 'https://foodyman.s3.amazonaws.com/public/images/deliveryman/settings/107-1676291773.webp', 1, '2023-08-31 11:00:52', '2023-08-31 11:02:49', NULL, 1, 'published', NULL),
(315, NULL, '4a613ffb-42cb-40cc-aed4-144a81b32ba4', 'asd', 258, 1, 'https://foodyman.s3.amazonaws.com/public/images/shops/background/107-1683502213.webp', 1, '2023-08-31 11:01:06', '2023-08-31 11:02:44', NULL, 1, 'published', NULL),
(316, NULL, 'e2a99567-1e45-4c9f-b9e1-4c432933c46a', 'asd', 278, 1, 'https://foodyman.s3.amazonaws.com/public/images/shops/logo/107-1683502200.webp', 1, '2023-08-31 11:01:21', '2023-08-31 11:02:35', NULL, 1, 'published', NULL),
(317, NULL, '80e9783d-91c1-4197-9cb3-f06fe7cee0a2', 'as', 167, 1, 'https://foodyman.s3.amazonaws.com/public/images/shops/logo/107-1683502200.webp', 1, '2023-08-31 11:01:47', '2024-02-21 12:23:31', NULL, 1, 'published', NULL),
(318, NULL, '0c1e0bb7-cbcc-4a95-ab13-8713a8b98452', NULL, 0, 1, NULL, 1, '2023-09-02 05:29:55', '2023-09-02 05:29:55', NULL, 1, 'pending', NULL),
(319, NULL, '1fa6b3d3-be99-44f7-ba2a-b2d904aaf444', NULL, 0, 1, NULL, 1, '2023-09-02 06:31:58', '2023-09-03 09:15:55', NULL, 1, 'pending', NULL),
(320, NULL, '1ae06f62-bdc6-4d71-b447-28a95e4d6289', NULL, 0, 1, NULL, 1, '2023-09-02 06:34:14', '2023-09-03 09:16:07', NULL, 1, 'unpublished', NULL),
(321, NULL, '576347ea-5e8a-4697-8dcf-70686f5c6d4d', 'asd', 275, 9, 'https://foodyman.s3.amazonaws.com/public/images/restaurant/logo/107-1677437602.webp', 1, '2023-09-02 10:13:44', '2023-09-02 10:13:44', NULL, 1, 'pending', NULL),
(322, NULL, '615068a8-6e8d-4a6e-9820-58efdab08349', 'gff', 0, 4, 'https://foodyman.s3.amazonaws.com/public/images/deliveryman/settings/107-1678988656.webp', 0, '2023-09-03 08:37:40', '2023-09-11 07:43:51', NULL, 32767, 'published', NULL),
(323, NULL, '41c36271-b11c-4d44-ad56-d1757aaf8ae7', 'fgdgdgfdbc', 322, 8, 'https://foodyman.s3.amazonaws.com/public/images/receipts/107-1689747288.webp', 1, '2023-09-03 08:39:19', '2023-09-03 08:43:06', NULL, 43, 'published', NULL),
(324, NULL, 'a1427dbd-577e-495b-aa84-052590618e7a', 'gffds', 0, 4, 'https://foodyman.s3.amazonaws.com/public/images/categories/3241693734095.webp', 1, '2023-09-03 08:41:34', '2023-09-03 08:41:42', NULL, 1, 'pending', NULL),
(325, NULL, 'e88b038b-a11f-4b0f-a0be-3c107274a251', 'sdfsfs', 278, 1, 'https://foodyman.s3.amazonaws.com/public/images/restaurant/logo/107-1676547536.webp', 1, '2023-09-03 11:10:50', '2023-09-03 16:42:41', NULL, 1, 'published', NULL),
(326, NULL, '49f69b69-68e4-43eb-b639-9c237a89c52b', 'main', 0, 1, NULL, 1, '2023-09-03 20:48:24', '2023-09-03 20:48:24', NULL, 1, 'pending', NULL),
(327, NULL, 'aab9c25a-a01b-4aa0-ad3b-04e42135f220', 'blog', 0, 2, NULL, 1, '2023-09-03 20:48:24', '2023-09-03 20:48:24', NULL, 1, 'pending', NULL),
(328, NULL, '39d34e90-e742-4e52-b2c5-00c255e0b410', 'brand', 0, 3, NULL, 1, '2023-09-03 20:48:24', '2023-09-03 20:48:24', NULL, 1, 'pending', NULL),
(329, NULL, '32b1b81b-79fe-4000-9b9f-85a9faf8820c', 'shop', 0, 4, NULL, 1, '2023-09-03 20:48:24', '2023-09-03 20:48:24', NULL, 1, 'pending', NULL),
(330, NULL, 'b44bb8cc-3143-4548-8435-9af58fa92db3', 'receipt', 0, 5, NULL, 1, '2023-09-03 20:48:24', '2023-09-03 20:48:24', NULL, 1, 'pending', NULL),
(331, NULL, 'd953b290-2476-4210-ada6-6ea927e6a8a9', 'menu', 0, 6, NULL, 1, '2023-09-03 20:48:24', '2023-09-03 20:48:24', NULL, 1, 'pending', NULL),
(332, NULL, '5542ddbb-2bc1-4397-87c3-719fb7503d20', 'career', 0, 7, NULL, 1, '2023-09-03 20:48:24', '2023-09-03 20:48:24', NULL, 1, 'pending', NULL),
(333, NULL, '31e840e0-9920-4455-958b-5bfd4a036058', 'sub_shop', 0, 8, NULL, 1, '2023-09-03 20:48:24', '2023-09-03 20:48:24', NULL, 1, 'pending', NULL),
(334, NULL, '5e25320d-b29f-4faf-819f-7e7d5cac7a95', 'sub_main', 0, 9, NULL, 1, '2023-09-03 20:48:24', '2023-09-03 20:48:24', NULL, 1, 'pending', NULL),
(335, NULL, '146b2024-517d-4e88-9dc7-fc644e3fe337', 'main', 0, 1, NULL, 1, '2023-09-04 02:31:24', '2023-09-04 02:31:24', NULL, 1, 'pending', NULL),
(336, NULL, 'a6b3bb6b-37ae-4d2a-b92e-f033b7c5e81d', 'blog', 0, 2, NULL, 1, '2023-09-04 02:31:24', '2023-09-04 02:31:24', NULL, 1, 'pending', NULL),
(337, NULL, '62d88d9c-5fc4-49af-90d5-615b8e580dcf', 'brand', 0, 3, NULL, 1, '2023-09-04 02:31:24', '2023-09-04 02:31:24', NULL, 1, 'pending', NULL),
(338, NULL, 'f86a5751-2f5f-4c44-ad07-24c8fc50c0c5', 'shop', 0, 4, NULL, 1, '2023-09-04 02:31:24', '2023-09-04 02:31:24', NULL, 1, 'pending', NULL),
(339, NULL, 'dd4edafd-8555-4e8b-866c-6d292848ba78', 'receipt', 0, 5, NULL, 1, '2023-09-04 02:31:24', '2023-09-04 02:31:24', NULL, 1, 'pending', NULL),
(340, NULL, '642142b6-0288-4b62-bb2f-253c458b7f6c', 'menu', 0, 6, NULL, 1, '2023-09-04 02:31:24', '2023-09-04 02:31:24', NULL, 1, 'pending', NULL),
(341, NULL, 'e104e631-a294-4cf8-b937-d127b06a0d06', 'career', 0, 7, NULL, 1, '2023-09-04 02:31:24', '2023-09-04 02:31:24', NULL, 1, 'pending', NULL),
(342, NULL, 'ed5029ab-f3e0-4519-a779-813634593ec3', 'sub_shop', 0, 8, NULL, 1, '2023-09-04 02:31:24', '2023-09-04 02:31:24', NULL, 1, 'pending', NULL),
(343, NULL, '300f3b95-ce1d-474b-b84c-281998df0deb', 'sub_main', 0, 9, NULL, 1, '2023-09-04 02:31:24', '2023-09-04 02:31:24', NULL, 1, 'pending', NULL),
(344, NULL, '4f14e809-36f0-4bb2-918c-36d7181c707d', 'asd', 342, 1, 'https://foodyman.s3.amazonaws.com/public/images/restaurant/logo/107-1676365778.webp', 1, '2023-09-07 01:48:16', '2023-09-07 01:48:16', NULL, 1, 'pending', NULL),
(345, NULL, '26ffa56d-1edc-4849-a84c-1261d01e0978', 'fruit', 255, 1, 'https://foodyman.s3.amazonaws.com/public/images/categories/107-1689148167.jpeg', 1, '2023-09-08 07:08:53', '2023-09-08 07:09:12', NULL, 1, 'published', NULL),
(346, NULL, '52fa9a3c-f88b-43d0-9c07-47e390d365af', 'ufjhfjfg', 0, 5, 'https://foodyman.s3.amazonaws.com/public/images/shops/background/107-1683502213.webp', 1, '2023-09-09 07:41:36', '2023-09-09 07:41:43', NULL, 1, 'published', NULL),
(347, NULL, 'f3be1a85-5ec3-4d18-96c0-b4f5d2389499', 'Ede', 0, 4, 'https://foodyman.s3.amazonaws.com/public/images/categories/107-1676355594.webp', 1, '2023-09-09 11:13:00', '2023-09-09 15:01:41', NULL, 1, 'published', NULL),
(348, NULL, 'b47d638e-abe1-4da7-8d53-8e50fb719a23', 'Seller 1 - kids', 246, 1, 'https://foodyman.s3.amazonaws.com/public/images/categories/546-1694419228.webp', 1, '2023-09-11 07:00:31', '2023-09-11 07:00:49', NULL, 1, 'published', NULL),
(349, NULL, 'ac4bdf17-6ffe-404b-ac54-94edfbe9604d', NULL, 0, 1, NULL, 1, '2023-09-11 07:08:22', '2023-09-11 07:08:22', NULL, 1, 'pending', NULL),
(350, NULL, '06e69052-7a36-47d6-9a03-cb9a780e34cb', 'Bull', 0, 4, 'https://foodyman.s3.amazonaws.com/public/images/categories/107-1694422775.webp', 0, '2023-09-11 07:59:45', '2023-09-11 08:01:46', NULL, 1, 'published', NULL),
(351, NULL, 'c4d67062-1fb2-4d56-9ff8-b6a76eca9040', 'фывфы', 243, 1, NULL, 1, '2023-09-11 09:32:26', '2023-09-11 09:32:26', NULL, 1, 'pending', 651),
(352, NULL, 'a6b3d947-f58a-47ed-88cf-af968a08ad69', 'Category terra pro', 243, 1, 'https://foodyman.s3.amazonaws.com/public/images/categories/334-1694449462.webp', 1, '2023-09-11 15:24:57', '2023-09-11 20:11:48', NULL, 1, 'published', 651),
(353, NULL, '05d519ec-c47b-4011-9c06-8da4d73d910a', 'catregory', 243, 1, 'https://foodyman.s3.amazonaws.com/public/images/categories/334-1694454894.webp', 1, '2023-09-11 16:55:03', '2023-09-11 16:55:03', NULL, 1, 'pending', 651),
(354, NULL, '5e2c7aaa-5318-472e-8b50-acd2a53ee8fc', 'main', 0, 1, NULL, 1, '2023-09-11 18:20:20', '2023-09-11 18:20:20', NULL, 1, 'pending', NULL),
(355, NULL, '3b1dc85e-e9a9-4d98-a2e1-65ef13dbb934', 'blog', 0, 2, NULL, 1, '2023-09-11 18:20:20', '2023-09-11 18:20:20', NULL, 1, 'pending', NULL),
(356, NULL, 'c1b505e0-14a6-4684-90f9-e00b8321ceb3', 'brand', 0, 3, NULL, 1, '2023-09-11 18:20:20', '2023-09-11 18:20:20', NULL, 1, 'pending', NULL),
(357, NULL, 'c3cd2060-1426-4965-89de-bf4a4dba4571', 'shop', 0, 4, NULL, 1, '2023-09-11 18:20:20', '2023-09-11 18:20:20', NULL, 1, 'pending', NULL),
(358, NULL, '12ffef1f-1888-4642-ab85-882019a114e0', 'receipt', 0, 5, NULL, 1, '2023-09-11 18:20:20', '2023-09-11 18:20:20', NULL, 1, 'pending', NULL),
(359, NULL, '0876274c-2f9f-4181-a461-d07d1cb392c4', 'menu', 0, 6, NULL, 1, '2023-09-11 18:20:20', '2023-09-11 18:20:20', NULL, 1, 'pending', NULL),
(360, NULL, 'd12becf2-26ff-4089-ab91-621d2ad7ddf8', 'career', 0, 7, NULL, 1, '2023-09-11 18:20:20', '2023-09-11 18:20:20', NULL, 1, 'pending', NULL),
(361, NULL, '6d514403-b4e7-466a-bdd8-f775bc80f441', 'sub_shop', 0, 8, NULL, 1, '2023-09-11 18:20:20', '2023-09-11 18:20:20', NULL, 1, 'pending', NULL),
(362, NULL, '7b9a3d68-ed5d-4458-a7e4-0419dbffed2c', 'sub_main', 0, 9, NULL, 1, '2023-09-11 18:20:20', '2023-09-11 18:20:20', NULL, 1, 'pending', NULL),
(363, NULL, '2f82934c-16cf-4e17-af99-3d2f61e91a1e', 'main', 0, 1, NULL, 1, '2023-09-11 18:45:32', '2023-09-11 18:45:32', NULL, 1, 'pending', NULL),
(364, NULL, 'c2f8e3ee-e6cc-4ec6-87c3-73fbe3bbbbdc', 'blog', 0, 2, NULL, 1, '2023-09-11 18:45:32', '2023-09-11 18:45:32', NULL, 1, 'pending', NULL),
(365, NULL, '36aee28e-f71f-4bc5-97e6-8ca21c68d268', 'brand', 0, 3, NULL, 1, '2023-09-11 18:45:32', '2023-09-11 18:45:32', NULL, 1, 'pending', NULL),
(366, NULL, 'c9f3ac3d-f60e-4131-a380-4ba98cfa23b2', 'shop', 0, 4, NULL, 1, '2023-09-11 18:45:32', '2023-09-11 18:45:32', NULL, 1, 'pending', NULL),
(367, NULL, 'a0732d65-73b5-43c5-92c3-3896a77ead72', 'receipt', 0, 5, NULL, 1, '2023-09-11 18:45:32', '2023-09-11 18:45:32', NULL, 1, 'pending', NULL),
(368, NULL, '7fdb7a1a-f69f-4b2d-b427-5ff159188ad2', 'menu', 0, 6, NULL, 1, '2023-09-11 18:45:32', '2023-09-11 18:45:32', NULL, 1, 'pending', NULL);
INSERT INTO `categories` (`id`, `slug`, `uuid`, `keywords`, `parent_id`, `type`, `img`, `active`, `created_at`, `updated_at`, `deleted_at`, `input`, `status`, `shop_id`) VALUES
(369, NULL, 'd557c001-3cee-4f72-a3e1-d133f88d8cd1', 'career', 0, 7, NULL, 1, '2023-09-11 18:45:32', '2023-09-11 18:45:32', NULL, 1, 'pending', NULL),
(370, NULL, '0af09bfa-799d-4ce5-a647-80c2695adf1f', 'sub_shop', 0, 8, NULL, 1, '2023-09-11 18:45:32', '2023-09-11 18:45:32', NULL, 1, 'pending', NULL),
(371, NULL, '3180b057-ad8b-45cd-8539-5d89400cf874', 'sub_main', 0, 9, NULL, 1, '2023-09-11 18:45:32', '2023-09-11 18:45:32', NULL, 1, 'pending', NULL),
(372, NULL, '499897da-d74e-49c7-83df-e4c12f728a9b', '12 Sep Category 1', 243, 1, 'https://foodyman.s3.amazonaws.com/public/images/categories/334-1694506565.webp', 1, '2023-09-12 07:16:12', '2023-09-12 07:16:12', NULL, 1, 'pending', 651),
(373, NULL, '3732f85e-a2ba-4f53-9c5c-653da8d9c5be', '12 Sep Category 2', 243, 1, 'https://foodyman.s3.amazonaws.com/public/images/categories/334-1694506593.webp', 1, '2023-09-12 07:16:36', '2023-09-12 07:17:02', NULL, 1, 'unpublished', 651),
(374, 'cs2-374', '8c1fa2a7-5335-4f12-a1f7-9f7a570b764b', NULL, 0, 1, NULL, 1, '2024-02-21 07:45:22', '2024-02-21 07:45:22', NULL, 1, 'published', 651);

-- --------------------------------------------------------

--
-- Структура таблицы `category_translations`
--

CREATE TABLE `category_translations` (
  `id` bigint UNSIGNED NOT NULL,
  `category_id` bigint UNSIGNED NOT NULL,
  `locale` varchar(255) CHARACTER SET utf8mb4 COLLATE utf8mb4_unicode_ci NOT NULL,
  `title` varchar(191) CHARACTER SET utf8mb4 COLLATE utf8mb4_unicode_ci NOT NULL,
  `description` text CHARACTER SET utf8mb4 COLLATE utf8mb4_unicode_ci,
  `deleted_at` timestamp NULL DEFAULT NULL
) ENGINE=InnoDB DEFAULT CHARSET=utf8mb4 COLLATE=utf8mb4_unicode_ci;

--
-- Дамп данных таблицы `category_translations`
--

INSERT INTO `category_translations` (`id`, `category_id`, `locale`, `title`, `description`, `deleted_at`) VALUES
(5, 2, 'en', 'New Categories', 'Category Description', NULL),
(6, 2, 'ru', 'Новая Категория', 'Описание Категории', NULL),
(7, 3, 'ru', 'Новая категори', 'Описание Категории', NULL),
(8, 3, 'en', 'New Category', 'Category Description', NULL),
(11, 4, 'ru', 'Новая категори', 'Описание Категории', NULL),
(12, 4, 'en', 'New Category', 'Category Description', NULL),
(15, 7, 'en', 'Milk', 'Milk', NULL),
(17, 8, 'en', 'new shop category', 'new shop category', NULL),
(18, 9, 'en', '1222', '112313', NULL),
(19, 10, 'en', '121313', '12321', NULL),
(20, 11, 'ru', 'Новая категори', 'Описание Категории', NULL),
(21, 11, 'en', 'New Category', 'Category Description', NULL),
(22, 12, 'en', '1123123', '1123123', NULL),
(24, 14, 'en', 'asdasda', 'asdasda', NULL),
(31, 6, 'en', 'Salad', 'Meat', NULL),
(33, 16, 'ru', 'Новая категори', 'Описание Категории', NULL),
(34, 16, 'en', 'New Category', 'Category Description', NULL),
(36, 18, 'en', 'title', 'title', NULL),
(39, 20, 'ru', 'Новая категори', 'Описание Категории', NULL),
(40, 20, 'en', 'New Category', 'Category Description', NULL),
(41, 21, 'ru', 'Новая категори', 'Описание Категории', NULL),
(42, 21, 'en', 'New Category', 'Category Description', NULL),
(44, 22, 'en', 'Club Sandwich', 'Club Sandwich', NULL),
(45, 22, 'ru', 'Club Sandwich ru', 'Club Sandwich ru', NULL),
(49, 24, 'en', 'test', 'test', NULL),
(50, 25, 'en', 'test1', 'test1', NULL),
(51, 26, 'en', 'test', 'test', NULL),
(52, 27, 'en', 'pantstest', 'Jarritos Soda, Fruit Punch', NULL),
(53, 1, 'en', 'New Categories', 'Category Description', NULL),
(54, 1, 'ru', 'Новая Категория', 'Описание Категории', NULL),
(61, 31, 'en', 'best', 'best', NULL),
(62, 32, 'en', 'Milliy taomlar', 'Milliy taomlar', NULL),
(63, 30, 'en', 'Milliy taomlar', 'Milliy taomlar', NULL),
(64, 33, 'en', 'pants', 'HGFHFHF', NULL),
(67, 28, 'en', 'Lunch box', 'the best', NULL),
(68, 28, 'ru', 'Lunch box', 'Lunch box', NULL),
(90, 29, 'en', 'test', 'test', NULL),
(91, 34, 'en', 'steaks', 'steaks', NULL),
(92, 37, 'en', 'Restourant', 'Restourant', NULL),
(94, 39, 'en', 'Abbass', 'Boss', NULL),
(95, 40, 'en', 'abbas', NULL, NULL),
(96, 41, 'en', 'latest', NULL, NULL),
(97, 42, 'en', 'hay hay iya', NULL, NULL),
(98, 43, 'en', 'chunmadim', NULL, NULL),
(99, 44, 'en', 'shom kirdi', NULL, NULL),
(100, 45, 'en', 'yana yengisi', NULL, NULL),
(109, 51, 'en', 'baby food', 'baby food', NULL),
(110, 50, 'en', 'Milk and milk products', 'Milk and milk products', NULL),
(111, 49, 'en', 'Сoffee House', 'coffee house', NULL),
(112, 48, 'en', 'Asian Cuisine', 'asian cuisine', NULL),
(113, 47, 'en', 'Proper Nutrition', 'proper nutrition', NULL),
(114, 46, 'en', 'Express', 'Express', NULL),
(115, 38, 'en', 'Restourant', 'Restourant', NULL),
(116, 35, 'en', 'Milliy taomlar', 'Milliy taomlar', NULL),
(118, 19, 'en', 'New Categoriessa', 'Category Description', NULL),
(119, 19, 'ru', 'Новая категори', 'Описание Категории', NULL),
(120, 13, 'en', 'Japanese', 'New shop category', NULL),
(123, 52, 'en', 'cakes and sweets', 'cakes and sweets', NULL),
(124, 53, 'en', 'Restourant', 'Restourant', NULL),
(128, 55, 'en', 'Shop', 'Shop', NULL),
(130, 54, 'en', 'Restourant', 'Restourant', NULL),
(131, 57, 'en', 'Shop', 'Shop', NULL),
(133, 56, 'en', 'Restourant', 'Restourant', NULL),
(136, 58, 'en', 'Restourant', 'Restourant', NULL),
(137, 60, 'en', 'Shop', 'Shop', NULL),
(139, 61, 'en', 'test', 'testtesttest', NULL),
(143, 17, 'en', 'Japanese', 'japan', NULL),
(144, 65, 'en', 'testground meat', 'ground meat', NULL),
(145, 66, 'en', 'ground meat', 'ground meat', NULL),
(148, 69, 'en', 'Diamond R', 'best', NULL),
(149, 70, 'en', '123', NULL, NULL),
(150, 71, 'en', 'title', NULL, NULL),
(151, 68, 'en', 'Meat', 'meat food', NULL),
(153, 72, 'en', 'test', 'testtesttesttest', NULL),
(154, 73, 'en', 'Frozens', 'test', NULL),
(155, 74, 'en', 'Restourant test', 'Restourant', NULL),
(156, 75, 'en', 'sdaf', 'asdf', NULL),
(157, 76, 'en', '231412343214asdfasdf', '123423141234', NULL),
(160, 79, 'en', 'Pastes', 'Pastes', NULL),
(161, 80, 'en', 'Lemonade', 'Lemonade', NULL),
(162, 81, 'en', 'cofe', 'Coffee with white chocolate. Volume: 0.5l', NULL),
(163, 82, 'en', 'Salads', 'chicken breast, iceberg lettuce, cherry tomatoes, croutons and parmesan dressed with Caesar dressing', NULL),
(164, 83, 'en', 'Waffle', 'Waffle', NULL),
(165, 67, 'en', 'Fish foods', 'Best', NULL),
(166, 84, 'en', 'Milkshake', 'Milkshake', NULL),
(167, 85, 'en', 'Soups', 'Soups', NULL),
(168, 86, 'en', 'beverages', 'beveragesbeverages', NULL),
(169, 87, 'en', 'sweets', 'sweets', NULL),
(172, 5, 'en', 'Burger', 'New Category', NULL),
(173, 78, 'en', 'Dessert', 'Belgian waffles, chocolate topping, banana topping, strawberry topping', NULL),
(174, 77, 'en', 'Ice cream', 'Ice cream', NULL),
(175, 88, 'en', 'chocolate', 'chocolate', NULL),
(176, 89, 'en', 'Ice cream', 'Ice cream', NULL),
(177, 90, 'en', 'pasta', NULL, NULL),
(182, 91, 'en', 'Baby formula', 'Baby formula', NULL),
(185, 62, 'en', 'Pizza', 'Like much of the food people eat in the United States today, pizza arrived on American shores via immigration patterns.', NULL),
(186, 59, 'en', 'Soup', 'Soup', NULL),
(187, 92, 'en', 'Cheese', 'Cheese products', NULL),
(188, 93, 'en', 'Καφέδες', 'Καφέδες', NULL),
(189, 94, 'en', 'Fish', NULL, NULL),
(199, 63, 'en', 'Salad', 'These best salad recipes make eating colorful, fresh foods easy and delicious. The days of boring salad ideas are over!', NULL),
(200, 64, 'en', 'Burger', 'Burger', NULL),
(201, 98, 'en', 'Test', NULL, NULL),
(202, 99, 'en', 'IKAN', NULL, NULL),
(203, 100, 'en', 'testing category', NULL, NULL),
(204, 101, 'es', 'oriental', 'oriental food', NULL),
(205, 101, 'en', 'oriental', NULL, NULL),
(207, 103, 'en', 'Aqw', NULL, NULL),
(213, 107, 'en', 'Espettnhos', 'Espetinhos deliciosos', NULL),
(222, 96, 'pt', 'Leite', 'Leite', NULL),
(223, 96, 'en', 'test steak', 'test', NULL),
(224, 110, 'pt', 'Meenas', NULL, NULL),
(225, 111, 'pt', 'Meena', NULL, NULL),
(250, 112, 'es', 'vvbhh', NULL, NULL),
(251, 113, 'es', '122', NULL, NULL),
(252, 95, 'fa', 'milk', 'milk', NULL),
(253, 114, 'fa', 'Meals', NULL, NULL),
(258, 115, 'fa', 'Hello', 'Hello', NULL),
(263, 116, 'fa', 'Asian', 'Asian', NULL),
(264, 108, 'fa', 'Tacos', 'Tacos', NULL),
(265, 108, 'en', 'Pizza', 'Pizza', NULL),
(267, 118, 'fa', 'Asian', 'asian', NULL),
(268, 118, 'en', 'Asian', 'Asian', NULL),
(269, 119, 'fa', 'Street', 'Street', NULL),
(270, 119, 'en', 'Street', 'Street', NULL),
(275, 120, 'en', 'Healthy', 'test', NULL),
(276, 121, 'en', 'Qarnir', NULL, NULL),
(277, 122, 'en', 'Burgerrrr', NULL, NULL),
(278, 123, 'en', 'Burgerrrr', NULL, NULL),
(279, 124, 'en', 'sdasd', NULL, NULL),
(281, 126, 'en', 'Pizza', NULL, NULL),
(283, 127, 'en', 'Daal', NULL, NULL),
(284, 128, 'en', 'Veegturk', 'geen', NULL),
(285, 129, 'en', 'Test', NULL, NULL),
(287, 130, 'en', 'makloub', 'makloub mch5chee5', NULL),
(288, 131, 'en', 'makloub', 'makloub mch5che5', NULL),
(289, 132, 'en', 'Suchi', NULL, NULL),
(290, 133, 'en', 'Speed', NULL, NULL),
(292, 134, 'en', 'restrant test', 'ewefd', NULL),
(293, 135, 'en', 'Jalamia', NULL, NULL),
(294, 136, 'en', 'Medical wears', NULL, NULL),
(295, 137, 'en', 'Accounting wear', NULL, NULL),
(296, 138, 'en', 'iuiui', 'iyui', NULL),
(298, 140, 'en', 'fdsfsd', 'fdsf', NULL),
(299, 141, 'en', 'rrrrr', 'rrr', NULL),
(300, 142, 'ar', 'fgdgfd', NULL, NULL),
(301, 142, 'en', 'gfdg', NULL, NULL),
(306, 144, 'ar', 'food', 'البا', NULL),
(307, 145, 'ar', 'food', 'البا', NULL),
(308, 146, 'ar', 'food', 'البا', NULL),
(309, 147, 'ar', 'food', 'البا', NULL),
(310, 148, 'ar', 'Halal Bites', 'Habibi Bites', NULL),
(312, 139, 'en', 'mgm', 'mhgm', NULL),
(313, 150, 'en', 'Food', NULL, NULL),
(314, 151, 'en', 'fffffffff', 'ffffffffff', NULL),
(320, 153, 'en', 'test', 'test description', NULL),
(322, 154, 'en', 'test', 'test description', NULL),
(328, 156, 'en', 'Pharmacy', 'Pharmacy', NULL),
(329, 157, 'en', 'test', 'test description', NULL),
(334, 162, 'en', 'Fruits', 'Fruits', NULL),
(335, 163, 'en', 'Nuts', 'Nuts', NULL),
(336, 164, 'en', 'Coffee', 'Coffee', NULL),
(341, 169, 'en', 'Women\'s clothing', 'Women\'s clothing', NULL),
(342, 170, 'en', 'Children\'s clothing', 'Children\'s clothing', NULL),
(343, 171, 'en', 'Opticians', 'Opticians', NULL),
(344, 172, 'en', 'Skin Care', 'Skin Care', NULL),
(345, 173, 'en', 'Tablets', 'Tablets', NULL),
(346, 174, 'en', 'test', 'test description', NULL),
(347, 175, 'en', 'test', 'test description', NULL),
(348, 176, 'en', 'test', 'test description', NULL),
(351, 177, 'en', 'Cakes', '56566', NULL),
(352, 179, 'en', 'MaxWay', NULL, NULL),
(353, 180, 'en', 'MaxWay', 'dasdada', NULL),
(354, 181, 'en', 'sadas', 'dasdasdasda', NULL),
(357, 168, 'en', 'Men\'s clothing', 'Men\'s clothing', NULL),
(360, 183, 'en', 'Ice Tea', 'Top drinks', NULL),
(364, 109, 'en', 'Espetinhos 2 🍔', 'espetinhos 2', NULL),
(365, 185, 'en', 'New Categoriessa', 'Category Description', NULL),
(371, 189, 'en', 'Yana yangi', NULL, NULL),
(381, 186, 'en', 'New Categoriessa', 'Category Description', NULL),
(382, 97, 'en', 'YANGI QO\'SHILGAN CATEGORY', 'description', NULL),
(383, 188, 'en', 'fhfgd', 'hfdhdfh', NULL),
(385, 191, 'en', 'asd', 'asdasd', NULL),
(388, 192, 'en', 'asdaasdasd', NULL, NULL),
(392, 194, 'en', 'asd', 'asdsdas', NULL),
(393, 195, 'en', 'asd', 'asasd', NULL),
(394, 196, 'en', 'sdasd', 'sasda', NULL),
(395, 193, 'en', 'edit menu category', NULL, NULL),
(400, 187, 'en', 'Recipre Category', 'Yangi', NULL),
(401, 198, 'en', 'Recipre Category', 'Yangi', NULL),
(402, 199, 'en', 'Recipre Category', 'Yangi', NULL),
(406, 200, 'en', 'Recipre Category', 'Yangi', NULL),
(408, 201, 'en', 'Recipre Category', 'Yangi', NULL),
(409, 202, 'en', 'Recipre Category', 'Yangi', NULL),
(410, 203, 'en', 'asdasdasda', 'asdasd', NULL),
(414, 204, 'en', 'asdasdasdaasd', 'asdasdasd', NULL),
(415, 206, 'en', 'asdasdasdaasd', 'asdasdasd', NULL),
(416, 207, 'en', 'asdasd', 'asd', NULL),
(417, 208, 'en', 'asdasd', 'asd', NULL),
(418, 209, 'en', 'asdasd', 'asd', NULL),
(421, 211, 'en', 'asdasd', 'asd', NULL),
(423, 212, 'en', 'asdasd', 'asd', NULL),
(427, 214, 'en', 'asd', 'asd', NULL),
(436, 160, 'en', 'Pizza', 'Pizza', NULL),
(438, 159, 'en', 'National Food', 'National Food', NULL),
(439, 161, 'en', 'Burger', 'Burger', NULL),
(440, 178, 'en', 'Dessert', 'Dessert', NULL),
(441, 149, 'en', 'Food', 'sdfsf', NULL),
(442, 218, 'en', 'sas', 'asdasd', NULL),
(445, 217, 'en', 'Wear Man', 'Perfect', NULL),
(449, 216, 'en', 'Clothes', 'There is very good clothes', NULL),
(450, 221, 'en', 'test', 'testttt', NULL),
(451, 222, 'en', 'tttt', 'rftgyhrtgt', NULL),
(455, 226, 'en', 'MaxWay', 'New Maxway', NULL),
(456, 223, 'en', 'derfeg', 'rfegtrhytht', NULL),
(460, 219, 'en', 'asdasd', 'asdasd', NULL),
(461, 227, 'en', 'Dyushes', 'Yangi dyushes', NULL),
(462, 215, 'en', 'test', 'testa', NULL),
(465, 158, 'en', 'Fast Food', 'Fast Food', NULL),
(470, 232, 'en', 'Beauty and Perfumes', 'Beauty and Perfumes', NULL),
(482, 243, 'en', 'Balls', 'Balls', NULL),
(484, 245, 'en', 'Lego', 'Legos', NULL),
(486, 182, 'en', 'Shirinlik', 'modern', NULL),
(487, 155, 'en', 'Shopping', 'Shopping', NULL),
(494, 105, 'en', 'Sushi', 'Sushi', NULL),
(495, 104, 'en', 'Drinks', 'Drinks', NULL),
(496, 102, 'en', 'Desserts', 'Desserts', NULL),
(497, 106, 'en', 'Burger', 'Burger', NULL),
(498, 117, 'en', 'dasda', 'asdaasdasd', NULL),
(499, 125, 'en', 'Groceries', 'vegasdasda', NULL),
(500, 184, 'en', 'Shirinlik', 'modern', NULL),
(502, 233, 'en', 'Kids', 'For kids', NULL),
(504, 230, 'en', 'Flowers', 'Flowers', NULL),
(505, 229, 'en', 'Groceries', 'Groceries', NULL),
(508, 240, 'en', 'Cats', 'pussies', NULL),
(509, 241, 'en', 'Rabbits', 'Rabbits', NULL),
(510, 242, 'en', 'Fish', 'Fishes', NULL),
(511, 244, 'en', 'Toys', 'Toyss', NULL),
(512, 246, 'en', 'Baloons', 'Baloons', NULL),
(513, 251, 'en', 'Perfumes', 'Perfumes', NULL),
(514, 252, 'en', 'Skin care', 'Skin care', NULL),
(515, 253, 'en', 'Jewellery', 'Jewellery', NULL),
(516, 235, 'en', 'Men clothes', 'Men clothes', NULL),
(517, 236, 'en', 'Woman clothes', 'Woman clothes', NULL),
(518, 237, 'en', 'Kids clothes', 'Kids clothes', NULL),
(519, 238, 'en', 'Shoes', 'Shoes', NULL),
(523, 247, 'en', 'Fast Food', 'Fast Food', NULL),
(524, 248, 'en', 'National Food', 'National Food', NULL),
(525, 249, 'en', 'Dessert', 'dessert', NULL),
(527, 250, 'en', 'Pizza', 'Pizza', NULL),
(528, 254, 'en', 'Nuts', 'Nuts description', NULL),
(529, 255, 'en', 'Fruits', 'Fruits', NULL),
(530, 256, 'en', 'Vegetable', 'Vegetable', NULL),
(534, 257, 'en', 'asdfsf', 'asdfas', NULL),
(536, 220, 'en', 'Mac', 'Mac', NULL),
(537, 197, 'en', 'Airpods', 'Airpods', NULL),
(538, 225, 'en', 'Iphones', 'Iphones', NULL),
(540, 205, 'en', 'Korzinka', NULL, NULL),
(543, 259, 'en', 'name', 'desctio', NULL),
(544, 260, 'en', 'name', 'desctio', NULL),
(546, 234, 'en', 'Pets', 'Wide world', NULL),
(549, 261, 'en', 'Wallpaper', 'AutosasdParts Shop', NULL),
(550, 262, 'en', 'Wallpaper', 'AutosasdParts Shop', NULL),
(551, 263, 'en', 'Wallpaper', 'AutosasdParts Shop', NULL),
(552, 264, 'en', 'Iphones', 'Iphones', NULL),
(554, 265, 'en', 'Samsa', 'somsa', NULL),
(556, 266, 'en', 'Salads', 'salads', NULL),
(558, 267, 'en', 'Pilaf', 'Plov is the symbol of Uzbek food. It is prepared in every Uzbekistan family, whether Uzbek, Russian, Tatar of Korean.', NULL),
(559, 268, 'en', 'Phones', 'phones', NULL),
(560, 269, 'en', 'Earphone', 'earphone', NULL),
(562, 271, 'en', 'Sportswear', 'Sportswear', NULL),
(563, 272, 'en', 'Scooter', 'Scooter', NULL),
(564, 273, 'en', 'TV', 'Television', NULL),
(565, 274, 'en', 'TV', 'Television', NULL),
(566, 270, 'en', 'Joystick', 'Joystick', NULL),
(567, 275, 'en', 'TV', 'Tv', NULL),
(568, 276, 'en', 'TV Box', 'tv box', NULL),
(569, 277, 'en', 'TV Stick', 'TV Stick', NULL),
(570, 278, 'en', 'Camera', 'camera', NULL),
(571, 279, 'en', 'Camera', 'camera', NULL),
(572, 280, 'en', 'Scooter', 'scooter', NULL),
(576, 282, 'en', 'Body Care', 'Body Care', NULL),
(577, 283, 'en', 'Body Care', 'Body Care', NULL),
(578, 284, 'en', 'Body Care', 'Body Care', NULL),
(581, 285, 'en', 'asdasd', 'asdasdasd', NULL),
(582, 286, 'en', 'Perfumes', 'Perfumes', NULL),
(584, 213, 'en', 'asdasd', 'asdasdas', NULL),
(586, 210, 'en', 'asdasd', 'asdasda', NULL),
(588, 224, 'en', 'Zo\'r tv', 'vrtgtrhytju', NULL),
(589, 287, 'en', 'ss', 'dsdsd', NULL),
(591, 288, 'en', 'ff', 'sasssa', NULL),
(592, 289, 'en', 'sd', 'dsdsd', NULL),
(593, 290, 'en', 'sd', 'dsdsd', NULL),
(594, 291, 'en', 'Jewellery', 'Jewellery', NULL),
(595, 23, 'en', 'National food', 'National food', NULL),
(596, 15, 'en', 'Fast foodasd', 'Meatasdasd', NULL),
(597, 292, 'en', 'Fish deals', 'Fish deals', NULL),
(598, 293, 'en', 'Dog deals', 'Dog deals', NULL),
(599, 294, 'en', '23463246', 'dfgdfgdfg', NULL),
(601, 152, 'en', 'BackEnd', 'BackEnd', NULL),
(602, 295, 'en', 'test', 'test desc', NULL),
(603, 296, 'en', '23123123', 'asdasdasd', NULL),
(604, 297, 'en', '4894848956', 'asdasd', NULL),
(605, 298, 'en', 'test', 'description', NULL),
(606, 299, 'en', 'test 3', 'description', NULL),
(607, 300, 'en', 'Medicine', 'medicine', NULL),
(609, 239, 'en', 'Dogs', 'dogs d', NULL),
(610, 302, 'en', 'Kinder', 'Kinder', NULL),
(611, 303, 'en', 'Pizza', 'Test Pizza', NULL),
(612, 304, 'en', 'Roma pizza', 'Roma pizza', NULL),
(613, 305, 'en', 'Pizza', 'te', NULL),
(615, 306, 'en', 'حلويات مستوردة', 'متجر حلويات مستوردة', NULL),
(619, 231, 'en', 'Online shopping', 'Online shopping', NULL),
(620, 228, 'en', 'Restaurants', 'Restaurants', NULL),
(622, 308, 'en', 'test1', 'asdasdasd', NULL),
(623, 309, 'en', 'test2', 'asdasd', NULL),
(624, 310, 'en', 'test3', 'asdasd', NULL),
(625, 311, 'en', 'test4', 'asdasd', NULL),
(627, 313, 'en', 'test6', 'asdasd', NULL),
(628, 314, 'en', 'asdasd', 'asdasd', NULL),
(629, 315, 'en', 'asdasd', 'asdasd', NULL),
(630, 316, 'en', 'asdasdasdasfsadf', 'asddgsfasf', NULL),
(632, 318, 'en', 'Sumka', NULL, NULL),
(633, 319, 'en', 'Game', NULL, NULL),
(634, 320, 'en', 'Aaas', NULL, NULL),
(635, 321, 'en', 'asdasd', 'asdasd', NULL),
(640, 143, 'ar', 'خضار وفواكه', 'خضار وفواكه', NULL),
(641, 143, 'en', 'Fruits and vegetables', 'Fruits and vegetables', NULL),
(643, 258, 'en', 'Ommabop', 'Gamdadading', NULL),
(644, 167, 'en', 'Phones', 'Phones', NULL),
(647, 166, 'en', 'Computers', 'Computers', NULL),
(648, 165, 'en', 'Gaming', 'Gaming', NULL),
(649, 322, 'en', 'Evos', 'fgreretrer', NULL),
(650, 323, 'en', 'Belissimo', 'dfgdgdfgd', NULL),
(651, 324, 'en', 'sdssds', 'fgrerdsdsetrer', NULL),
(652, 281, 'en', 'Fall-Winter1', 'Fall-Winter', NULL),
(653, 301, 'en', 'Vitamins', 'Vitamins', NULL),
(654, 307, 'en', 'test', 'dsfsdf', NULL),
(655, 190, 'en', 'Coffee', 'Ajoyibona', NULL),
(656, 317, 'en', 'asdasd12', 'asdasd', NULL),
(657, 325, 'en', 'MaxWay', 'fdsagfdsghfssd', NULL),
(658, 312, 'en', 'test10', 'asdasd', NULL),
(659, 326, 'es', 'main', NULL, NULL),
(660, 327, 'es', 'blog', NULL, NULL),
(661, 328, 'es', 'brand', NULL, NULL),
(662, 329, 'es', 'shop', NULL, NULL),
(663, 330, 'es', 'receipt', NULL, NULL),
(664, 331, 'es', 'menu', NULL, NULL),
(665, 332, 'es', 'career', NULL, NULL),
(666, 333, 'es', 'sub_shop', NULL, NULL),
(667, 334, 'es', 'sub_main', NULL, NULL),
(668, 335, 'es', 'main', NULL, NULL),
(669, 336, 'es', 'blog', NULL, NULL),
(670, 337, 'es', 'brand', NULL, NULL),
(671, 338, 'es', 'shop', NULL, NULL),
(672, 339, 'es', 'receipt', NULL, NULL),
(673, 340, 'es', 'menu', NULL, NULL),
(674, 341, 'es', 'career', NULL, NULL),
(675, 342, 'es', 'sub_shop', NULL, NULL),
(676, 343, 'es', 'sub_main', NULL, NULL),
(677, 344, 'en', 'Comida', '12w4r', NULL),
(678, 345, 'en', 'Fruits', 'mevalar', NULL),
(679, 346, 'en', 'Testlar', 'ghgfgh', NULL),
(680, 347, 'en', 'Bulala', 'Bulalal', NULL),
(681, 348, 'en', 'Seller 1 - kids', 'Seller 1 - kids', NULL),
(682, 349, 'en', 'Meetshop', NULL, NULL),
(684, 350, 'ar', 'Bull', 'Bull Bull', NULL),
(685, 350, 'en', 'Bull', 'BullBullBull', NULL),
(686, 351, 'ar', 'sadsadasdasads', 'фывфы', NULL),
(687, 352, 'en', 'Category terra pro', 'Category terra pro', NULL),
(688, 353, 'en', 'Category Terra pro', 'catregoryu', NULL),
(689, 354, 'io', 'main', NULL, NULL),
(690, 355, 'io', 'blog', NULL, NULL),
(691, 356, 'io', 'brand', NULL, NULL),
(692, 357, 'io', 'shop', NULL, NULL),
(693, 358, 'io', 'receipt', NULL, NULL),
(694, 359, 'io', 'menu', NULL, NULL),
(695, 360, 'io', 'career', NULL, NULL),
(696, 361, 'io', 'sub_shop', NULL, NULL),
(697, 362, 'io', 'sub_main', NULL, NULL),
(698, 363, 'io', 'main', NULL, NULL),
(699, 364, 'io', 'blog', NULL, NULL),
(700, 365, 'io', 'brand', NULL, NULL),
(701, 366, 'io', 'shop', NULL, NULL),
(702, 367, 'io', 'receipt', NULL, NULL),
(703, 368, 'io', 'menu', NULL, NULL),
(704, 369, 'io', 'career', NULL, NULL),
(705, 370, 'io', 'sub_shop', NULL, NULL),
(706, 371, 'io', 'sub_main', NULL, NULL),
(707, 372, 'en', '12 Sep Category 1', '12 Sep Category 1', NULL),
(708, 373, 'en', '12 Sep Category 2', '12 Sep Category 2', NULL),
(709, 374, 'en', 'CS2', NULL, NULL);

-- --------------------------------------------------------

--
-- Структура таблицы `chats`
--

CREATE TABLE `chats` (
  `id` bigint UNSIGNED NOT NULL,
  `from_user_id` bigint UNSIGNED NOT NULL,
  `to_user_id` bigint UNSIGNED NOT NULL,
  `chat_message` varchar(255) CHARACTER SET utf8mb4 COLLATE utf8mb4_unicode_ci DEFAULT NULL,
  `message_status` varchar(255) CHARACTER SET utf8mb4 COLLATE utf8mb4_unicode_ci DEFAULT NULL,
  `created_at` timestamp NULL DEFAULT NULL,
  `updated_at` timestamp NULL DEFAULT NULL,
  `deleted_at` timestamp NULL DEFAULT NULL
) ENGINE=InnoDB DEFAULT CHARSET=utf8mb4 COLLATE=utf8mb4_unicode_ci;

-- --------------------------------------------------------

--
-- Структура таблицы `chat_requests`
--

CREATE TABLE `chat_requests` (
  `id` bigint UNSIGNED NOT NULL,
  `from_user_id` int NOT NULL,
  `to_user_id` int NOT NULL,
  `status` enum('Pending','Approve','Reject') CHARACTER SET utf8mb4 COLLATE utf8mb4_unicode_ci NOT NULL,
  `created_at` timestamp NULL DEFAULT NULL,
  `updated_at` timestamp NULL DEFAULT NULL
) ENGINE=InnoDB DEFAULT CHARSET=utf8mb4 COLLATE=utf8mb4_unicode_ci;

-- --------------------------------------------------------

--
-- Структура таблицы `coupons`
--

CREATE TABLE `coupons` (
  `id` bigint UNSIGNED NOT NULL,
  `shop_id` bigint UNSIGNED NOT NULL,
  `name` varchar(255) CHARACTER SET utf8mb4 COLLATE utf8mb4_unicode_ci NOT NULL,
  `type` enum('fix','percent') CHARACTER SET utf8mb4 COLLATE utf8mb4_unicode_ci NOT NULL DEFAULT 'fix',
  `qty` int NOT NULL DEFAULT '0',
  `price` double NOT NULL DEFAULT '0',
  `expired_at` datetime NOT NULL,
  `img` varchar(255) CHARACTER SET utf8mb4 COLLATE utf8mb4_unicode_ci DEFAULT NULL,
  `created_at` timestamp NULL DEFAULT NULL,
  `updated_at` timestamp NULL DEFAULT NULL,
  `deleted_at` timestamp NULL DEFAULT NULL,
  `for` varchar(255) CHARACTER SET utf8mb4 COLLATE utf8mb4_unicode_ci NOT NULL DEFAULT 'total_price'
) ENGINE=InnoDB DEFAULT CHARSET=utf8mb4 COLLATE=utf8mb4_unicode_ci;

--
-- Дамп данных таблицы `coupons`
--

INSERT INTO `coupons` (`id`, `shop_id`, `name`, `type`, `qty`, `price`, `expired_at`, `img`, `created_at`, `updated_at`, `deleted_at`, `for`) VALUES
(1, 516, '12312', 'fix', 11, 111, '2022-12-15 00:00:00', 'https://api.foodyman.org/storage/images/https://api.foodyman.org/storage/images/', '2022-12-15 10:45:17', '2023-02-10 16:47:22', NULL, 'total_price'),
(2, 516, '12321', 'fix', 11, 11, '2022-12-16 00:00:00', 'https://api.foodyman.org/storage/images/https://api.foodyman.org/storage/images/', '2022-12-15 10:46:13', '2023-02-10 16:47:22', NULL, 'total_price'),
(3, 515, '1', 'fix', 1, 1, '2022-12-16 00:00:00', 'https://api.foodyman.org/storage/images/https://api.foodyman.org/storage/images/', '2022-12-15 11:30:34', '2023-02-10 16:47:22', NULL, 'total_price'),
(4, 515, '11', 'fix', 11, 1, '2022-12-16 00:00:00', 'https://api.foodyman.org/storage/images/https://api.foodyman.org/storage/images/', '2022-12-15 11:38:39', '2023-02-10 16:47:22', NULL, 'total_price'),
(5, 515, '2343424', 'percent', 11, 11, '2022-12-16 00:00:00', 'https://api.foodyman.org/storage/images/https://api.foodyman.org/storage/images/', '2022-12-15 11:41:05', '2023-02-10 16:47:22', NULL, 'total_price'),
(6, 515, 'coupon', 'fix', 1, 1, '2023-01-26 00:00:00', 'https://api.foodyman.org/storage/images/https://api.foodyman.org/storage/images/', '2022-12-15 12:02:04', '2023-02-10 16:47:22', NULL, 'total_price'),
(7, 515, 'coupon-2', 'percent', 2, 10, '2022-07-20 00:00:00', 'https://api.foodyman.org/storage/images/https://api.foodyman.org/storage/images/', '2022-12-15 12:06:29', '2023-02-10 16:47:22', NULL, 'total_price'),
(10, 515, '1324111sdfdsf', 'percent', 1222, 1222, '2022-12-15 00:00:00', 'https://api.foodyman.org/storage/images/https://api.foodyman.org/storage/images/', '2022-12-15 12:09:31', '2023-02-10 16:47:22', NULL, 'total_price'),
(11, 515, 'coupon-1', 'percent', 2, 10, '2022-07-20 00:00:00', 'https://api.foodyman.org/storage/images/https://api.foodyman.org/storage/images/', '2022-12-15 12:09:48', '2023-02-10 16:47:22', NULL, 'total_price'),
(13, 515, '1324111sdfdsf1', 'percent', 1222, 1222, '2022-12-15 00:00:00', 'https://api.foodyman.org/storage/images/https://api.foodyman.org/storage/images/', '2022-12-15 12:11:26', '2023-02-10 16:47:22', NULL, 'total_price'),
(14, 515, 'co', 'percent', 1222, 1222, '2022-12-15 00:00:00', 'https://api.foodyman.org/storage/images/https://api.foodyman.org/storage/images/', '2022-12-15 12:13:05', '2023-02-10 16:47:22', NULL, 'total_price'),
(17, 515, 'coupon-3', 'percent', 1222, 1222, '2022-12-15 00:00:00', 'https://api.foodyman.org/storage/images/https://api.foodyman.org/storage/images/', '2022-12-15 12:13:27', '2023-02-10 16:47:22', NULL, 'total_price'),
(25, 599, 'Koupon', 'percent', 999999999, 1, '2024-05-04 00:00:00', 'https://api.foodyman.org/storage/images/https://api.foodyman.org/storage/images/', '2022-12-15 12:16:57', '2023-02-28 11:37:27', NULL, 'total_price'),
(26, 599, 'kupon', 'percent', 98, 1, '2023-12-31 00:00:00', 'https://api.foodyman.org/storage/images/https://api.foodyman.org/storage/images/', '2022-12-22 15:28:16', '2023-02-28 14:17:11', NULL, 'total_price'),
(27, 638, 'Raymond', 'percent', 1, 2, '2023-02-12 00:00:00', 'https://api.foodyman.org/storage/images/https://api.foodyman.org/storage/images/', '2023-02-10 11:15:17', '2023-02-10 16:47:22', NULL, 'total_price'),
(28, 651, 'Diamond', 'percent', 30, 10, '2023-02-28 00:00:00', NULL, '2023-02-17 10:00:46', '2023-02-27 12:16:52', NULL, 'total_price'),
(29, 597, 'Broadway', 'percent', 29, 10, '2023-03-01 12:17:40', NULL, '2023-02-17 10:00:46', '2023-02-28 07:18:12', NULL, 'total_price'),
(30, 599, '1213', 'fix', 1, 1, '2023-03-01 00:00:00', NULL, '2023-02-28 11:38:09', '2023-02-28 12:33:14', NULL, 'total_price'),
(32, 599, 'test', 'percent', 23, 3, '2023-03-11 00:00:00', NULL, '2023-02-28 12:06:32', '2023-02-28 12:06:32', NULL, 'total_price'),
(33, 690, 'Diamond', 'percent', 2000, 10, '2023-03-11 00:00:00', NULL, '2023-02-28 12:13:24', '2023-02-28 12:13:24', NULL, 'total_price'),
(35, 651, 'Diamon', 'percent', 199, 10, '2023-03-11 00:00:00', NULL, '2023-02-28 12:14:50', '2023-02-28 13:48:13', NULL, 'total_price'),
(36, 599, '123123312ddfsfdsafads', 'percent', 21321321, 12321321, '2023-03-01 00:00:00', NULL, '2023-02-28 12:33:25', '2023-02-28 14:11:27', '2023-02-28 14:11:27', 'total_price'),
(37, 599, 'test1', 'fix', 331, 3, '2023-03-11 00:00:00', NULL, '2023-02-28 12:34:25', '2023-02-28 13:04:30', NULL, 'total_price'),
(38, 651, 'test2', 'fix', 97, 10, '2025-03-12 00:00:00', NULL, '2023-02-28 12:49:54', '2023-04-28 08:33:08', NULL, 'total_price'),
(39, 752, 'aaa', 'fix', 0, 100, '2023-07-21 00:00:00', NULL, '2023-07-20 11:03:17', '2023-07-28 10:07:33', '2023-07-28 10:07:33', 'total_price'),
(40, 752, 'pitsa', 'fix', 1, 100, '2023-07-29 00:00:00', NULL, '2023-07-28 10:08:02', '2023-07-28 10:25:44', '2023-07-28 10:25:44', 'total_price'),
(41, 752, 'dd', 'fix', 5, 100, '2023-07-29 00:00:00', NULL, '2023-07-28 10:15:04', '2023-07-28 10:25:44', '2023-07-28 10:25:44', 'total_price'),
(42, 752, 'ww', 'fix', 4, 200, '2023-07-29 00:00:00', NULL, '2023-07-28 10:20:32', '2023-07-28 10:25:44', '2023-07-28 10:25:44', 'total_price'),
(43, 752, 'uu', 'fix', 1, 120, '2023-07-29 00:00:00', NULL, '2023-07-28 10:24:13', '2023-07-28 10:25:44', '2023-07-28 10:25:44', 'total_price'),
(46, 752, 'ff', 'fix', 0, 200, '2023-07-29 00:00:00', NULL, '2023-07-28 10:34:16', '2023-07-28 10:36:55', '2023-07-28 10:36:55', 'total_price'),
(73, 752, 'sad', 'percent', 31, 100, '2023-09-23 00:00:00', NULL, '2023-09-03 11:15:39', '2023-09-03 11:16:16', NULL, 'total_price'),
(74, 796, 'test', 'percent', 1, 20, '2024-06-16 00:00:00', NULL, '2024-06-15 10:35:48', '2024-06-15 10:35:48', NULL, 'total_price');

-- --------------------------------------------------------

--
-- Структура таблицы `coupon_translations`
--

CREATE TABLE `coupon_translations` (
  `id` bigint UNSIGNED NOT NULL,
  `coupon_id` bigint UNSIGNED NOT NULL,
  `locale` varchar(255) CHARACTER SET utf8mb4 COLLATE utf8mb4_unicode_ci NOT NULL,
  `title` varchar(191) CHARACTER SET utf8mb4 COLLATE utf8mb4_unicode_ci NOT NULL,
  `description` text CHARACTER SET utf8mb4 COLLATE utf8mb4_unicode_ci,
  `deleted_at` timestamp NULL DEFAULT NULL
) ENGINE=InnoDB DEFAULT CHARSET=utf8mb4 COLLATE=utf8mb4_unicode_ci;

--
-- Дамп данных таблицы `coupon_translations`
--

INSERT INTO `coupon_translations` (`id`, `coupon_id`, `locale`, `title`, `description`, `deleted_at`) VALUES
(1, 1, 'undefined', '123', NULL, NULL),
(2, 2, 'undefined', '123', NULL, NULL),
(3, 3, 'undefined', '111', NULL, NULL),
(4, 7, 'ru', 'Первый купон', NULL, NULL),
(5, 11, 'ru', 'Первый купон', NULL, NULL),
(22, 27, 'en', 'raymond', NULL, NULL),
(36, 28, 'en', 'Diamond', NULL, NULL),
(37, 26, 'el', 'kupons', NULL, NULL),
(38, 26, 'ar', 'kupons', NULL, NULL),
(39, 26, 'en', 'kupons', NULL, NULL),
(40, 25, 'el', 'Shop', NULL, NULL),
(41, 25, 'en', 'Shop', NULL, NULL),
(44, 32, 'en', 'pants', NULL, NULL),
(45, 33, 'en', 'Diamond', NULL, NULL),
(47, 30, 'en', '1123', NULL, NULL),
(48, 36, 'en', '123123', NULL, NULL),
(49, 37, 'en', 'test1', NULL, NULL),
(52, 35, 'en', 'Diamon', NULL, NULL),
(53, 38, 'en', 'test2', NULL, NULL),
(55, 39, 'en', 'Yangi', NULL, NULL),
(59, 40, 'en', 'Pizza', NULL, NULL),
(60, 41, 'en', 'dd', NULL, NULL),
(61, 42, 'en', 'eq', NULL, NULL),
(62, 43, 'en', 'ui', NULL, NULL),
(63, 44, 'en', 'll', NULL, NULL),
(64, 46, 'en', 'gf', NULL, NULL),
(65, 49, 'en', 'tyu', NULL, NULL),
(66, 53, 'en', 'oO', NULL, NULL),
(69, 54, 'en', 'ASD123', NULL, NULL),
(70, 55, 'en', 'qq', NULL, NULL),
(71, 56, 'en', 'aa', NULL, NULL),
(72, 57, 'en', 'qa', NULL, NULL),
(73, 58, 'en', 'qq', NULL, NULL),
(74, 59, 'en', 'xc', NULL, NULL),
(75, 60, 'en', 'ee', NULL, NULL),
(76, 61, 'en', 'gdgfd', NULL, NULL),
(77, 62, 'en', 'A@3!{$)', NULL, NULL),
(78, 63, 'en', 'tt', NULL, NULL),
(79, 64, 'en', 'qaqa', NULL, NULL),
(80, 65, 'en', 'yangi', NULL, NULL),
(82, 66, 'en', 'Q!#2(\")%!*&}', NULL, NULL),
(83, 67, 'en', 'new', NULL, NULL),
(84, 68, 'en', 'qq', NULL, NULL),
(85, 69, 'en', 'ee', NULL, NULL),
(86, 70, 'en', 'yy', NULL, NULL),
(87, 71, 'en', 'rre', NULL, NULL),
(88, 72, 'en', 'xaxa', NULL, NULL),
(89, 73, 'en', 'Evos', NULL, NULL),
(90, 74, 'en', 'mw', NULL, NULL);

-- --------------------------------------------------------

--
-- Структура таблицы `currencies`
--

CREATE TABLE `currencies` (
  `id` bigint UNSIGNED NOT NULL,
  `symbol` varchar(255) CHARACTER SET utf8mb4 COLLATE utf8mb4_unicode_ci DEFAULT NULL,
  `title` varchar(191) CHARACTER SET utf8mb4 COLLATE utf8mb4_unicode_ci NOT NULL,
  `position` enum('before','after') CHARACTER SET utf8mb4 COLLATE utf8mb4_unicode_ci NOT NULL DEFAULT 'after',
  `default` tinyint(1) NOT NULL DEFAULT '0',
  `active` tinyint(1) NOT NULL DEFAULT '1',
  `created_at` timestamp NULL DEFAULT NULL,
  `updated_at` timestamp NULL DEFAULT NULL,
  `deleted_at` timestamp NULL DEFAULT NULL,
  `rate` double NOT NULL DEFAULT '1'
) ENGINE=InnoDB DEFAULT CHARSET=utf8mb4 COLLATE=utf8mb4_unicode_ci;

--
-- Дамп данных таблицы `currencies`
--

INSERT INTO `currencies` (`id`, `symbol`, `title`, `position`, `default`, `active`, `created_at`, `updated_at`, `deleted_at`, `rate`) VALUES
(2, '$', 'USD', 'before', 1, 1, '2022-12-03 16:56:18', '2024-02-21 12:42:23', NULL, 1),
(26, 'ر.س.‏', 'SAR', 'before', 0, 1, '2023-06-08 18:45:17', '2023-09-04 06:03:03', '2023-09-04 06:03:03', 1),
(27, 'R$', 'BRL', 'before', 0, 1, '2023-06-13 13:30:30', '2023-07-22 10:27:46', '2023-07-22 10:27:46', 1),
(28, 'Rp', 'IDR', 'before', 0, 1, '2023-06-15 07:36:57', '2023-07-22 10:27:46', '2023-07-22 10:27:46', 1),
(29, 'Ksh', 'KES', 'after', 0, 1, '2023-06-15 11:32:21', '2023-07-22 10:27:46', '2023-07-22 10:27:46', 1),
(30, 'ман', 'AZN', 'before', 0, 0, '2023-07-19 11:39:15', '2023-07-19 11:39:30', '2023-07-19 11:39:30', 1),
(31, 'тңг', 'KZT', 'after', 0, 1, '2023-07-19 11:48:29', '2023-07-19 11:48:36', '2023-07-19 11:48:36', 1),
(32, '؋', 'AFN', 'before', 0, 1, '2023-07-19 11:48:49', '2023-07-19 11:50:20', '2023-07-19 11:50:20', 1),
(33, '؋', 'AFN', 'before', 0, 1, '2023-07-22 10:22:38', '2023-07-22 10:27:46', '2023-07-22 10:27:46', 1),
(34, 'Lt', 'LTL', 'after', 0, 1, '2023-07-22 10:27:26', '2023-07-22 10:27:46', '2023-07-22 10:27:46', 1),
(35, 'R', 'ZAR', 'before', 0, 0, '2023-07-29 05:02:59', '2023-09-04 06:03:16', '2023-09-04 06:03:16', 1),
(36, '؋', 'AFN', 'after', 0, 0, '2023-07-31 09:32:48', '2023-07-31 09:33:13', '2023-07-31 09:33:13', 1),
(37, 'Ssh', 'SOS', 'after', 0, 0, '2023-08-08 22:35:26', '2023-09-04 06:03:14', '2023-09-04 06:03:14', 8800),
(38, 'টকা', 'INR', 'before', 0, 1, '2023-08-16 13:32:06', '2023-09-04 06:03:11', '2023-09-04 06:03:11', 82),
(39, 'ман', 'AZN', 'after', 0, 1, '2023-09-03 10:03:14', '2023-09-03 10:03:37', '2023-09-03 10:03:37', 1),
(40, 'UZS', 'UZS', 'before', 0, 1, '2023-09-05 07:35:58', '2023-09-05 07:35:58', NULL, 0.012),
(41, 'টকা', 'INR', 'after', 0, 1, '2023-09-05 19:16:17', '2023-09-05 19:16:17', NULL, 1);

-- --------------------------------------------------------

--
-- Структура таблицы `deliveryman_settings`
--

CREATE TABLE `deliveryman_settings` (
  `id` bigint UNSIGNED NOT NULL,
  `user_id` bigint UNSIGNED NOT NULL,
  `type_of_technique` varchar(255) CHARACTER SET utf8mb4 COLLATE utf8mb4_unicode_ci DEFAULT NULL,
  `brand` varchar(255) CHARACTER SET utf8mb4 COLLATE utf8mb4_unicode_ci DEFAULT NULL,
  `model` varchar(255) CHARACTER SET utf8mb4 COLLATE utf8mb4_unicode_ci DEFAULT NULL,
  `number` varchar(255) CHARACTER SET utf8mb4 COLLATE utf8mb4_unicode_ci DEFAULT NULL,
  `color` varchar(255) CHARACTER SET utf8mb4 COLLATE utf8mb4_unicode_ci DEFAULT NULL,
  `online` tinyint(1) NOT NULL DEFAULT '0',
  `location` json DEFAULT NULL,
  `created_at` timestamp NULL DEFAULT NULL,
  `updated_at` timestamp NULL DEFAULT NULL,
  `deleted_at` timestamp NULL DEFAULT NULL,
  `width` smallint DEFAULT '100',
  `height` smallint DEFAULT '100',
  `length` smallint DEFAULT '100',
  `kg` int DEFAULT '100'
) ENGINE=InnoDB DEFAULT CHARSET=utf8mb4 COLLATE=utf8mb4_unicode_ci;

--
-- Дамп данных таблицы `deliveryman_settings`
--

INSERT INTO `deliveryman_settings` (`id`, `user_id`, `type_of_technique`, `brand`, `model`, `number`, `color`, `online`, `location`, `created_at`, `updated_at`, `deleted_at`, `width`, `height`, `length`, `kg`) VALUES
(2, 129, 'diesel', 'BMW', 'm5 f90', 'M111MM', '#000', 1, '{\"latitude\": \"41.19109522493603\", \"longitude\": \"69.12549522044032\"}', '2023-01-09 18:48:08', '2023-01-14 10:54:15', NULL, 100, 100, 100, 100),
(5, 134, 'benzine', 'BMW', 'm5 f90', 'M111MM', '#000', 1, '{\"latitude\": \"41.39109522493603\", \"longitude\": \"69.32549522044032\"}', '2023-01-09 18:48:22', '2023-01-09 18:48:32', NULL, 100, 100, 100, 100),
(6, 114, 'benzine', '213', '123', '123', '123123', 0, NULL, '2023-01-16 17:48:15', '2023-01-16 17:48:15', NULL, 100, 100, 100, 100),
(7, 144, 'benzine', '213', '123', '123', '123123', 0, NULL, '2023-01-16 17:48:32', '2023-01-16 17:48:32', NULL, 100, 100, 100, 100),
(8, 151, 'benzine', 'Chevrolet', 'Nexia 3', '01 A 777 AA', 'Black', 1, '{\"latitude\": 41.2797569, \"longitude\": 69.2135452}', '2023-01-18 10:14:02', '2023-02-16 09:12:26', NULL, 100, 100, 100, 100),
(9, 195, 'benzine', 'BMW', 'm5', 'M111MM', '#00023', 1, '{\"latitude\": -36.8485, \"longitude\": 174.7633}', '2023-01-18 10:15:21', '2023-09-05 11:22:52', NULL, 100, 100, 100, 100),
(10, 199, 'benzine', 'Chevrolet', 'Chevrolet Malibu 1', '01 0 000 00', 'Black', 0, '{\"latitude\": 41.280063184754944, \"longitude\": 69.21315924358066}', '2023-01-18 12:36:50', '2023-02-09 17:22:29', NULL, 100, 100, 100, 100),
(11, 218, 'benzine', 'Chevrolet', 'Neksiya 3', 'A555AA', 'White', 1, '{\"latitude\": 41.280625288532335, \"longitude\": 69.21356690320805}', '2023-01-31 15:44:47', '2023-03-16 06:51:23', NULL, 100, 100, 100, 100),
(12, 291, 'benzine', 'BMW', 'm5', '01AA000A', 'black', 1, '{\"latitude\": 41.2797368, \"longitude\": 69.2135562}', '2023-02-10 11:26:07', '2023-02-17 06:22:36', NULL, 100, 100, 100, 100),
(13, 225, 'diesel', 'mers', '222', '01AA000A', 'black', 1, '{\"latitude\": 41.271631, \"longitude\": 69.2747517}', '2023-02-10 15:15:13', '2023-02-26 17:08:04', NULL, 100, 100, 100, 100),
(14, 295, 'gas', 'Tesla', 'V6', '01V001VV', 'Black', 1, '{\"latitude\": 41.27985151065782, \"longitude\": 69.21260863555754}', '2023-02-10 15:33:19', '2023-02-11 19:54:00', NULL, 100, 100, 100, 100),
(15, 340, 'diesel', 'AUDI', 'S8', 'A123AAA', 'black', 1, '{\"latitude\": 41.2797397, \"longitude\": 69.21355}', '2023-02-15 10:19:22', '2023-02-15 12:42:43', NULL, 100, 100, 100, 100),
(16, 353, 'benzine', 'Yamaha', 'S323', 'A123Z', 'black', 0, '{\"latitude\": 41.2797345, \"longitude\": 69.2135428}', '2023-02-16 09:12:03', '2023-02-17 06:43:10', NULL, 100, 100, 100, 100),
(17, 358, 'diesel', 'Cadilac', 'A21', 'A21AA', 'black', 0, '{\"latitude\": 41.309979, \"longitude\": 69.246462}', '2023-02-16 12:02:06', '2023-05-08 07:41:49', NULL, 100, 100, 100, 100),
(18, 363, 'benzine', 'Lamborghini', '800s', 'z222zz', 'black', 1, '{\"latitude\": 41.2805291, \"longitude\": 69.2134334}', '2023-02-17 06:42:53', '2023-03-23 09:33:50', NULL, 100, 100, 100, 100),
(19, 375, 'benzine', 'Tesla', 'Tesla', '01O001OO', 'Red', 0, '{\"latitude\": 41.304223, \"longitude\": 69.2348277}', '2023-02-17 15:09:22', '2024-02-21 12:08:02', NULL, 500, 500, 500, 500),
(20, 417, 'benzine', 'Lexus', 'S800', 'A123AD', 'black', 1, '{\"latitude\": 33.86063304906371, \"longitude\": -7.01161295049229}', '2023-02-22 05:56:39', '2023-06-03 23:02:57', NULL, 100, 100, 100, 100),
(21, 421, 'benzine', 'brand', 'x5', '12311', 'qwe', 0, '{\"latitude\": 41.352692736480826, \"longitude\": 69.2987155321978}', '2023-02-22 07:18:58', '2023-02-22 07:18:58', NULL, 100, 100, 100, 100),
(22, 422, 'benzine', 'brand', 'x5', '12311', 'qwe', 0, '{\"latitude\": 41.36224545474339, \"longitude\": 69.30207252632752}', '2023-02-22 07:20:02', '2023-02-22 07:20:02', NULL, 100, 100, 100, 100),
(23, 423, 'benzine', 'brand', 'x5', '1233', 'qwe', 0, '{\"latitude\": 41.36224545474339, \"longitude\": 69.30207252632752}', '2023-02-22 07:53:05', '2023-02-22 07:53:05', NULL, 100, 100, 100, 100),
(24, 427, 'benzine', 'AUDI', 'A03', 'AA12A', 'black', 1, '{\"latitude\": 41.2797215, \"longitude\": 69.2135691}', '2023-02-22 09:13:14', '2023-02-23 07:34:05', NULL, 100, 100, 100, 100),
(25, 437, 'benzine', 'Toyata', 'Camarey', '123wer', 'black', 0, '{\"latitude\": 41.2804595, \"longitude\": 69.2133516}', '2023-02-23 07:33:57', '2023-02-28 18:08:55', NULL, 100, 100, 100, 100),
(26, 442, 'benzine', 'gentra', 'ravon', '123', 'white', 0, '{\"latitude\": 41.36224545474339, \"longitude\": 69.30207252632752}', '2023-02-23 12:33:52', '2023-02-23 12:33:52', NULL, 100, 100, 100, 100),
(27, 444, 'electric', 'Tesla', 'Tesla', '013250', 'red', 0, '{\"latitude\": 41.36224545474339, \"longitude\": 69.30207252632752}', '2023-02-23 14:58:15', '2023-02-23 14:58:15', NULL, 100, 100, 100, 100),
(28, 446, 'benzine', 'Tesla', 'Y5', '013250', 'red', 0, '{\"latitude\": 41.36224545474339, \"longitude\": 69.30207252632752}', '2023-02-23 15:10:02', '2023-02-23 15:10:02', NULL, 100, 100, 100, 100),
(29, 447, 'benzine', 'Tesla', 'Y5', '013250', 'red', 0, '{\"latitude\": 41.36224545474339, \"longitude\": 69.30207252632752}', '2023-02-23 15:11:01', '2023-02-23 15:11:01', NULL, 100, 100, 100, 100),
(30, 448, 'benzine', 'Tesla', 'Y5', '013250', 'red', 0, '{\"latitude\": 41.36224545474339, \"longitude\": 69.30207252632752}', '2023-02-23 15:14:25', '2023-02-23 15:14:25', NULL, 100, 100, 100, 100),
(31, 449, 'benzine', 'Tesla', 'Y5', '013250', 'red', 0, '{\"latitude\": 41.36224545474339, \"longitude\": 69.30207252632752}', '2023-02-23 15:17:09', '2023-02-23 15:17:09', NULL, 100, 100, 100, 100),
(32, 450, 'benzine', 'Tesla', 'Y5', '013250', 'red', 0, '{\"latitude\": 41.36224545474339, \"longitude\": 69.30207252632752}', '2023-02-23 15:19:00', '2023-02-23 15:19:00', NULL, 100, 100, 100, 100),
(33, 462, 'benzine', 'gentra', 'ravon', '1233', 'white', 0, '{\"latitude\": 41.33151349328251, \"longitude\": 69.29734224118218}', '2023-02-24 09:08:14', '2023-02-24 09:08:14', NULL, 100, 100, 100, 100),
(34, 703, 'motorbike', 'GJVJHVJHVJ', '1', '123456', 'BRANCO', 0, '{\"latitude\": 33.681624, \"longitude\": -7.3915865}', '2023-03-19 06:52:11', '2023-05-03 19:47:37', NULL, 100, 100, 100, 100),
(35, 719, 'motorbike', 'dfdsfdsfds', 'honda CG', '5161651', 'branco', 0, '{\"latitude\": 33.6815925, \"longitude\": -7.3916152}', '2023-03-20 19:32:02', '2023-05-03 19:47:01', NULL, 100, 100, 100, 100),
(36, 754, 'motorbike', 'Honda', '2016', '226', 'White', 1, '{\"latitude\": -7.159877057343325, \"longitude\": -34.87097473619444}', '2023-03-24 18:35:44', '2023-03-24 18:36:27', NULL, 100, 100, 100, 100),
(37, 799, 'benzine', 'Nexia', '2', '+994 (55) 345 67 00', 'white', 0, '{\"latitude\": 41.311903751218864, \"longitude\": 69.2664813086504}', '2023-03-27 09:35:37', '2023-04-02 11:55:18', NULL, 100, 100, 100, 100),
(38, 1095, 'diesel', 'car', 'yarys', 'HH87YHI', 'WHITE', 0, '{\"latitude\": -18.4623477325442, \"longitude\": -50.446469015400424}', '2023-05-08 17:41:26', '2023-05-08 17:41:26', NULL, 100, 100, 100, 100),
(39, 1096, 'gas', 'Motocicleta', 'Dinamo', '040400', 'White', 1, '{\"latitude\": 19.192092387108055, \"longitude\": -99.5979168974424}', '2023-05-08 17:45:36', '2023-05-08 17:49:38', NULL, 100, 100, 100, 100),
(40, 1354, 'diesel', 'Ghh', 'Jkj', 'Hjhh', 'Bhvhhh', 0, '{\"latitude\": -18.4623477325442, \"longitude\": -50.446469015400424}', '2023-06-09 05:00:10', '2023-06-09 05:00:10', NULL, 100, 100, 100, 100),
(41, 1363, 'electric', 'Zappeco', 'INC', 'EE309FF', 'Yalow', 0, '{\"latitude\": 41.71272601467217, \"longitude\": 12.57726872172721}', '2023-06-09 13:49:00', '2023-06-09 13:49:00', NULL, 100, 100, 100, 100),
(42, 1385, 'gas', 'BBB', 'BBB', '4141', 'READ', 0, '{\"latitude\": -18.4623477325442, \"longitude\": -50.446469015400424}', '2023-06-11 11:22:16', '2023-06-11 11:22:16', NULL, 100, 100, 100, 100),
(43, 1434, 'diesel', '1123123', '12123', '123', '123', 1, '{\"latitude\": -18.462999036523872, \"longitude\": -50.449215597431674}', '2023-07-18 13:26:11', '2023-07-18 13:26:11', NULL, 100, 100, 100, 100),
(44, 1432, 'benzine', 'asd', 'as', 'asd123csa', '123asd', 1, '{\"latitude\": -18.472117032656175, \"longitude\": -50.435482687275424}', '2023-07-18 13:34:49', '2023-07-18 13:34:49', NULL, 100, 100, 100, 100),
(45, 1441, 'bike', '123123', '1123', 'sdfsdf', '123123', 1, '{\"latitude\": -18.440266081928524, \"longitude\": -50.454478899473095}', '2023-07-20 12:29:29', '2023-07-20 12:29:29', NULL, 100, 100, 100, 100),
(46, 1442, 'benzine', 'gm', 'nexia', '236236', 'red', 1, '{\"latitude\": -18.46241187920844, \"longitude\": -50.446239153379345}', '2023-07-25 12:04:18', '2023-07-25 12:04:18', NULL, 100, 100, 100, 100),
(47, 1443, 'benzine', 'gm', 'nexia', '236236', 'red', 1, '{\"latitude\": 40.790198396558914, \"longitude\": 72.35627263134717}', '2023-07-25 12:07:46', '2023-07-25 12:07:46', NULL, 100, 100, 100, 100),
(48, 1439, 'benzine', 'Kia', 'Kia 8', 'A 300 AA', 'Black', 0, '{\"latitude\": 32.662654, \"longitude\": -96.814478}', '2023-07-26 13:07:47', '2023-08-01 06:26:08', NULL, 100, 100, 100, 100),
(49, 1449, 'benzine', 'Tesla', 'Tesla', '12', 'red', 1, '{\"latitude\": -18.46241187920844, \"longitude\": -50.446239153379345}', '2023-07-29 12:37:32', '2023-07-29 12:37:32', NULL, 100, 100, 100, 100),
(50, 1456, 'benzine', 'Chevrolet', 'Monza', 'A222AA', 'black', 1, '{\"latitude\": 41.28927461798941, \"longitude\": 69.75506590566407}', '2023-07-31 08:32:20', '2023-07-31 08:32:20', NULL, 100, 100, 100, 100),
(51, 106, 'benzine', 'BMW', 'M5 F90 competition', 'M111MM', '#000', 1, '{\"latitude\": 36.966428, \"longitude\": -95.844032}', '2023-08-16 11:46:09', '2023-08-16 11:46:09', NULL, 100, 100, 100, 100),
(52, 1536, 'electric', 'Education', 'RMX3507', 'BA 6589', 'Red', 1, '{\"latitude\": 29.283959057210055, \"longitude\": 81.24995714576495}', '2023-08-30 04:51:03', '2023-08-30 04:51:03', NULL, 25000, 5, 1500, 550),
(53, 1576, 'gas', 'Chevrolet', 'Gentra', '+994 (54)', 'black', 1, '{\"latitude\": 41.3732855300466, \"longitude\": 70.14356356949128}', '2023-09-02 10:39:36', '2023-09-03 08:23:23', NULL, 58, 23, 33, 85),
(54, 1587, 'benzine', 'dfsg', 'dasdas', 'fsdgsg', 'dfhgdf', 1, '{\"latitude\": 41.16198179361827, \"longitude\": 69.76023297345714}', '2023-09-03 08:14:52', '2023-09-03 08:14:52', NULL, 324, 34, 423, 23);

-- --------------------------------------------------------

--
-- Структура таблицы `delivery_man_delivery_zones`
--

